{"id":4789,"date":"2024-05-22T09:34:23","date_gmt":"2024-05-22T02:34:23","guid":{"rendered":"https:\/\/biosciences.vn\/?post_type=product&#038;p=4789"},"modified":"2025-08-28T14:55:09","modified_gmt":"2025-08-28T07:55:09","slug":"bo-xet-nghiem-lactoperoxidase-trong-sua","status":"publish","type":"product","link":"https:\/\/biosciences.vn\/index.php\/product\/bo-xet-nghiem-lactoperoxidase-trong-sua\/","title":{"rendered":"B\u1ed9 x\u00e9t nghi\u1ec7m Lactoperoxidase trong s\u1eefa (EC0189)"},"content":{"rendered":"<p><span style=\"vertical-align: inherit;\">Lactoperoxidase (LPO) l\u00e0 m\u1ed9t peroxidase t\u1ed3n t\u1ea1i t\u1ef1 nhi\u00ean trong s\u1eefa. V\u1edbi s\u1ef1 c\u00f3 m\u1eb7t c\u1ee7a hydrogen peroxide, n\u00f3 c\u00f3 kh\u1ea3 n\u0103ng oxy h\u00f3a c\u00e1c ion thiocyanate \u0111\u1ec3 t\u1ea1o ra c\u00e1c s\u1ea3n ph\u1ea9m c\u00f3 ho\u1ea1t t\u00ednh kh\u00e1ng khu\u1ea9n r\u1ed9ng. Lactoperoxidase c\u00f3 vai tr\u00f2 quan tr\u1ecdng trong h\u1ec7 th\u1ed1ng mi\u1ec5n d\u1ecbch c\u1ee7a b\u00f2 s\u1eefa. Lactoperoxidase l\u00e0 m\u1ed9t trong nh\u1eefng enzyme \u1ed5n \u0111\u1ecbnh nhi\u1ec7t nh\u1ea5t \u0111\u01b0\u1ee3c t\u00ecm th\u1ea5y trong s\u1eefa. Thanh tr\u00f9ng kh\u00f4ng th\u1ec3 v\u00f4 hi\u1ec7u h\u00f3a n\u00f3 ho\u00e0n to\u00e0n. X\u1eed l\u00fd \u1edf nhi\u1ec7t \u0111\u1ed9 c\u1ef1c cao s\u1ebd v\u00f4 hi\u1ec7u h\u00f3a n\u00f3 ho\u00e0n to\u00e0n. Do \u0111\u00f3, LPO l\u00e0 ch\u1ec9 s\u1ed1 n\u1ed9i b\u1ed9 \u0111\u1ec3 theo d\u00f5i v\u00e0 \u0111\u00e1nh gi\u00e1 c\u01b0\u1eddng \u0111\u1ed9 qu\u00e1 tr\u00ecnh nhi\u1ec7t, ki\u1ec3m tra m\u1ee9c \u0111\u1ed9 ho\u1ea1t \u0111\u1ed9ng c\u1ee7a LPO \u0111\u00e3 \u0111\u01b0\u1ee3c s\u1eed d\u1ee5ng r\u1ed9ng r\u00e3i trong ng\u00e0nh s\u1ea3n xu\u1ea5t s\u1eefa.<\/span><\/p>\n<p><span style=\"vertical-align: inherit;\">Trong qu\u00e1 tr\u00ecnh x\u1eed l\u00fd nhi\u1ec7t ch\u1ebf bi\u1ebfn s\u1eefa, c\u01b0\u1eddng \u0111\u1ed9 nhi\u1ec7t c\u00f3 li\u00ean quan \u0111\u1ebfn gi\u00e1 tr\u1ecb dinh d\u01b0\u1ee1ng c\u1ee7a s\u1eefa. B\u1eb1ng c\u00e1ch ki\u1ec3m tra ho\u1ea1t t\u00ednh LPO trong s\u1eefa, gi\u00e1 tr\u1ecb dinh d\u01b0\u1ee1ng trong m\u1eabu c\u00f3 th\u1ec3 \u0111\u01b0\u1ee3c x\u00e1c \u0111\u1ecbnh. LPO kh\u1ed1i l\u01b0\u1ee3ng l\u1edbn cho th\u1ea5y s\u1eefa gi\u1eef \u0111\u01b0\u1ee3c h\u1ea7u h\u1ebft c\u00e1c ch\u1ea5t dinh d\u01b0\u1ee1ng.<\/span><\/p>\n<p><span style=\"vertical-align: inherit;\">B\u1ed9 ki\u1ec3m tra Lactoperoxidase s\u1eed d\u1ee5ng ph\u01b0\u01a1ng ph\u00e1p so m\u00e0u, c\u00f3 th\u1ec3 nhanh ch\u00f3ng \u0111\u1ecbnh l\u01b0\u1ee3ng m\u1ee9c \u0111\u1ed9 ho\u1ea1t \u0111\u1ed9ng LPO m\u1ed9t c\u00e1ch hi\u1ec7u qu\u1ea3.<\/span><\/p>\n","protected":false},"excerpt":{"rendered":"<p>Lactoperoxidase (LPO) l\u00e0 m\u1ed9t peroxidase t\u1ed3n t\u1ea1i t\u1ef1 nhi\u00ean trong s\u1eefa. V\u1edbi s\u1ef1 c\u00f3 m\u1eb7t c\u1ee7a hydrogen peroxide, n\u00f3 c\u00f3 kh\u1ea3 n\u0103ng oxy h\u00f3a c\u00e1c ion thiocyanate \u0111\u1ec3 t\u1ea1o ra c\u00e1c s\u1ea3n ph\u1ea9m c\u00f3 ho\u1ea1t t\u00ednh kh\u00e1ng khu\u1ea9n r\u1ed9ng. Lactoperoxidase c\u00f3 vai tr\u00f2 quan tr\u1ecdng trong h\u1ec7 th\u1ed1ng mi\u1ec5n d\u1ecbch c\u1ee7a b\u00f2 s\u1eefa. Lactoperoxidase l\u00e0 [&hellip;]<\/p>\n","protected":false},"featured_media":4014,"comment_status":"open","ping_status":"closed","template":"","meta":[],"pwb-brand":[606],"product_cat":[568,590,576,540,537],"product_tag":[],"class_list":{"0":"post-4789","1":"product","2":"type-product","3":"status-publish","4":"has-post-thumbnail","6":"pwb-brand-meizheng-bio-tech-vi","7":"product_cat-an-toan-thuc-pham","8":"product_cat-kiem-tra-sua-vi","9":"product_cat-san-pham-tu-sua-vi","10":"product_cat-rapid-test-strips","11":"product_cat-kit-phat-hien","13":"first","14":"instock","15":"shipping-taxable","16":"purchasable","17":"product-type-simple"},"yoast_head":"<!-- This site is optimized with the Yoast SEO plugin v23.6 - https:\/\/yoast.com\/wordpress\/plugins\/seo\/ -->\n<title>B\u1ed9 x\u00e9t nghi\u1ec7m Lactoperoxidase trong s\u1eefa (EC0189) - Biosciences<\/title>\n<meta name=\"robots\" content=\"index, follow, max-snippet:-1, max-image-preview:large, max-video-preview:-1\" \/>\n<link rel=\"canonical\" href=\"https:\/\/biosciences.vn\/index.php\/product\/bo-xet-nghiem-lactoperoxidase-trong-sua\/\" \/>\n<meta property=\"og:locale\" content=\"en_US\" \/>\n<meta property=\"og:type\" content=\"article\" \/>\n<meta property=\"og:title\" content=\"B\u1ed9 x\u00e9t nghi\u1ec7m Lactoperoxidase trong s\u1eefa (EC0189) - Biosciences\" \/>\n<meta property=\"og:description\" content=\"Lactoperoxidase (LPO) l\u00e0 m\u1ed9t peroxidase t\u1ed3n t\u1ea1i t\u1ef1 nhi\u00ean trong s\u1eefa. V\u1edbi s\u1ef1 c\u00f3 m\u1eb7t c\u1ee7a hydrogen peroxide, n\u00f3 c\u00f3 kh\u1ea3 n\u0103ng oxy h\u00f3a c\u00e1c ion thiocyanate \u0111\u1ec3 t\u1ea1o ra c\u00e1c s\u1ea3n ph\u1ea9m c\u00f3 ho\u1ea1t t\u00ednh kh\u00e1ng khu\u1ea9n r\u1ed9ng. Lactoperoxidase c\u00f3 vai tr\u00f2 quan tr\u1ecdng trong h\u1ec7 th\u1ed1ng mi\u1ec5n d\u1ecbch c\u1ee7a b\u00f2 s\u1eefa. Lactoperoxidase l\u00e0 [&hellip;]\" \/>\n<meta property=\"og:url\" content=\"https:\/\/biosciences.vn\/index.php\/product\/bo-xet-nghiem-lactoperoxidase-trong-sua\/\" \/>\n<meta property=\"og:site_name\" content=\"Biosciences\" \/>\n<meta property=\"article:modified_time\" content=\"2025-08-28T07:55:09+00:00\" \/>\n<meta property=\"og:image\" content=\"https:\/\/biosciences.vn\/wp-content\/uploads\/2024\/05\/Doxycycline-ELISA-Test-Kit-2.png\" \/>\n\t<meta property=\"og:image:width\" content=\"1200\" \/>\n\t<meta property=\"og:image:height\" content=\"1200\" \/>\n\t<meta property=\"og:image:type\" content=\"image\/png\" \/>\n<meta name=\"twitter:card\" content=\"summary_large_image\" \/>\n<meta name=\"twitter:label1\" content=\"Est. reading time\" \/>\n\t<meta name=\"twitter:data1\" content=\"2 minutes\" \/>\n<script type=\"application\/ld+json\" class=\"yoast-schema-graph\">{\"@context\":\"https:\/\/schema.org\",\"@graph\":[{\"@type\":\"WebPage\",\"@id\":\"https:\/\/biosciences.vn\/index.php\/product\/bo-xet-nghiem-lactoperoxidase-trong-sua\/\",\"url\":\"https:\/\/biosciences.vn\/index.php\/product\/bo-xet-nghiem-lactoperoxidase-trong-sua\/\",\"name\":\"B\u1ed9 x\u00e9t nghi\u1ec7m Lactoperoxidase trong s\u1eefa (EC0189) - Biosciences\",\"isPartOf\":{\"@id\":\"https:\/\/biosciences.vn\/#website\"},\"primaryImageOfPage\":{\"@id\":\"https:\/\/biosciences.vn\/index.php\/product\/bo-xet-nghiem-lactoperoxidase-trong-sua\/#primaryimage\"},\"image\":{\"@id\":\"https:\/\/biosciences.vn\/index.php\/product\/bo-xet-nghiem-lactoperoxidase-trong-sua\/#primaryimage\"},\"thumbnailUrl\":\"https:\/\/biosciences.vn\/wp-content\/uploads\/2024\/05\/Doxycycline-ELISA-Test-Kit-2.png\",\"datePublished\":\"2024-05-22T02:34:23+00:00\",\"dateModified\":\"2025-08-28T07:55:09+00:00\",\"breadcrumb\":{\"@id\":\"https:\/\/biosciences.vn\/index.php\/product\/bo-xet-nghiem-lactoperoxidase-trong-sua\/#breadcrumb\"},\"inLanguage\":\"en-US\",\"potentialAction\":[{\"@type\":\"ReadAction\",\"target\":[\"https:\/\/biosciences.vn\/index.php\/product\/bo-xet-nghiem-lactoperoxidase-trong-sua\/\"]}]},{\"@type\":\"ImageObject\",\"inLanguage\":\"en-US\",\"@id\":\"https:\/\/biosciences.vn\/index.php\/product\/bo-xet-nghiem-lactoperoxidase-trong-sua\/#primaryimage\",\"url\":\"https:\/\/biosciences.vn\/wp-content\/uploads\/2024\/05\/Doxycycline-ELISA-Test-Kit-2.png\",\"contentUrl\":\"https:\/\/biosciences.vn\/wp-content\/uploads\/2024\/05\/Doxycycline-ELISA-Test-Kit-2.png\",\"width\":1200,\"height\":1200},{\"@type\":\"BreadcrumbList\",\"@id\":\"https:\/\/biosciences.vn\/index.php\/product\/bo-xet-nghiem-lactoperoxidase-trong-sua\/#breadcrumb\",\"itemListElement\":[{\"@type\":\"ListItem\",\"position\":1,\"name\":\"Trang ch\u1ee7\",\"item\":\"https:\/\/biosciences.vn\/index.php\/en\/home\/\"},{\"@type\":\"ListItem\",\"position\":2,\"name\":\"Shop\",\"item\":\"https:\/\/biosciences.vn\/index.php\/shop\/\"},{\"@type\":\"ListItem\",\"position\":3,\"name\":\"B\u1ed9 x\u00e9t nghi\u1ec7m Lactoperoxidase trong s\u1eefa (EC0189)\"}]},{\"@type\":\"WebSite\",\"@id\":\"https:\/\/biosciences.vn\/#website\",\"url\":\"https:\/\/biosciences.vn\/\",\"name\":\"Biosciences\",\"description\":\"\",\"publisher\":{\"@id\":\"https:\/\/biosciences.vn\/#organization\"},\"potentialAction\":[{\"@type\":\"SearchAction\",\"target\":{\"@type\":\"EntryPoint\",\"urlTemplate\":\"https:\/\/biosciences.vn\/?s={search_term_string}\"},\"query-input\":{\"@type\":\"PropertyValueSpecification\",\"valueRequired\":true,\"valueName\":\"search_term_string\"}}],\"inLanguage\":\"en-US\"},{\"@type\":\"Organization\",\"@id\":\"https:\/\/biosciences.vn\/#organization\",\"name\":\"Biosciences\",\"url\":\"https:\/\/biosciences.vn\/\",\"logo\":{\"@type\":\"ImageObject\",\"inLanguage\":\"en-US\",\"@id\":\"https:\/\/biosciences.vn\/#\/schema\/logo\/image\/\",\"url\":\"https:\/\/biosciences.vn\/wp-content\/uploads\/2024\/04\/LOGO-BIOSCIENCES-PNG.png\",\"contentUrl\":\"https:\/\/biosciences.vn\/wp-content\/uploads\/2024\/04\/LOGO-BIOSCIENCES-PNG.png\",\"width\":2536,\"height\":638,\"caption\":\"Biosciences\"},\"image\":{\"@id\":\"https:\/\/biosciences.vn\/#\/schema\/logo\/image\/\"}}]}<\/script>\n<!-- \/ Yoast SEO plugin. -->","yoast_head_json":{"title":"B\u1ed9 x\u00e9t nghi\u1ec7m Lactoperoxidase trong s\u1eefa (EC0189) - Biosciences","robots":{"index":"index","follow":"follow","max-snippet":"max-snippet:-1","max-image-preview":"max-image-preview:large","max-video-preview":"max-video-preview:-1"},"canonical":"https:\/\/biosciences.vn\/index.php\/product\/bo-xet-nghiem-lactoperoxidase-trong-sua\/","og_locale":"en_US","og_type":"article","og_title":"B\u1ed9 x\u00e9t nghi\u1ec7m Lactoperoxidase trong s\u1eefa (EC0189) - Biosciences","og_description":"Lactoperoxidase (LPO) l\u00e0 m\u1ed9t peroxidase t\u1ed3n t\u1ea1i t\u1ef1 nhi\u00ean trong s\u1eefa. V\u1edbi s\u1ef1 c\u00f3 m\u1eb7t c\u1ee7a hydrogen peroxide, n\u00f3 c\u00f3 kh\u1ea3 n\u0103ng oxy h\u00f3a c\u00e1c ion thiocyanate \u0111\u1ec3 t\u1ea1o ra c\u00e1c s\u1ea3n ph\u1ea9m c\u00f3 ho\u1ea1t t\u00ednh kh\u00e1ng khu\u1ea9n r\u1ed9ng. Lactoperoxidase c\u00f3 vai tr\u00f2 quan tr\u1ecdng trong h\u1ec7 th\u1ed1ng mi\u1ec5n d\u1ecbch c\u1ee7a b\u00f2 s\u1eefa. Lactoperoxidase l\u00e0 [&hellip;]","og_url":"https:\/\/biosciences.vn\/index.php\/product\/bo-xet-nghiem-lactoperoxidase-trong-sua\/","og_site_name":"Biosciences","article_modified_time":"2025-08-28T07:55:09+00:00","og_image":[{"width":1200,"height":1200,"url":"https:\/\/biosciences.vn\/wp-content\/uploads\/2024\/05\/Doxycycline-ELISA-Test-Kit-2.png","type":"image\/png"}],"twitter_card":"summary_large_image","twitter_misc":{"Est. reading time":"2 minutes"},"schema":{"@context":"https:\/\/schema.org","@graph":[{"@type":"WebPage","@id":"https:\/\/biosciences.vn\/index.php\/product\/bo-xet-nghiem-lactoperoxidase-trong-sua\/","url":"https:\/\/biosciences.vn\/index.php\/product\/bo-xet-nghiem-lactoperoxidase-trong-sua\/","name":"B\u1ed9 x\u00e9t nghi\u1ec7m Lactoperoxidase trong s\u1eefa (EC0189) - Biosciences","isPartOf":{"@id":"https:\/\/biosciences.vn\/#website"},"primaryImageOfPage":{"@id":"https:\/\/biosciences.vn\/index.php\/product\/bo-xet-nghiem-lactoperoxidase-trong-sua\/#primaryimage"},"image":{"@id":"https:\/\/biosciences.vn\/index.php\/product\/bo-xet-nghiem-lactoperoxidase-trong-sua\/#primaryimage"},"thumbnailUrl":"https:\/\/biosciences.vn\/wp-content\/uploads\/2024\/05\/Doxycycline-ELISA-Test-Kit-2.png","datePublished":"2024-05-22T02:34:23+00:00","dateModified":"2025-08-28T07:55:09+00:00","breadcrumb":{"@id":"https:\/\/biosciences.vn\/index.php\/product\/bo-xet-nghiem-lactoperoxidase-trong-sua\/#breadcrumb"},"inLanguage":"en-US","potentialAction":[{"@type":"ReadAction","target":["https:\/\/biosciences.vn\/index.php\/product\/bo-xet-nghiem-lactoperoxidase-trong-sua\/"]}]},{"@type":"ImageObject","inLanguage":"en-US","@id":"https:\/\/biosciences.vn\/index.php\/product\/bo-xet-nghiem-lactoperoxidase-trong-sua\/#primaryimage","url":"https:\/\/biosciences.vn\/wp-content\/uploads\/2024\/05\/Doxycycline-ELISA-Test-Kit-2.png","contentUrl":"https:\/\/biosciences.vn\/wp-content\/uploads\/2024\/05\/Doxycycline-ELISA-Test-Kit-2.png","width":1200,"height":1200},{"@type":"BreadcrumbList","@id":"https:\/\/biosciences.vn\/index.php\/product\/bo-xet-nghiem-lactoperoxidase-trong-sua\/#breadcrumb","itemListElement":[{"@type":"ListItem","position":1,"name":"Trang ch\u1ee7","item":"https:\/\/biosciences.vn\/index.php\/en\/home\/"},{"@type":"ListItem","position":2,"name":"Shop","item":"https:\/\/biosciences.vn\/index.php\/shop\/"},{"@type":"ListItem","position":3,"name":"B\u1ed9 x\u00e9t nghi\u1ec7m Lactoperoxidase trong s\u1eefa (EC0189)"}]},{"@type":"WebSite","@id":"https:\/\/biosciences.vn\/#website","url":"https:\/\/biosciences.vn\/","name":"Biosciences","description":"","publisher":{"@id":"https:\/\/biosciences.vn\/#organization"},"potentialAction":[{"@type":"SearchAction","target":{"@type":"EntryPoint","urlTemplate":"https:\/\/biosciences.vn\/?s={search_term_string}"},"query-input":{"@type":"PropertyValueSpecification","valueRequired":true,"valueName":"search_term_string"}}],"inLanguage":"en-US"},{"@type":"Organization","@id":"https:\/\/biosciences.vn\/#organization","name":"Biosciences","url":"https:\/\/biosciences.vn\/","logo":{"@type":"ImageObject","inLanguage":"en-US","@id":"https:\/\/biosciences.vn\/#\/schema\/logo\/image\/","url":"https:\/\/biosciences.vn\/wp-content\/uploads\/2024\/04\/LOGO-BIOSCIENCES-PNG.png","contentUrl":"https:\/\/biosciences.vn\/wp-content\/uploads\/2024\/04\/LOGO-BIOSCIENCES-PNG.png","width":2536,"height":638,"caption":"Biosciences"},"image":{"@id":"https:\/\/biosciences.vn\/#\/schema\/logo\/image\/"}}]}},"brands":[{"id":606,"name":"Meizheng Bio-Tech","slug":"meizheng-bio-tech-vi"}],"_links":{"self":[{"href":"https:\/\/biosciences.vn\/index.php\/wp-json\/wp\/v2\/product\/4789"}],"collection":[{"href":"https:\/\/biosciences.vn\/index.php\/wp-json\/wp\/v2\/product"}],"about":[{"href":"https:\/\/biosciences.vn\/index.php\/wp-json\/wp\/v2\/types\/product"}],"replies":[{"embeddable":true,"href":"https:\/\/biosciences.vn\/index.php\/wp-json\/wp\/v2\/comments?post=4789"}],"wp:featuredmedia":[{"embeddable":true,"href":"https:\/\/biosciences.vn\/index.php\/wp-json\/wp\/v2\/media\/4014"}],"wp:attachment":[{"href":"https:\/\/biosciences.vn\/index.php\/wp-json\/wp\/v2\/media?parent=4789"}],"wp:term":[{"taxonomy":"pwb-brand","embeddable":true,"href":"https:\/\/biosciences.vn\/index.php\/wp-json\/wp\/v2\/pwb-brand?post=4789"},{"taxonomy":"product_cat","embeddable":true,"href":"https:\/\/biosciences.vn\/index.php\/wp-json\/wp\/v2\/product_cat?post=4789"},{"taxonomy":"product_tag","embeddable":true,"href":"https:\/\/biosciences.vn\/index.php\/wp-json\/wp\/v2\/product_tag?post=4789"}],"curies":[{"name":"wp","href":"https:\/\/api.w.org\/{rel}","templated":true}]}}