{"id":5643,"date":"2024-07-07T17:32:33","date_gmt":"2024-07-07T10:32:33","guid":{"rendered":"https:\/\/biosciences.vn\/?post_type=product&#038;p=5643"},"modified":"2025-08-28T14:55:09","modified_gmt":"2025-08-28T07:55:09","slug":"chi-thi-sinh-hoc-ong-bao-tu-hoi-nuoc-true-indicating","status":"publish","type":"product","link":"https:\/\/biosciences.vn\/index.php\/product\/chi-thi-sinh-hoc-ong-bao-tu-hoi-nuoc-true-indicating\/","title":{"rendered":"Ch\u1ec9 Th\u1ecb Sinh H\u1ecdc \u1ed0ng B\u00e0o T\u1eed H\u01a1i N\u01b0\u1edbc &#8211; True Indicating (AT-XXX)"},"content":{"rendered":"<h3>\u1ed0ng B\u00e0o T\u1eed H\u01a1i N\u01b0\u1edbc &#8211; True Indicating<\/h3>\n<p><strong>Gi\u1edbi thi\u1ec7u s\u1ea3n ph\u1ea9m:<\/strong><\/p>\n<p>Ch\u1ec9 Th\u1ecb Sinh H\u1ecdc \u1ed0ng B\u00e0o T\u1eed H\u01a1i N\u01b0\u1edbc c\u1ee7a True Indicating l\u00e0 gi\u1ea3i ph\u00e1p hi\u1ec7u qu\u1ea3 v\u00e0 \u0111\u00e1ng tin c\u1eady cho vi\u1ec7c ki\u1ec3m tra hi\u1ec7u qu\u1ea3 ti\u1ec7t tr\u00f9ng b\u1eb1ng h\u01a1i n\u01b0\u1edbc. \u0110\u01b0\u1ee3c s\u1ea3n xu\u1ea5t tu\u00e2n th\u1ee7 c\u00e1c ti\u00eau chu\u1ea9n qu\u1ed1c t\u1ebf, s\u1ea3n ph\u1ea9m n\u00e0y \u0111\u1ea3m b\u1ea3o ch\u1ea5t l\u01b0\u1ee3ng v\u00e0 \u0111\u1ed9 tin c\u1eady cao trong m\u1ecdi quy tr\u00ecnh ti\u1ec7t tr\u00f9ng.<\/p>\n<p><strong>\u0110\u1eb7c \u0111i\u1ec3m n\u1ed5i b\u1eadt:<\/strong><\/p>\n<ul>\n<li><strong>\u0110\u1ea1t chu\u1ea9n qu\u1ed1c t\u1ebf:<\/strong> Tu\u00e2n th\u1ee7 c\u00e1c ti\u00eau chu\u1ea9n USP, ISO 11138-1 v\u00e0 ISO 11138-3, \u0111\u1ea3m b\u1ea3o \u0111\u1ed9 tin c\u1eady v\u00e0 ch\u1ea5t l\u01b0\u1ee3ng.<\/li>\n<li><strong>K\u00edch th\u01b0\u1edbc \u0111a d\u1ea1ng:<\/strong> C\u00f3 s\u1eb5n hai k\u00edch th\u01b0\u1edbc: 1 mL v\u00e0 0.7 mL (Mini Spore Ampules) \u0111\u1ec3 ph\u00f9 h\u1ee3p v\u1edbi nhu c\u1ea7u s\u1eed d\u1ee5ng kh\u00e1c nhau.<\/li>\n<li><strong>\u0110\u1ed3ng nh\u1ea5t:<\/strong> \u0110\u1ea3m b\u1ea3o s\u1ef1 \u0111\u1ed3ng nh\u1ea5t t\u1eeb \u1ed1ng n\u00e0y sang \u1ed1ng kh\u00e1c v\u1ec1 m\u1eadt \u0111\u1ed9, \u0111\u1ed9 tinh khi\u1ebft v\u00e0 kh\u1ea3 n\u0103ng kh\u00e1ng c\u1ef1.<\/li>\n<li><strong>Th\u1eddi h\u1ea1n s\u1eed d\u1ee5ng l\u00e2u:<\/strong> Th\u1eddi h\u1ea1n s\u1eed d\u1ee5ng l\u00ean \u0111\u1ebfn 24 th\u00e1ng, gi\u00fap ti\u1ebft ki\u1ec7m chi ph\u00ed l\u01b0u tr\u1eef v\u00e0 \u0111\u1ea3m b\u1ea3o lu\u00f4n c\u00f3 s\u1eb5n s\u1ea3n ph\u1ea9m khi c\u1ea7n thi\u1ebft.<\/li>\n<\/ul>\n<p><img decoding=\"async\" data-src=\"https:\/\/static.wixstatic.com\/media\/606cbd_1b203b00cb364c7e9f4d3590b137ca63~mv2.jpg\/v1\/fill\/w_1225,h_853,al_c,q_85,enc_auto\/Steam%20Spore%20Amp-new-1.jpg\" src=\"data:image\/gif;base64,R0lGODlhAQABAAAAACH5BAEKAAEALAAAAAABAAEAAAICTAEAOw==\" class=\"lazyload\" \/><noscript><img decoding=\"async\" src=\"https:\/\/static.wixstatic.com\/media\/606cbd_1b203b00cb364c7e9f4d3590b137ca63~mv2.jpg\/v1\/fill\/w_1225,h_853,al_c,q_85,enc_auto\/Steam%20Spore%20Amp-new-1.jpg\" \/><\/noscript><\/p>\n","protected":false},"excerpt":{"rendered":"<p>\u1ed0ng B\u00e0o T\u1eed H\u01a1i N\u01b0\u1edbc &#8211; True Indicating Gi\u1edbi thi\u1ec7u s\u1ea3n ph\u1ea9m: Ch\u1ec9 Th\u1ecb Sinh H\u1ecdc \u1ed0ng B\u00e0o T\u1eed H\u01a1i N\u01b0\u1edbc c\u1ee7a True Indicating l\u00e0 gi\u1ea3i ph\u00e1p hi\u1ec7u qu\u1ea3 v\u00e0 \u0111\u00e1ng tin c\u1eady cho vi\u1ec7c ki\u1ec3m tra hi\u1ec7u qu\u1ea3 ti\u1ec7t tr\u00f9ng b\u1eb1ng h\u01a1i n\u01b0\u1edbc. \u0110\u01b0\u1ee3c s\u1ea3n xu\u1ea5t tu\u00e2n th\u1ee7 c\u00e1c ti\u00eau chu\u1ea9n qu\u1ed1c t\u1ebf, s\u1ea3n [&hellip;]<\/p>\n","protected":false},"featured_media":5644,"comment_status":"open","ping_status":"closed","template":"","meta":[],"pwb-brand":[648],"product_cat":[491,707,737,741,709,739],"product_tag":[921],"class_list":{"0":"post-5643","1":"product","2":"type-product","3":"status-publish","4":"has-post-thumbnail","6":"pwb-brand-true-indicating-vi","7":"product_cat-kiem-soat-nhiem-khuan","8":"product_cat-cham-soc-suc-khoe","9":"product_cat-cong-nghiep","10":"product_cat-duoc-pham-vi","11":"product_cat-nha-khoa","12":"product_cat-phong-thi-nghiem","13":"product_tag-ong-ampule-chua-bao-tu","15":"first","16":"onbackorder","17":"shipping-taxable","18":"purchasable","19":"product-type-simple"},"yoast_head":"<!-- This site is optimized with the Yoast SEO plugin v23.6 - https:\/\/yoast.com\/wordpress\/plugins\/seo\/ -->\n<title>Ch\u1ec9 Th\u1ecb Sinh H\u1ecdc \u1ed0ng B\u00e0o T\u1eed H\u01a1i N\u01b0\u1edbc - True Indicating (AT-XXX) - Biosciences<\/title>\n<meta name=\"robots\" content=\"index, follow, max-snippet:-1, max-image-preview:large, max-video-preview:-1\" \/>\n<link rel=\"canonical\" href=\"https:\/\/biosciences.vn\/index.php\/product\/chi-thi-sinh-hoc-ong-bao-tu-hoi-nuoc-true-indicating\/\" \/>\n<meta property=\"og:locale\" content=\"en_US\" \/>\n<meta property=\"og:type\" content=\"article\" \/>\n<meta property=\"og:title\" content=\"Ch\u1ec9 Th\u1ecb Sinh H\u1ecdc \u1ed0ng B\u00e0o T\u1eed H\u01a1i N\u01b0\u1edbc - True Indicating (AT-XXX) - Biosciences\" \/>\n<meta property=\"og:description\" content=\"\u1ed0ng B\u00e0o T\u1eed H\u01a1i N\u01b0\u1edbc &#8211; True Indicating Gi\u1edbi thi\u1ec7u s\u1ea3n ph\u1ea9m: Ch\u1ec9 Th\u1ecb Sinh H\u1ecdc \u1ed0ng B\u00e0o T\u1eed H\u01a1i N\u01b0\u1edbc c\u1ee7a True Indicating l\u00e0 gi\u1ea3i ph\u00e1p hi\u1ec7u qu\u1ea3 v\u00e0 \u0111\u00e1ng tin c\u1eady cho vi\u1ec7c ki\u1ec3m tra hi\u1ec7u qu\u1ea3 ti\u1ec7t tr\u00f9ng b\u1eb1ng h\u01a1i n\u01b0\u1edbc. \u0110\u01b0\u1ee3c s\u1ea3n xu\u1ea5t tu\u00e2n th\u1ee7 c\u00e1c ti\u00eau chu\u1ea9n qu\u1ed1c t\u1ebf, s\u1ea3n [&hellip;]\" \/>\n<meta property=\"og:url\" content=\"https:\/\/biosciences.vn\/index.php\/product\/chi-thi-sinh-hoc-ong-bao-tu-hoi-nuoc-true-indicating\/\" \/>\n<meta property=\"og:site_name\" content=\"Biosciences\" \/>\n<meta property=\"article:modified_time\" content=\"2025-08-28T07:55:09+00:00\" \/>\n<meta property=\"og:image\" content=\"https:\/\/biosciences.vn\/wp-content\/uploads\/2024\/07\/Spore.png\" \/>\n\t<meta property=\"og:image:width\" content=\"575\" \/>\n\t<meta property=\"og:image:height\" content=\"575\" \/>\n\t<meta property=\"og:image:type\" content=\"image\/png\" \/>\n<meta name=\"twitter:card\" content=\"summary_large_image\" \/>\n<meta name=\"twitter:label1\" content=\"Est. reading time\" \/>\n\t<meta name=\"twitter:data1\" content=\"2 minutes\" \/>\n<script type=\"application\/ld+json\" class=\"yoast-schema-graph\">{\"@context\":\"https:\/\/schema.org\",\"@graph\":[{\"@type\":\"WebPage\",\"@id\":\"https:\/\/biosciences.vn\/index.php\/product\/chi-thi-sinh-hoc-ong-bao-tu-hoi-nuoc-true-indicating\/\",\"url\":\"https:\/\/biosciences.vn\/index.php\/product\/chi-thi-sinh-hoc-ong-bao-tu-hoi-nuoc-true-indicating\/\",\"name\":\"Ch\u1ec9 Th\u1ecb Sinh H\u1ecdc \u1ed0ng B\u00e0o T\u1eed H\u01a1i N\u01b0\u1edbc - True Indicating (AT-XXX) - Biosciences\",\"isPartOf\":{\"@id\":\"https:\/\/biosciences.vn\/#website\"},\"primaryImageOfPage\":{\"@id\":\"https:\/\/biosciences.vn\/index.php\/product\/chi-thi-sinh-hoc-ong-bao-tu-hoi-nuoc-true-indicating\/#primaryimage\"},\"image\":{\"@id\":\"https:\/\/biosciences.vn\/index.php\/product\/chi-thi-sinh-hoc-ong-bao-tu-hoi-nuoc-true-indicating\/#primaryimage\"},\"thumbnailUrl\":\"https:\/\/biosciences.vn\/wp-content\/uploads\/2024\/07\/Spore.png\",\"datePublished\":\"2024-07-07T10:32:33+00:00\",\"dateModified\":\"2025-08-28T07:55:09+00:00\",\"breadcrumb\":{\"@id\":\"https:\/\/biosciences.vn\/index.php\/product\/chi-thi-sinh-hoc-ong-bao-tu-hoi-nuoc-true-indicating\/#breadcrumb\"},\"inLanguage\":\"en-US\",\"potentialAction\":[{\"@type\":\"ReadAction\",\"target\":[\"https:\/\/biosciences.vn\/index.php\/product\/chi-thi-sinh-hoc-ong-bao-tu-hoi-nuoc-true-indicating\/\"]}]},{\"@type\":\"ImageObject\",\"inLanguage\":\"en-US\",\"@id\":\"https:\/\/biosciences.vn\/index.php\/product\/chi-thi-sinh-hoc-ong-bao-tu-hoi-nuoc-true-indicating\/#primaryimage\",\"url\":\"https:\/\/biosciences.vn\/wp-content\/uploads\/2024\/07\/Spore.png\",\"contentUrl\":\"https:\/\/biosciences.vn\/wp-content\/uploads\/2024\/07\/Spore.png\",\"width\":575,\"height\":575},{\"@type\":\"BreadcrumbList\",\"@id\":\"https:\/\/biosciences.vn\/index.php\/product\/chi-thi-sinh-hoc-ong-bao-tu-hoi-nuoc-true-indicating\/#breadcrumb\",\"itemListElement\":[{\"@type\":\"ListItem\",\"position\":1,\"name\":\"Trang ch\u1ee7\",\"item\":\"https:\/\/biosciences.vn\/index.php\/en\/home\/\"},{\"@type\":\"ListItem\",\"position\":2,\"name\":\"Shop\",\"item\":\"https:\/\/biosciences.vn\/index.php\/shop\/\"},{\"@type\":\"ListItem\",\"position\":3,\"name\":\"Ch\u1ec9 Th\u1ecb Sinh H\u1ecdc \u1ed0ng B\u00e0o T\u1eed H\u01a1i N\u01b0\u1edbc &#8211; True Indicating (AT-XXX)\"}]},{\"@type\":\"WebSite\",\"@id\":\"https:\/\/biosciences.vn\/#website\",\"url\":\"https:\/\/biosciences.vn\/\",\"name\":\"Biosciences\",\"description\":\"\",\"publisher\":{\"@id\":\"https:\/\/biosciences.vn\/#organization\"},\"potentialAction\":[{\"@type\":\"SearchAction\",\"target\":{\"@type\":\"EntryPoint\",\"urlTemplate\":\"https:\/\/biosciences.vn\/?s={search_term_string}\"},\"query-input\":{\"@type\":\"PropertyValueSpecification\",\"valueRequired\":true,\"valueName\":\"search_term_string\"}}],\"inLanguage\":\"en-US\"},{\"@type\":\"Organization\",\"@id\":\"https:\/\/biosciences.vn\/#organization\",\"name\":\"Biosciences\",\"url\":\"https:\/\/biosciences.vn\/\",\"logo\":{\"@type\":\"ImageObject\",\"inLanguage\":\"en-US\",\"@id\":\"https:\/\/biosciences.vn\/#\/schema\/logo\/image\/\",\"url\":\"https:\/\/biosciences.vn\/wp-content\/uploads\/2024\/04\/LOGO-BIOSCIENCES-PNG.png\",\"contentUrl\":\"https:\/\/biosciences.vn\/wp-content\/uploads\/2024\/04\/LOGO-BIOSCIENCES-PNG.png\",\"width\":2536,\"height\":638,\"caption\":\"Biosciences\"},\"image\":{\"@id\":\"https:\/\/biosciences.vn\/#\/schema\/logo\/image\/\"}}]}<\/script>\n<!-- \/ Yoast SEO plugin. -->","yoast_head_json":{"title":"Ch\u1ec9 Th\u1ecb Sinh H\u1ecdc \u1ed0ng B\u00e0o T\u1eed H\u01a1i N\u01b0\u1edbc - True Indicating (AT-XXX) - Biosciences","robots":{"index":"index","follow":"follow","max-snippet":"max-snippet:-1","max-image-preview":"max-image-preview:large","max-video-preview":"max-video-preview:-1"},"canonical":"https:\/\/biosciences.vn\/index.php\/product\/chi-thi-sinh-hoc-ong-bao-tu-hoi-nuoc-true-indicating\/","og_locale":"en_US","og_type":"article","og_title":"Ch\u1ec9 Th\u1ecb Sinh H\u1ecdc \u1ed0ng B\u00e0o T\u1eed H\u01a1i N\u01b0\u1edbc - True Indicating (AT-XXX) - Biosciences","og_description":"\u1ed0ng B\u00e0o T\u1eed H\u01a1i N\u01b0\u1edbc &#8211; True Indicating Gi\u1edbi thi\u1ec7u s\u1ea3n ph\u1ea9m: Ch\u1ec9 Th\u1ecb Sinh H\u1ecdc \u1ed0ng B\u00e0o T\u1eed H\u01a1i N\u01b0\u1edbc c\u1ee7a True Indicating l\u00e0 gi\u1ea3i ph\u00e1p hi\u1ec7u qu\u1ea3 v\u00e0 \u0111\u00e1ng tin c\u1eady cho vi\u1ec7c ki\u1ec3m tra hi\u1ec7u qu\u1ea3 ti\u1ec7t tr\u00f9ng b\u1eb1ng h\u01a1i n\u01b0\u1edbc. \u0110\u01b0\u1ee3c s\u1ea3n xu\u1ea5t tu\u00e2n th\u1ee7 c\u00e1c ti\u00eau chu\u1ea9n qu\u1ed1c t\u1ebf, s\u1ea3n [&hellip;]","og_url":"https:\/\/biosciences.vn\/index.php\/product\/chi-thi-sinh-hoc-ong-bao-tu-hoi-nuoc-true-indicating\/","og_site_name":"Biosciences","article_modified_time":"2025-08-28T07:55:09+00:00","og_image":[{"width":575,"height":575,"url":"https:\/\/biosciences.vn\/wp-content\/uploads\/2024\/07\/Spore.png","type":"image\/png"}],"twitter_card":"summary_large_image","twitter_misc":{"Est. reading time":"2 minutes"},"schema":{"@context":"https:\/\/schema.org","@graph":[{"@type":"WebPage","@id":"https:\/\/biosciences.vn\/index.php\/product\/chi-thi-sinh-hoc-ong-bao-tu-hoi-nuoc-true-indicating\/","url":"https:\/\/biosciences.vn\/index.php\/product\/chi-thi-sinh-hoc-ong-bao-tu-hoi-nuoc-true-indicating\/","name":"Ch\u1ec9 Th\u1ecb Sinh H\u1ecdc \u1ed0ng B\u00e0o T\u1eed H\u01a1i N\u01b0\u1edbc - True Indicating (AT-XXX) - Biosciences","isPartOf":{"@id":"https:\/\/biosciences.vn\/#website"},"primaryImageOfPage":{"@id":"https:\/\/biosciences.vn\/index.php\/product\/chi-thi-sinh-hoc-ong-bao-tu-hoi-nuoc-true-indicating\/#primaryimage"},"image":{"@id":"https:\/\/biosciences.vn\/index.php\/product\/chi-thi-sinh-hoc-ong-bao-tu-hoi-nuoc-true-indicating\/#primaryimage"},"thumbnailUrl":"https:\/\/biosciences.vn\/wp-content\/uploads\/2024\/07\/Spore.png","datePublished":"2024-07-07T10:32:33+00:00","dateModified":"2025-08-28T07:55:09+00:00","breadcrumb":{"@id":"https:\/\/biosciences.vn\/index.php\/product\/chi-thi-sinh-hoc-ong-bao-tu-hoi-nuoc-true-indicating\/#breadcrumb"},"inLanguage":"en-US","potentialAction":[{"@type":"ReadAction","target":["https:\/\/biosciences.vn\/index.php\/product\/chi-thi-sinh-hoc-ong-bao-tu-hoi-nuoc-true-indicating\/"]}]},{"@type":"ImageObject","inLanguage":"en-US","@id":"https:\/\/biosciences.vn\/index.php\/product\/chi-thi-sinh-hoc-ong-bao-tu-hoi-nuoc-true-indicating\/#primaryimage","url":"https:\/\/biosciences.vn\/wp-content\/uploads\/2024\/07\/Spore.png","contentUrl":"https:\/\/biosciences.vn\/wp-content\/uploads\/2024\/07\/Spore.png","width":575,"height":575},{"@type":"BreadcrumbList","@id":"https:\/\/biosciences.vn\/index.php\/product\/chi-thi-sinh-hoc-ong-bao-tu-hoi-nuoc-true-indicating\/#breadcrumb","itemListElement":[{"@type":"ListItem","position":1,"name":"Trang ch\u1ee7","item":"https:\/\/biosciences.vn\/index.php\/en\/home\/"},{"@type":"ListItem","position":2,"name":"Shop","item":"https:\/\/biosciences.vn\/index.php\/shop\/"},{"@type":"ListItem","position":3,"name":"Ch\u1ec9 Th\u1ecb Sinh H\u1ecdc \u1ed0ng B\u00e0o T\u1eed H\u01a1i N\u01b0\u1edbc &#8211; True Indicating (AT-XXX)"}]},{"@type":"WebSite","@id":"https:\/\/biosciences.vn\/#website","url":"https:\/\/biosciences.vn\/","name":"Biosciences","description":"","publisher":{"@id":"https:\/\/biosciences.vn\/#organization"},"potentialAction":[{"@type":"SearchAction","target":{"@type":"EntryPoint","urlTemplate":"https:\/\/biosciences.vn\/?s={search_term_string}"},"query-input":{"@type":"PropertyValueSpecification","valueRequired":true,"valueName":"search_term_string"}}],"inLanguage":"en-US"},{"@type":"Organization","@id":"https:\/\/biosciences.vn\/#organization","name":"Biosciences","url":"https:\/\/biosciences.vn\/","logo":{"@type":"ImageObject","inLanguage":"en-US","@id":"https:\/\/biosciences.vn\/#\/schema\/logo\/image\/","url":"https:\/\/biosciences.vn\/wp-content\/uploads\/2024\/04\/LOGO-BIOSCIENCES-PNG.png","contentUrl":"https:\/\/biosciences.vn\/wp-content\/uploads\/2024\/04\/LOGO-BIOSCIENCES-PNG.png","width":2536,"height":638,"caption":"Biosciences"},"image":{"@id":"https:\/\/biosciences.vn\/#\/schema\/logo\/image\/"}}]}},"brands":[{"id":648,"name":"True Indicating","slug":"true-indicating-vi"}],"_links":{"self":[{"href":"https:\/\/biosciences.vn\/index.php\/wp-json\/wp\/v2\/product\/5643"}],"collection":[{"href":"https:\/\/biosciences.vn\/index.php\/wp-json\/wp\/v2\/product"}],"about":[{"href":"https:\/\/biosciences.vn\/index.php\/wp-json\/wp\/v2\/types\/product"}],"replies":[{"embeddable":true,"href":"https:\/\/biosciences.vn\/index.php\/wp-json\/wp\/v2\/comments?post=5643"}],"wp:featuredmedia":[{"embeddable":true,"href":"https:\/\/biosciences.vn\/index.php\/wp-json\/wp\/v2\/media\/5644"}],"wp:attachment":[{"href":"https:\/\/biosciences.vn\/index.php\/wp-json\/wp\/v2\/media?parent=5643"}],"wp:term":[{"taxonomy":"pwb-brand","embeddable":true,"href":"https:\/\/biosciences.vn\/index.php\/wp-json\/wp\/v2\/pwb-brand?post=5643"},{"taxonomy":"product_cat","embeddable":true,"href":"https:\/\/biosciences.vn\/index.php\/wp-json\/wp\/v2\/product_cat?post=5643"},{"taxonomy":"product_tag","embeddable":true,"href":"https:\/\/biosciences.vn\/index.php\/wp-json\/wp\/v2\/product_tag?post=5643"}],"curies":[{"name":"wp","href":"https:\/\/api.w.org\/{rel}","templated":true}]}}