{"id":5652,"date":"2024-07-12T11:54:34","date_gmt":"2024-07-12T04:54:34","guid":{"rendered":"https:\/\/biosciences.vn\/?post_type=product&#038;p=5652"},"modified":"2025-08-28T14:55:09","modified_gmt":"2025-08-28T07:55:09","slug":"kit-elisa-kiem-tra-doc-to-anatoxin","status":"publish","type":"product","link":"https:\/\/biosciences.vn\/index.php\/product\/kit-elisa-kiem-tra-doc-to-anatoxin\/","title":{"rendered":"Kit Elisa ki\u1ec3m tra \u0111\u1ed9c t\u1ed1 Anatoxin (HWEKT-M30-96T)"},"content":{"rendered":"<p><strong>Kho\u1ea3ng \u0111\u1ecbnh l\u01b0\u1ee3ng: 0.15-5 \u03bcg\/kg<\/strong><\/p>\n<ul>\n<li><strong>S\u1ed1 l\u1ea7n th\u1eed nghi\u1ec7m:<\/strong> 96 l\u1ea7n (96T)<\/li>\n<li><strong>M\u00e3 s\u1ea3n ph\u1ea9m:<\/strong> HWEKT-M30-96T<\/li>\n<li><strong>Danh m\u1ee5c:<\/strong> B\u1ed9 kit ELISA<\/li>\n<\/ul>\n<p><strong>T\u1ed5ng quan<\/strong><\/p>\n<p>Anatoxin l\u00e0 m\u1ed9t lo\u1ea1i \u0111\u1ed9c t\u1ed1 nguy hi\u1ec3m \u0111\u01b0\u1ee3c t\u00ecm th\u1ea5y trong t\u1ea3o lam (cyanobacteria), c\u00f3 kh\u1ea3 n\u0103ng g\u00e2y ng\u1ed9 \u0111\u1ed9c cho con ng\u01b0\u1eddi v\u00e0 \u0111\u1ed9ng v\u1eadt khi ti\u00eau th\u1ee5 n\u01b0\u1edbc ho\u1eb7c th\u1ef1c ph\u1ea9m nhi\u1ec5m \u0111\u1ed9c. Vi\u1ec7c ph\u00e1t hi\u1ec7n v\u00e0 ki\u1ec3m tra \u0111\u1ed9c t\u1ed1 Anatoxin trong m\u00f4i tr\u01b0\u1eddng v\u00e0 th\u1ef1c ph\u1ea9m l\u00e0 r\u1ea5t quan tr\u1ecdng \u0111\u1ec3 \u0111\u1ea3m b\u1ea3o an to\u00e0n s\u1ee9c kh\u1ecfe c\u1ed9ng \u0111\u1ed3ng.<\/p>\n<p>B\u1ed9 kit ELISA (Enzyme-linked immunosorbent assay) l\u00e0 m\u1ed9t s\u1ea3n ph\u1ea9m x\u00e9t nghi\u1ec7m sinh h\u00f3a ph\u00e2n t\u00edch nhanh ch\u00f3ng, ti\u1ec7n l\u1ee3i v\u00e0 \u0111\u01a1n gi\u1ea3n, cho ph\u00e9p ph\u00e1t hi\u1ec7n \u0111\u1ecbnh l\u01b0\u1ee3ng v\u00e0 \u0111\u1ecbnh t\u00ednh \u0111\u1ed9c t\u1ed1 c\u1ee5 th\u1ec3 trong m\u1eabu. Ph\u01b0\u01a1ng ph\u00e1p ELISA \u0111\u00e3 \u0111\u01b0\u1ee3c nhi\u1ec1u qu\u1ed1c gia \u0111\u01b0a v\u00e0o quy \u0111\u1ecbnh ti\u00eau chu\u1ea9n th\u1ef1c ph\u1ea9m \u0111\u1ec3 ph\u00e1t hi\u1ec7n c\u00e1c \u0111\u1ed9c t\u1ed1 bi\u1ec3n trong h\u1ea3i s\u1ea3n v\u00e0 t\u1ea3o.<\/p>\n<p><strong>Nguy\u00ean t\u1eafc th\u1eed nghi\u1ec7m<\/strong><\/p>\n<p>Ph\u01b0\u01a1ng ph\u00e1p ELISA c\u1ea1nh tranh s\u1eed d\u1ee5ng hai kh\u00e1ng th\u1ec3 \u0111\u1eb7c hi\u1ec7u, m\u1ed9t kh\u00e1ng th\u1ec3 li\u00ean k\u1ebft enzyme v\u00e0 m\u1ed9t kh\u00e1ng th\u1ec3 th\u1ee9 c\u1ea5p. Hai kh\u00e1ng th\u1ec3 n\u00e0y c\u1ea1nh tranh v\u1edbi protein c\u1ea7n quan t\u00e2m. S\u1ef1 thay \u0111\u1ed5i m\u00e0u s\u1eafc bi\u1ec3u th\u1ecb k\u1ebft qu\u1ea3 \u00e2m t\u00ednh, do kh\u00e1ng th\u1ec3 li\u00ean k\u1ebft enzyme \u0111\u00e3 li\u00ean k\u1ebft v\u1edbi c\u00e1c kh\u00e1ng nguy\u00ean.<\/p>\n<p><strong>\u01afu \u0111i\u1ec3m c\u1ee7a s\u1ea3n ph\u1ea9m<\/strong><\/p>\n<ul>\n<li>Nguy\u00ean t\u1eafc ELISA c\u1ea1nh tranh<\/li>\n<li>\u0110\u1ed9 nh\u1ea1y cao v\u00e0 hi\u1ec7u su\u1ea5t thu h\u1ed3i t\u1ed1t<\/li>\n<li>Ho\u1ea1t \u0111\u1ed9ng \u0111\u01a1n gi\u1ea3n v\u00e0 d\u1ec5 th\u1ef1c hi\u1ec7n<\/li>\n<li>Th\u00edch h\u1ee3p cho vi\u1ec7c th\u1eed nghi\u1ec7m m\u1eabu t\u1ea1i ch\u1ed7, nhanh ch\u00f3ng, v\u1edbi s\u1ed1 l\u01b0\u1ee3ng l\u1edbn<\/li>\n<\/ul>\n","protected":false},"excerpt":{"rendered":"<p>Kho\u1ea3ng \u0111\u1ecbnh l\u01b0\u1ee3ng: 0.15-5 \u03bcg\/kg S\u1ed1 l\u1ea7n th\u1eed nghi\u1ec7m: 96 l\u1ea7n (96T) M\u00e3 s\u1ea3n ph\u1ea9m: HWEKT-M30-96T Danh m\u1ee5c: B\u1ed9 kit ELISA T\u1ed5ng quan Anatoxin l\u00e0 m\u1ed9t lo\u1ea1i \u0111\u1ed9c t\u1ed1 nguy hi\u1ec3m \u0111\u01b0\u1ee3c t\u00ecm th\u1ea5y trong t\u1ea3o lam (cyanobacteria), c\u00f3 kh\u1ea3 n\u0103ng g\u00e2y ng\u1ed9 \u0111\u1ed9c cho con ng\u01b0\u1eddi v\u00e0 \u0111\u1ed9ng v\u1eadt khi ti\u00eau th\u1ee5 n\u01b0\u1edbc ho\u1eb7c [&hellip;]<\/p>\n","protected":false},"featured_media":5561,"comment_status":"open","ping_status":"closed","template":"","meta":[],"pwb-brand":[642],"product_cat":[568,687,596,576,548,485,537],"product_tag":[711,701],"class_list":{"0":"post-5652","1":"product","2":"type-product","3":"status-publish","4":"has-post-thumbnail","6":"pwb-brand-pribolab-vi","7":"product_cat-an-toan-thuc-pham","8":"product_cat-elisa-kit-vi","9":"product_cat-kiem-tra-hai-san-vi-vi","10":"product_cat-san-pham-tu-sua-vi","11":"product_cat-doc-to-sinh-hoc-bien","12":"product_cat-hoa-chat-vat-tu","13":"product_cat-kit-phat-hien","14":"product_tag-competitive-elisa","15":"product_tag-elisa-kits","17":"first","18":"instock","19":"shipping-taxable","20":"purchasable","21":"product-type-simple"},"yoast_head":"<!-- This site is optimized with the Yoast SEO plugin v23.6 - https:\/\/yoast.com\/wordpress\/plugins\/seo\/ -->\n<title>Kit Elisa ki\u1ec3m tra \u0111\u1ed9c t\u1ed1 Anatoxin (HWEKT-M30-96T) - Biosciences<\/title>\n<meta name=\"robots\" content=\"index, follow, max-snippet:-1, max-image-preview:large, max-video-preview:-1\" \/>\n<link rel=\"canonical\" href=\"https:\/\/biosciences.vn\/index.php\/product\/kit-elisa-kiem-tra-doc-to-anatoxin\/\" \/>\n<meta property=\"og:locale\" content=\"en_US\" \/>\n<meta property=\"og:type\" content=\"article\" \/>\n<meta property=\"og:title\" content=\"Kit Elisa ki\u1ec3m tra \u0111\u1ed9c t\u1ed1 Anatoxin (HWEKT-M30-96T) - Biosciences\" \/>\n<meta property=\"og:description\" content=\"Kho\u1ea3ng \u0111\u1ecbnh l\u01b0\u1ee3ng: 0.15-5 \u03bcg\/kg S\u1ed1 l\u1ea7n th\u1eed nghi\u1ec7m: 96 l\u1ea7n (96T) M\u00e3 s\u1ea3n ph\u1ea9m: HWEKT-M30-96T Danh m\u1ee5c: B\u1ed9 kit ELISA T\u1ed5ng quan Anatoxin l\u00e0 m\u1ed9t lo\u1ea1i \u0111\u1ed9c t\u1ed1 nguy hi\u1ec3m \u0111\u01b0\u1ee3c t\u00ecm th\u1ea5y trong t\u1ea3o lam (cyanobacteria), c\u00f3 kh\u1ea3 n\u0103ng g\u00e2y ng\u1ed9 \u0111\u1ed9c cho con ng\u01b0\u1eddi v\u00e0 \u0111\u1ed9ng v\u1eadt khi ti\u00eau th\u1ee5 n\u01b0\u1edbc ho\u1eb7c [&hellip;]\" \/>\n<meta property=\"og:url\" content=\"https:\/\/biosciences.vn\/index.php\/product\/kit-elisa-kiem-tra-doc-to-anatoxin\/\" \/>\n<meta property=\"og:site_name\" content=\"Biosciences\" \/>\n<meta property=\"article:modified_time\" content=\"2025-08-28T07:55:09+00:00\" \/>\n<meta property=\"og:image\" content=\"https:\/\/biosciences.vn\/wp-content\/uploads\/2024\/06\/Food-allergen.png\" \/>\n\t<meta property=\"og:image:width\" content=\"820\" \/>\n\t<meta property=\"og:image:height\" content=\"680\" \/>\n\t<meta property=\"og:image:type\" content=\"image\/png\" \/>\n<meta name=\"twitter:card\" content=\"summary_large_image\" \/>\n<meta name=\"twitter:label1\" content=\"Est. reading time\" \/>\n\t<meta name=\"twitter:data1\" content=\"2 minutes\" \/>\n<script type=\"application\/ld+json\" class=\"yoast-schema-graph\">{\"@context\":\"https:\/\/schema.org\",\"@graph\":[{\"@type\":\"WebPage\",\"@id\":\"https:\/\/biosciences.vn\/index.php\/product\/kit-elisa-kiem-tra-doc-to-anatoxin\/\",\"url\":\"https:\/\/biosciences.vn\/index.php\/product\/kit-elisa-kiem-tra-doc-to-anatoxin\/\",\"name\":\"Kit Elisa ki\u1ec3m tra \u0111\u1ed9c t\u1ed1 Anatoxin (HWEKT-M30-96T) - Biosciences\",\"isPartOf\":{\"@id\":\"https:\/\/biosciences.vn\/#website\"},\"primaryImageOfPage\":{\"@id\":\"https:\/\/biosciences.vn\/index.php\/product\/kit-elisa-kiem-tra-doc-to-anatoxin\/#primaryimage\"},\"image\":{\"@id\":\"https:\/\/biosciences.vn\/index.php\/product\/kit-elisa-kiem-tra-doc-to-anatoxin\/#primaryimage\"},\"thumbnailUrl\":\"https:\/\/biosciences.vn\/wp-content\/uploads\/2024\/06\/Food-allergen.png\",\"datePublished\":\"2024-07-12T04:54:34+00:00\",\"dateModified\":\"2025-08-28T07:55:09+00:00\",\"breadcrumb\":{\"@id\":\"https:\/\/biosciences.vn\/index.php\/product\/kit-elisa-kiem-tra-doc-to-anatoxin\/#breadcrumb\"},\"inLanguage\":\"en-US\",\"potentialAction\":[{\"@type\":\"ReadAction\",\"target\":[\"https:\/\/biosciences.vn\/index.php\/product\/kit-elisa-kiem-tra-doc-to-anatoxin\/\"]}]},{\"@type\":\"ImageObject\",\"inLanguage\":\"en-US\",\"@id\":\"https:\/\/biosciences.vn\/index.php\/product\/kit-elisa-kiem-tra-doc-to-anatoxin\/#primaryimage\",\"url\":\"https:\/\/biosciences.vn\/wp-content\/uploads\/2024\/06\/Food-allergen.png\",\"contentUrl\":\"https:\/\/biosciences.vn\/wp-content\/uploads\/2024\/06\/Food-allergen.png\",\"width\":820,\"height\":680},{\"@type\":\"BreadcrumbList\",\"@id\":\"https:\/\/biosciences.vn\/index.php\/product\/kit-elisa-kiem-tra-doc-to-anatoxin\/#breadcrumb\",\"itemListElement\":[{\"@type\":\"ListItem\",\"position\":1,\"name\":\"Trang ch\u1ee7\",\"item\":\"https:\/\/biosciences.vn\/index.php\/en\/home\/\"},{\"@type\":\"ListItem\",\"position\":2,\"name\":\"Shop\",\"item\":\"https:\/\/biosciences.vn\/index.php\/shop\/\"},{\"@type\":\"ListItem\",\"position\":3,\"name\":\"Kit Elisa ki\u1ec3m tra \u0111\u1ed9c t\u1ed1 Anatoxin (HWEKT-M30-96T)\"}]},{\"@type\":\"WebSite\",\"@id\":\"https:\/\/biosciences.vn\/#website\",\"url\":\"https:\/\/biosciences.vn\/\",\"name\":\"Biosciences\",\"description\":\"\",\"publisher\":{\"@id\":\"https:\/\/biosciences.vn\/#organization\"},\"potentialAction\":[{\"@type\":\"SearchAction\",\"target\":{\"@type\":\"EntryPoint\",\"urlTemplate\":\"https:\/\/biosciences.vn\/?s={search_term_string}\"},\"query-input\":{\"@type\":\"PropertyValueSpecification\",\"valueRequired\":true,\"valueName\":\"search_term_string\"}}],\"inLanguage\":\"en-US\"},{\"@type\":\"Organization\",\"@id\":\"https:\/\/biosciences.vn\/#organization\",\"name\":\"Biosciences\",\"url\":\"https:\/\/biosciences.vn\/\",\"logo\":{\"@type\":\"ImageObject\",\"inLanguage\":\"en-US\",\"@id\":\"https:\/\/biosciences.vn\/#\/schema\/logo\/image\/\",\"url\":\"https:\/\/biosciences.vn\/wp-content\/uploads\/2024\/04\/LOGO-BIOSCIENCES-PNG.png\",\"contentUrl\":\"https:\/\/biosciences.vn\/wp-content\/uploads\/2024\/04\/LOGO-BIOSCIENCES-PNG.png\",\"width\":2536,\"height\":638,\"caption\":\"Biosciences\"},\"image\":{\"@id\":\"https:\/\/biosciences.vn\/#\/schema\/logo\/image\/\"}}]}<\/script>\n<!-- \/ Yoast SEO plugin. -->","yoast_head_json":{"title":"Kit Elisa ki\u1ec3m tra \u0111\u1ed9c t\u1ed1 Anatoxin (HWEKT-M30-96T) - Biosciences","robots":{"index":"index","follow":"follow","max-snippet":"max-snippet:-1","max-image-preview":"max-image-preview:large","max-video-preview":"max-video-preview:-1"},"canonical":"https:\/\/biosciences.vn\/index.php\/product\/kit-elisa-kiem-tra-doc-to-anatoxin\/","og_locale":"en_US","og_type":"article","og_title":"Kit Elisa ki\u1ec3m tra \u0111\u1ed9c t\u1ed1 Anatoxin (HWEKT-M30-96T) - Biosciences","og_description":"Kho\u1ea3ng \u0111\u1ecbnh l\u01b0\u1ee3ng: 0.15-5 \u03bcg\/kg S\u1ed1 l\u1ea7n th\u1eed nghi\u1ec7m: 96 l\u1ea7n (96T) M\u00e3 s\u1ea3n ph\u1ea9m: HWEKT-M30-96T Danh m\u1ee5c: B\u1ed9 kit ELISA T\u1ed5ng quan Anatoxin l\u00e0 m\u1ed9t lo\u1ea1i \u0111\u1ed9c t\u1ed1 nguy hi\u1ec3m \u0111\u01b0\u1ee3c t\u00ecm th\u1ea5y trong t\u1ea3o lam (cyanobacteria), c\u00f3 kh\u1ea3 n\u0103ng g\u00e2y ng\u1ed9 \u0111\u1ed9c cho con ng\u01b0\u1eddi v\u00e0 \u0111\u1ed9ng v\u1eadt khi ti\u00eau th\u1ee5 n\u01b0\u1edbc ho\u1eb7c [&hellip;]","og_url":"https:\/\/biosciences.vn\/index.php\/product\/kit-elisa-kiem-tra-doc-to-anatoxin\/","og_site_name":"Biosciences","article_modified_time":"2025-08-28T07:55:09+00:00","og_image":[{"width":820,"height":680,"url":"https:\/\/biosciences.vn\/wp-content\/uploads\/2024\/06\/Food-allergen.png","type":"image\/png"}],"twitter_card":"summary_large_image","twitter_misc":{"Est. reading time":"2 minutes"},"schema":{"@context":"https:\/\/schema.org","@graph":[{"@type":"WebPage","@id":"https:\/\/biosciences.vn\/index.php\/product\/kit-elisa-kiem-tra-doc-to-anatoxin\/","url":"https:\/\/biosciences.vn\/index.php\/product\/kit-elisa-kiem-tra-doc-to-anatoxin\/","name":"Kit Elisa ki\u1ec3m tra \u0111\u1ed9c t\u1ed1 Anatoxin (HWEKT-M30-96T) - Biosciences","isPartOf":{"@id":"https:\/\/biosciences.vn\/#website"},"primaryImageOfPage":{"@id":"https:\/\/biosciences.vn\/index.php\/product\/kit-elisa-kiem-tra-doc-to-anatoxin\/#primaryimage"},"image":{"@id":"https:\/\/biosciences.vn\/index.php\/product\/kit-elisa-kiem-tra-doc-to-anatoxin\/#primaryimage"},"thumbnailUrl":"https:\/\/biosciences.vn\/wp-content\/uploads\/2024\/06\/Food-allergen.png","datePublished":"2024-07-12T04:54:34+00:00","dateModified":"2025-08-28T07:55:09+00:00","breadcrumb":{"@id":"https:\/\/biosciences.vn\/index.php\/product\/kit-elisa-kiem-tra-doc-to-anatoxin\/#breadcrumb"},"inLanguage":"en-US","potentialAction":[{"@type":"ReadAction","target":["https:\/\/biosciences.vn\/index.php\/product\/kit-elisa-kiem-tra-doc-to-anatoxin\/"]}]},{"@type":"ImageObject","inLanguage":"en-US","@id":"https:\/\/biosciences.vn\/index.php\/product\/kit-elisa-kiem-tra-doc-to-anatoxin\/#primaryimage","url":"https:\/\/biosciences.vn\/wp-content\/uploads\/2024\/06\/Food-allergen.png","contentUrl":"https:\/\/biosciences.vn\/wp-content\/uploads\/2024\/06\/Food-allergen.png","width":820,"height":680},{"@type":"BreadcrumbList","@id":"https:\/\/biosciences.vn\/index.php\/product\/kit-elisa-kiem-tra-doc-to-anatoxin\/#breadcrumb","itemListElement":[{"@type":"ListItem","position":1,"name":"Trang ch\u1ee7","item":"https:\/\/biosciences.vn\/index.php\/en\/home\/"},{"@type":"ListItem","position":2,"name":"Shop","item":"https:\/\/biosciences.vn\/index.php\/shop\/"},{"@type":"ListItem","position":3,"name":"Kit Elisa ki\u1ec3m tra \u0111\u1ed9c t\u1ed1 Anatoxin (HWEKT-M30-96T)"}]},{"@type":"WebSite","@id":"https:\/\/biosciences.vn\/#website","url":"https:\/\/biosciences.vn\/","name":"Biosciences","description":"","publisher":{"@id":"https:\/\/biosciences.vn\/#organization"},"potentialAction":[{"@type":"SearchAction","target":{"@type":"EntryPoint","urlTemplate":"https:\/\/biosciences.vn\/?s={search_term_string}"},"query-input":{"@type":"PropertyValueSpecification","valueRequired":true,"valueName":"search_term_string"}}],"inLanguage":"en-US"},{"@type":"Organization","@id":"https:\/\/biosciences.vn\/#organization","name":"Biosciences","url":"https:\/\/biosciences.vn\/","logo":{"@type":"ImageObject","inLanguage":"en-US","@id":"https:\/\/biosciences.vn\/#\/schema\/logo\/image\/","url":"https:\/\/biosciences.vn\/wp-content\/uploads\/2024\/04\/LOGO-BIOSCIENCES-PNG.png","contentUrl":"https:\/\/biosciences.vn\/wp-content\/uploads\/2024\/04\/LOGO-BIOSCIENCES-PNG.png","width":2536,"height":638,"caption":"Biosciences"},"image":{"@id":"https:\/\/biosciences.vn\/#\/schema\/logo\/image\/"}}]}},"brands":[{"id":642,"name":"Pribolab","slug":"pribolab-vi"}],"_links":{"self":[{"href":"https:\/\/biosciences.vn\/index.php\/wp-json\/wp\/v2\/product\/5652"}],"collection":[{"href":"https:\/\/biosciences.vn\/index.php\/wp-json\/wp\/v2\/product"}],"about":[{"href":"https:\/\/biosciences.vn\/index.php\/wp-json\/wp\/v2\/types\/product"}],"replies":[{"embeddable":true,"href":"https:\/\/biosciences.vn\/index.php\/wp-json\/wp\/v2\/comments?post=5652"}],"wp:featuredmedia":[{"embeddable":true,"href":"https:\/\/biosciences.vn\/index.php\/wp-json\/wp\/v2\/media\/5561"}],"wp:attachment":[{"href":"https:\/\/biosciences.vn\/index.php\/wp-json\/wp\/v2\/media?parent=5652"}],"wp:term":[{"taxonomy":"pwb-brand","embeddable":true,"href":"https:\/\/biosciences.vn\/index.php\/wp-json\/wp\/v2\/pwb-brand?post=5652"},{"taxonomy":"product_cat","embeddable":true,"href":"https:\/\/biosciences.vn\/index.php\/wp-json\/wp\/v2\/product_cat?post=5652"},{"taxonomy":"product_tag","embeddable":true,"href":"https:\/\/biosciences.vn\/index.php\/wp-json\/wp\/v2\/product_tag?post=5652"}],"curies":[{"name":"wp","href":"https:\/\/api.w.org\/{rel}","templated":true}]}}