{"id":5831,"date":"2024-07-14T11:44:33","date_gmt":"2024-07-14T04:44:33","guid":{"rendered":"https:\/\/biosciences.vn\/?post_type=product&#038;p=5831"},"modified":"2025-08-28T14:55:09","modified_gmt":"2025-08-28T07:55:09","slug":"kit-test-nhanh-gmo-phat-hien-cry1f","status":"publish","type":"product","link":"https:\/\/biosciences.vn\/index.php\/product\/kit-test-nhanh-gmo-phat-hien-cry1f\/","title":{"rendered":"Kit test nhanh GMO ph\u00e1t hi\u1ec7n Cry1F (HWPRS-GM040-100T)"},"content":{"rendered":"<p><strong>T\u1ed5ng quan<\/strong><\/p>\n<p>Que th\u1eed nhanh PriboStrip\u2122 \u0111\u01b0\u1ee3c thi\u1ebft k\u1ebf \u0111\u1ec3 s\u00e0ng l\u1ecdc s\u01a1 b\u1ed9 v\u00e0 ph\u00e1t hi\u1ec7n \u0111\u1ecbnh t\u00ednh v\u1edbi c\u00e1c \u01b0u \u0111i\u1ec3m v\u1ec1 \u0111\u1ed9 \u0111\u1eb7c hi\u1ec7u v\u00e0 \u0111\u1ed9 nh\u1ea1y cao. Pribolab \u0111\u00e3 ph\u00e1t tri\u1ec3n th\u00e0nh c\u00f4ng que th\u1eed nhanh GMO \u0111\u1ec3 ph\u00e1t hi\u1ec7n trong h\u1ea1t gi\u1ed1ng v\u00e0 l\u00e1.<\/p>\n<p><strong>Nguy\u00ean t\u1eafc th\u1eed nghi\u1ec7m<\/strong><\/p>\n<p>Ph\u01b0\u01a1ng ph\u00e1p s\u1eafc k\u00fd mi\u1ec5n d\u1ecbch d\u1ef1a tr\u00ean v\u00e0ng keo l\u00e0 m\u1ed9t ph\u01b0\u01a1ng ph\u00e1p s\u00e0ng l\u1ecdc hi\u1ec7u qu\u1ea3, \u0111\u01b0\u1ee3c ph\u00e1t tri\u1ec3n v\u1edbi hai kh\u00e1ng th\u1ec3 \u0111\u01a1n d\u00f2ng (McAbs) \u0111\u1ec3 ph\u00e1t hi\u1ec7n protein m\u1ee5c ti\u00eau. Ph\u01b0\u01a1ng ph\u00e1p n\u00e0y d\u1ef1a tr\u00ean s\u1ef1 ph\u00e2n b\u1ed1 \u00e1i l\u1ef1c mi\u1ec5n d\u1ecbch c\u1ee7a ch\u1ea5t ph\u00e2n t\u00edch gi\u1eefa m\u1eabu di chuy\u1ec3n theo chi\u1ec1u ngang qua m\u00e0ng x\u1ed1p v\u00e0 \u201cv\u00f9ng \u00e1i l\u1ef1c\u201d \u0111\u01b0\u1ee3c chu\u1ea9n b\u1ecb b\u1eb1ng c\u00e1ch c\u1ed1 \u0111\u1ecbnh m\u1ed9t kh\u00e1ng th\u1ec3 tr\u00ean m\u00e0ng.<\/p>\n<p><strong>\u01afu \u0111i\u1ec3m s\u1ea3n ph\u1ea9m<\/strong><\/p>\n<ul>\n<li>Ph\u00e1t hi\u1ec7n nhanh (&lt;12 ph\u00fat)<\/li>\n<li>D\u1ec5 th\u1ef1c hi\u1ec7n<\/li>\n<li>Ph\u00e2n t\u00edch \u0111\u1ecbnh t\u00ednh<\/li>\n<li>\u00c1p d\u1ee5ng cho c\u1ea3 th\u1eed nghi\u1ec7m h\u1ea1t gi\u1ed1ng v\u00e0 l\u00e1<\/li>\n<li>\u0110\u1ed9 nh\u1ea1y cao, d\u1ec5 \u0111\u1ecdc k\u1ebft qu\u1ea3<\/li>\n<\/ul>\n<p><strong>\u1ee8ng d\u1ee5ng<\/strong><\/p>\n<p>Kit test nhanh Cry1F l\u00e0 s\u1ea3n ph\u1ea9m l\u00fd t\u01b0\u1edfng cho vi\u1ec7c ph\u00e1t hi\u1ec7n nhanh v\u00e0 \u0111\u1ecbnh t\u00ednh protein m\u1ee5c ti\u00eau Cry1F trong h\u1ea1t gi\u1ed1ng v\u00e0 l\u00e1. Ph\u01b0\u01a1ng ph\u00e1p n\u00e0y \u0111\u1eb7c bi\u1ec7t h\u1eefu \u00edch cho c\u00e1c doanh nghi\u1ec7p v\u00e0 t\u1ed5 ch\u1ee9c nghi\u00ean c\u1ee9u trong vi\u1ec7c ph\u00e1t hi\u1ec7n nhanh t\u1ea1i ch\u1ed7, gi\u00fap \u0111\u1ea3m b\u1ea3o an to\u00e0n v\u00e0 ch\u1ea5t l\u01b0\u1ee3ng s\u1ea3n ph\u1ea9m.<\/p>\n<p><strong>Th\u00f4ng s\u1ed1 k\u1ef9 thu\u1eadt<\/strong><\/p>\n<table>\n<thead>\n<tr>\n<th>Th\u00f4ng s\u1ed1<\/th>\n<th>Gi\u00e1 tr\u1ecb<\/th>\n<\/tr>\n<\/thead>\n<tbody>\n<tr>\n<td>M\u00e3 s\u1ea3n ph\u1ea9m<\/td>\n<td>HWPRS-GM040-100T<\/td>\n<\/tr>\n<tr>\n<td>\u0110\u00f3ng g\u00f3i<\/td>\n<td>100 T<\/td>\n<\/tr>\n<tr>\n<td>\u0110\u1ed9 nh\u1ea1y (trong th\u1ef1c ph\u1ea9m)<\/td>\n<td>1%<\/td>\n<\/tr>\n<tr>\n<td>Nhi\u1ec7t \u0111\u1ed9 b\u1ea3o qu\u1ea3n<\/td>\n<td>2-8\u2103<\/td>\n<\/tr>\n<\/tbody>\n<\/table>\n<p>&nbsp;<\/p>\n<p>&nbsp;<\/p>\n","protected":false},"excerpt":{"rendered":"<p>T\u1ed5ng quan Que th\u1eed nhanh PriboStrip\u2122 \u0111\u01b0\u1ee3c thi\u1ebft k\u1ebf \u0111\u1ec3 s\u00e0ng l\u1ecdc s\u01a1 b\u1ed9 v\u00e0 ph\u00e1t hi\u1ec7n \u0111\u1ecbnh t\u00ednh v\u1edbi c\u00e1c \u01b0u \u0111i\u1ec3m v\u1ec1 \u0111\u1ed9 \u0111\u1eb7c hi\u1ec7u v\u00e0 \u0111\u1ed9 nh\u1ea1y cao. Pribolab \u0111\u00e3 ph\u00e1t tri\u1ec3n th\u00e0nh c\u00f4ng que th\u1eed nhanh GMO \u0111\u1ec3 ph\u00e1t hi\u1ec7n trong h\u1ea1t gi\u1ed1ng v\u00e0 l\u00e1. Nguy\u00ean t\u1eafc th\u1eed nghi\u1ec7m Ph\u01b0\u01a1ng ph\u00e1p [&hellip;]<\/p>\n","protected":false},"featured_media":5828,"comment_status":"open","ping_status":"closed","template":"","meta":[],"pwb-brand":[642],"product_cat":[568,600,699,485,537],"product_tag":[721,713],"class_list":{"0":"post-5831","1":"product","2":"type-product","3":"status-publish","4":"has-post-thumbnail","6":"pwb-brand-pribolab-vi","7":"product_cat-an-toan-thuc-pham","8":"product_cat-thuc-pham-khac-vi-vi","9":"product_cat-bien-doi-gen-gmo","10":"product_cat-hoa-chat-vat-tu","11":"product_cat-kit-phat-hien","12":"product_tag-food-allergies","13":"product_tag-rapid-test-strip","15":"first","16":"instock","17":"shipping-taxable","18":"purchasable","19":"product-type-simple"},"yoast_head":"<!-- This site is optimized with the Yoast SEO plugin v23.6 - https:\/\/yoast.com\/wordpress\/plugins\/seo\/ -->\n<title>Kit test nhanh GMO ph\u00e1t hi\u1ec7n Cry1F (HWPRS-GM040-100T) - Biosciences<\/title>\n<meta name=\"robots\" content=\"index, follow, max-snippet:-1, max-image-preview:large, max-video-preview:-1\" \/>\n<link rel=\"canonical\" href=\"https:\/\/biosciences.vn\/index.php\/product\/kit-test-nhanh-gmo-phat-hien-cry1f\/\" \/>\n<meta property=\"og:locale\" content=\"en_US\" \/>\n<meta property=\"og:type\" content=\"article\" \/>\n<meta property=\"og:title\" content=\"Kit test nhanh GMO ph\u00e1t hi\u1ec7n Cry1F (HWPRS-GM040-100T) - Biosciences\" \/>\n<meta property=\"og:description\" content=\"T\u1ed5ng quan Que th\u1eed nhanh PriboStrip\u2122 \u0111\u01b0\u1ee3c thi\u1ebft k\u1ebf \u0111\u1ec3 s\u00e0ng l\u1ecdc s\u01a1 b\u1ed9 v\u00e0 ph\u00e1t hi\u1ec7n \u0111\u1ecbnh t\u00ednh v\u1edbi c\u00e1c \u01b0u \u0111i\u1ec3m v\u1ec1 \u0111\u1ed9 \u0111\u1eb7c hi\u1ec7u v\u00e0 \u0111\u1ed9 nh\u1ea1y cao. Pribolab \u0111\u00e3 ph\u00e1t tri\u1ec3n th\u00e0nh c\u00f4ng que th\u1eed nhanh GMO \u0111\u1ec3 ph\u00e1t hi\u1ec7n trong h\u1ea1t gi\u1ed1ng v\u00e0 l\u00e1. Nguy\u00ean t\u1eafc th\u1eed nghi\u1ec7m Ph\u01b0\u01a1ng ph\u00e1p [&hellip;]\" \/>\n<meta property=\"og:url\" content=\"https:\/\/biosciences.vn\/index.php\/product\/kit-test-nhanh-gmo-phat-hien-cry1f\/\" \/>\n<meta property=\"og:site_name\" content=\"Biosciences\" \/>\n<meta property=\"article:modified_time\" content=\"2025-08-28T07:55:09+00:00\" \/>\n<meta property=\"og:image\" content=\"https:\/\/biosciences.vn\/wp-content\/uploads\/2024\/07\/GMO.jpg\" \/>\n\t<meta property=\"og:image:width\" content=\"2560\" \/>\n\t<meta property=\"og:image:height\" content=\"1707\" \/>\n\t<meta property=\"og:image:type\" content=\"image\/jpeg\" \/>\n<meta name=\"twitter:card\" content=\"summary_large_image\" \/>\n<meta name=\"twitter:label1\" content=\"Est. reading time\" \/>\n\t<meta name=\"twitter:data1\" content=\"2 minutes\" \/>\n<script type=\"application\/ld+json\" class=\"yoast-schema-graph\">{\"@context\":\"https:\/\/schema.org\",\"@graph\":[{\"@type\":\"WebPage\",\"@id\":\"https:\/\/biosciences.vn\/index.php\/product\/kit-test-nhanh-gmo-phat-hien-cry1f\/\",\"url\":\"https:\/\/biosciences.vn\/index.php\/product\/kit-test-nhanh-gmo-phat-hien-cry1f\/\",\"name\":\"Kit test nhanh GMO ph\u00e1t hi\u1ec7n Cry1F (HWPRS-GM040-100T) - Biosciences\",\"isPartOf\":{\"@id\":\"https:\/\/biosciences.vn\/#website\"},\"primaryImageOfPage\":{\"@id\":\"https:\/\/biosciences.vn\/index.php\/product\/kit-test-nhanh-gmo-phat-hien-cry1f\/#primaryimage\"},\"image\":{\"@id\":\"https:\/\/biosciences.vn\/index.php\/product\/kit-test-nhanh-gmo-phat-hien-cry1f\/#primaryimage\"},\"thumbnailUrl\":\"https:\/\/biosciences.vn\/wp-content\/uploads\/2024\/07\/GMO.jpg\",\"datePublished\":\"2024-07-14T04:44:33+00:00\",\"dateModified\":\"2025-08-28T07:55:09+00:00\",\"breadcrumb\":{\"@id\":\"https:\/\/biosciences.vn\/index.php\/product\/kit-test-nhanh-gmo-phat-hien-cry1f\/#breadcrumb\"},\"inLanguage\":\"en-US\",\"potentialAction\":[{\"@type\":\"ReadAction\",\"target\":[\"https:\/\/biosciences.vn\/index.php\/product\/kit-test-nhanh-gmo-phat-hien-cry1f\/\"]}]},{\"@type\":\"ImageObject\",\"inLanguage\":\"en-US\",\"@id\":\"https:\/\/biosciences.vn\/index.php\/product\/kit-test-nhanh-gmo-phat-hien-cry1f\/#primaryimage\",\"url\":\"https:\/\/biosciences.vn\/wp-content\/uploads\/2024\/07\/GMO.jpg\",\"contentUrl\":\"https:\/\/biosciences.vn\/wp-content\/uploads\/2024\/07\/GMO.jpg\",\"width\":2560,\"height\":1707},{\"@type\":\"BreadcrumbList\",\"@id\":\"https:\/\/biosciences.vn\/index.php\/product\/kit-test-nhanh-gmo-phat-hien-cry1f\/#breadcrumb\",\"itemListElement\":[{\"@type\":\"ListItem\",\"position\":1,\"name\":\"Trang ch\u1ee7\",\"item\":\"https:\/\/biosciences.vn\/index.php\/en\/home\/\"},{\"@type\":\"ListItem\",\"position\":2,\"name\":\"Shop\",\"item\":\"https:\/\/biosciences.vn\/index.php\/shop\/\"},{\"@type\":\"ListItem\",\"position\":3,\"name\":\"Kit test nhanh GMO ph\u00e1t hi\u1ec7n Cry1F (HWPRS-GM040-100T)\"}]},{\"@type\":\"WebSite\",\"@id\":\"https:\/\/biosciences.vn\/#website\",\"url\":\"https:\/\/biosciences.vn\/\",\"name\":\"Biosciences\",\"description\":\"\",\"publisher\":{\"@id\":\"https:\/\/biosciences.vn\/#organization\"},\"potentialAction\":[{\"@type\":\"SearchAction\",\"target\":{\"@type\":\"EntryPoint\",\"urlTemplate\":\"https:\/\/biosciences.vn\/?s={search_term_string}\"},\"query-input\":{\"@type\":\"PropertyValueSpecification\",\"valueRequired\":true,\"valueName\":\"search_term_string\"}}],\"inLanguage\":\"en-US\"},{\"@type\":\"Organization\",\"@id\":\"https:\/\/biosciences.vn\/#organization\",\"name\":\"Biosciences\",\"url\":\"https:\/\/biosciences.vn\/\",\"logo\":{\"@type\":\"ImageObject\",\"inLanguage\":\"en-US\",\"@id\":\"https:\/\/biosciences.vn\/#\/schema\/logo\/image\/\",\"url\":\"https:\/\/biosciences.vn\/wp-content\/uploads\/2024\/04\/LOGO-BIOSCIENCES-PNG.png\",\"contentUrl\":\"https:\/\/biosciences.vn\/wp-content\/uploads\/2024\/04\/LOGO-BIOSCIENCES-PNG.png\",\"width\":2536,\"height\":638,\"caption\":\"Biosciences\"},\"image\":{\"@id\":\"https:\/\/biosciences.vn\/#\/schema\/logo\/image\/\"}}]}<\/script>\n<!-- \/ Yoast SEO plugin. -->","yoast_head_json":{"title":"Kit test nhanh GMO ph\u00e1t hi\u1ec7n Cry1F (HWPRS-GM040-100T) - Biosciences","robots":{"index":"index","follow":"follow","max-snippet":"max-snippet:-1","max-image-preview":"max-image-preview:large","max-video-preview":"max-video-preview:-1"},"canonical":"https:\/\/biosciences.vn\/index.php\/product\/kit-test-nhanh-gmo-phat-hien-cry1f\/","og_locale":"en_US","og_type":"article","og_title":"Kit test nhanh GMO ph\u00e1t hi\u1ec7n Cry1F (HWPRS-GM040-100T) - Biosciences","og_description":"T\u1ed5ng quan Que th\u1eed nhanh PriboStrip\u2122 \u0111\u01b0\u1ee3c thi\u1ebft k\u1ebf \u0111\u1ec3 s\u00e0ng l\u1ecdc s\u01a1 b\u1ed9 v\u00e0 ph\u00e1t hi\u1ec7n \u0111\u1ecbnh t\u00ednh v\u1edbi c\u00e1c \u01b0u \u0111i\u1ec3m v\u1ec1 \u0111\u1ed9 \u0111\u1eb7c hi\u1ec7u v\u00e0 \u0111\u1ed9 nh\u1ea1y cao. Pribolab \u0111\u00e3 ph\u00e1t tri\u1ec3n th\u00e0nh c\u00f4ng que th\u1eed nhanh GMO \u0111\u1ec3 ph\u00e1t hi\u1ec7n trong h\u1ea1t gi\u1ed1ng v\u00e0 l\u00e1. Nguy\u00ean t\u1eafc th\u1eed nghi\u1ec7m Ph\u01b0\u01a1ng ph\u00e1p [&hellip;]","og_url":"https:\/\/biosciences.vn\/index.php\/product\/kit-test-nhanh-gmo-phat-hien-cry1f\/","og_site_name":"Biosciences","article_modified_time":"2025-08-28T07:55:09+00:00","og_image":[{"width":2560,"height":1707,"url":"https:\/\/biosciences.vn\/wp-content\/uploads\/2024\/07\/GMO.jpg","type":"image\/jpeg"}],"twitter_card":"summary_large_image","twitter_misc":{"Est. reading time":"2 minutes"},"schema":{"@context":"https:\/\/schema.org","@graph":[{"@type":"WebPage","@id":"https:\/\/biosciences.vn\/index.php\/product\/kit-test-nhanh-gmo-phat-hien-cry1f\/","url":"https:\/\/biosciences.vn\/index.php\/product\/kit-test-nhanh-gmo-phat-hien-cry1f\/","name":"Kit test nhanh GMO ph\u00e1t hi\u1ec7n Cry1F (HWPRS-GM040-100T) - Biosciences","isPartOf":{"@id":"https:\/\/biosciences.vn\/#website"},"primaryImageOfPage":{"@id":"https:\/\/biosciences.vn\/index.php\/product\/kit-test-nhanh-gmo-phat-hien-cry1f\/#primaryimage"},"image":{"@id":"https:\/\/biosciences.vn\/index.php\/product\/kit-test-nhanh-gmo-phat-hien-cry1f\/#primaryimage"},"thumbnailUrl":"https:\/\/biosciences.vn\/wp-content\/uploads\/2024\/07\/GMO.jpg","datePublished":"2024-07-14T04:44:33+00:00","dateModified":"2025-08-28T07:55:09+00:00","breadcrumb":{"@id":"https:\/\/biosciences.vn\/index.php\/product\/kit-test-nhanh-gmo-phat-hien-cry1f\/#breadcrumb"},"inLanguage":"en-US","potentialAction":[{"@type":"ReadAction","target":["https:\/\/biosciences.vn\/index.php\/product\/kit-test-nhanh-gmo-phat-hien-cry1f\/"]}]},{"@type":"ImageObject","inLanguage":"en-US","@id":"https:\/\/biosciences.vn\/index.php\/product\/kit-test-nhanh-gmo-phat-hien-cry1f\/#primaryimage","url":"https:\/\/biosciences.vn\/wp-content\/uploads\/2024\/07\/GMO.jpg","contentUrl":"https:\/\/biosciences.vn\/wp-content\/uploads\/2024\/07\/GMO.jpg","width":2560,"height":1707},{"@type":"BreadcrumbList","@id":"https:\/\/biosciences.vn\/index.php\/product\/kit-test-nhanh-gmo-phat-hien-cry1f\/#breadcrumb","itemListElement":[{"@type":"ListItem","position":1,"name":"Trang ch\u1ee7","item":"https:\/\/biosciences.vn\/index.php\/en\/home\/"},{"@type":"ListItem","position":2,"name":"Shop","item":"https:\/\/biosciences.vn\/index.php\/shop\/"},{"@type":"ListItem","position":3,"name":"Kit test nhanh GMO ph\u00e1t hi\u1ec7n Cry1F (HWPRS-GM040-100T)"}]},{"@type":"WebSite","@id":"https:\/\/biosciences.vn\/#website","url":"https:\/\/biosciences.vn\/","name":"Biosciences","description":"","publisher":{"@id":"https:\/\/biosciences.vn\/#organization"},"potentialAction":[{"@type":"SearchAction","target":{"@type":"EntryPoint","urlTemplate":"https:\/\/biosciences.vn\/?s={search_term_string}"},"query-input":{"@type":"PropertyValueSpecification","valueRequired":true,"valueName":"search_term_string"}}],"inLanguage":"en-US"},{"@type":"Organization","@id":"https:\/\/biosciences.vn\/#organization","name":"Biosciences","url":"https:\/\/biosciences.vn\/","logo":{"@type":"ImageObject","inLanguage":"en-US","@id":"https:\/\/biosciences.vn\/#\/schema\/logo\/image\/","url":"https:\/\/biosciences.vn\/wp-content\/uploads\/2024\/04\/LOGO-BIOSCIENCES-PNG.png","contentUrl":"https:\/\/biosciences.vn\/wp-content\/uploads\/2024\/04\/LOGO-BIOSCIENCES-PNG.png","width":2536,"height":638,"caption":"Biosciences"},"image":{"@id":"https:\/\/biosciences.vn\/#\/schema\/logo\/image\/"}}]}},"brands":[{"id":642,"name":"Pribolab","slug":"pribolab-vi"}],"_links":{"self":[{"href":"https:\/\/biosciences.vn\/index.php\/wp-json\/wp\/v2\/product\/5831"}],"collection":[{"href":"https:\/\/biosciences.vn\/index.php\/wp-json\/wp\/v2\/product"}],"about":[{"href":"https:\/\/biosciences.vn\/index.php\/wp-json\/wp\/v2\/types\/product"}],"replies":[{"embeddable":true,"href":"https:\/\/biosciences.vn\/index.php\/wp-json\/wp\/v2\/comments?post=5831"}],"wp:featuredmedia":[{"embeddable":true,"href":"https:\/\/biosciences.vn\/index.php\/wp-json\/wp\/v2\/media\/5828"}],"wp:attachment":[{"href":"https:\/\/biosciences.vn\/index.php\/wp-json\/wp\/v2\/media?parent=5831"}],"wp:term":[{"taxonomy":"pwb-brand","embeddable":true,"href":"https:\/\/biosciences.vn\/index.php\/wp-json\/wp\/v2\/pwb-brand?post=5831"},{"taxonomy":"product_cat","embeddable":true,"href":"https:\/\/biosciences.vn\/index.php\/wp-json\/wp\/v2\/product_cat?post=5831"},{"taxonomy":"product_tag","embeddable":true,"href":"https:\/\/biosciences.vn\/index.php\/wp-json\/wp\/v2\/product_tag?post=5831"}],"curies":[{"name":"wp","href":"https:\/\/api.w.org\/{rel}","templated":true}]}}