{"id":5863,"date":"2024-07-14T13:17:30","date_gmt":"2024-07-14T06:17:30","guid":{"rendered":"https:\/\/biosciences.vn\/?post_type=product&#038;p=5863"},"modified":"2025-08-28T14:55:09","modified_gmt":"2025-08-28T07:55:09","slug":"thiet-bi-dan-xuat-mycotoxin-mdu-20230","status":"publish","type":"product","link":"https:\/\/biosciences.vn\/index.php\/product\/thiet-bi-dan-xuat-mycotoxin-mdu-20230\/","title":{"rendered":"Thi\u1ebft b\u1ecb d\u1eabn xu\u1ea5t mycotoxin (MDU-20230)"},"content":{"rendered":"<p><strong>Thi\u1ebft b\u1ecb d\u1eabn xu\u1ea5t mycotoxin Pribolab\u00ae<\/strong><\/p>\n<p><strong>Model:<\/strong> MDU-20230<\/p>\n<p><strong>T\u1ed5ng quan<\/strong><\/p>\n<p>MDU l\u00e0 thi\u1ebft b\u1ecb m\u1edbi \u0111\u01b0\u1ee3c ph\u00e1t tri\u1ec3n, \u0111\u01b0\u1ee3c s\u1eed d\u1ee5ng \u0111\u1ec3 d\u1eabn xu\u1ea5t t\u1ee9c th\u00ec b\u1eb1ng quang h\u1ecdc c\u1ee7a aflatoxin trong qu\u00e1 tr\u00ecnh ph\u00e1t hi\u1ec7n HPLC, gi\u00fap r\u00fat ng\u1eafn th\u1eddi gian ph\u00e2n t\u00e1ch c\u1ee7a Aflatoxin B1, B2, G1 v\u00e0 G2 m\u1ed9t c\u00e1ch hi\u1ec7u qu\u1ea3. Thi\u1ebft b\u1ecb c\u00f3 th\u1ec3 k\u1ebft n\u1ed1i v\u1edbi m\u1ed9t thi\u1ebft b\u1ecb LC m\u1ed9t c\u00e1ch \u0111\u01a1n gi\u1ea3n v\u00e0 ti\u1ec7n l\u1ee3i \u0111\u1ec3 d\u1eabn xu\u1ea5t Aflatoxin B1 v\u00e0 G1 trong th\u1eddi gian th\u1ef1c, v\u00e0 d\u1eabn xu\u1ea5t n\u00e0y kh\u00f4ng \u1ea3nh h\u01b0\u1edfng \u0111\u1ebfn c\u00e1c t\u00ednh ch\u1ea5t v\u1eadt l\u00fd v\u00e0 h\u00f3a h\u1ecdc c\u1ee7a Aflatoxin B2, G2, M1 v\u00e0 M2. N\u00f3 ph\u00f9 h\u1ee3p cho ph\u00e2n t\u00edch aflatoxin trong c\u00e1c l\u0129nh v\u1ef1c th\u1ef1c ph\u1ea9m v\u00e0 d\u01b0\u1ee3c ph\u1ea9m, v\u00e0 c\u00f3 th\u1ec3 k\u1ebft n\u1ed1i tr\u1ef1c ti\u1ebfp v\u1edbi LC c\u1ee7a t\u1ea5t c\u1ea3 c\u00e1c nh\u00e3n hi\u1ec7u ch\u00ednh th\u1ed1ng.<\/p>\n<p><strong>\u0110\u1eb7c \u0111i\u1ec3m<\/strong><\/p>\n<ul>\n<li>Ho\u1ea1t \u0111\u1ed9ng \u0111\u01a1n gi\u1ea3n v\u00e0 chi ph\u00ed b\u1ea3o tr\u00ec th\u1ea5p, kh\u00f4ng c\u1ea7n b\u01b0\u1edbc r\u1eeda.<\/li>\n<li>T\u01b0\u01a1ng th\u00edch v\u1edbi m\u1ecdi HPLC<\/li>\n<li>Th\u1eddi gian d\u1eabn xu\u1ea5t ng\u1eafn, v\u00e0 qu\u00e1 tr\u00ecnh ph\u00e1t hi\u1ec7n c\u00f3 th\u1ec3 ho\u00e0n th\u00e0nh trong 10 ph\u00fat<\/li>\n<li>Tu\u00e2n th\u1ee7 c\u00e1c ti\u00eau chu\u1ea9n AOAC2005.08, AOCS Aa 11-05-2011, D\u01b0\u1ee3c \u0111i\u1ec3n ch\u00e2u \u00c2u 2.8.18 v\u00e0 c\u00e1c ph\u01b0\u01a1ng ph\u00e1p ph\u00e2n t\u00edch kh\u00e1c.<\/li>\n<\/ul>\n<p><strong>Th\u00f4ng s\u1ed1 k\u1ef9 thu\u1eadt<\/strong><\/p>\n<table>\n<thead>\n<tr>\n<th>Th\u00f4ng s\u1ed1<\/th>\n<th>Gi\u00e1 tr\u1ecb<\/th>\n<\/tr>\n<\/thead>\n<tbody>\n<tr>\n<td>K\u00edch th\u01b0\u1edbc (h\u00b4w\u00b4d)<\/td>\n<td>100 mm \u00d7 150 mm \u00d7 280 mm<\/td>\n<\/tr>\n<tr>\n<td>Tr\u1ecdng l\u01b0\u1ee3ng<\/td>\n<td>3 kg<\/td>\n<\/tr>\n<tr>\n<td>C\u00f4ng su\u1ea5t<\/td>\n<td>220 V, 50\/60 Hz, 100 W<\/td>\n<\/tr>\n<tr>\n<td>M\u00f4i tr\u01b0\u1eddng l\u00e0m vi\u1ec7c<\/td>\n<td>Nhi\u1ec7t \u0111\u1ed9: -4~50\u2103; \u0110\u1ed9 \u1ea9m t\u01b0\u01a1ng \u0111\u1ed1i: \u226485%<\/td>\n<\/tr>\n<tr>\n<td>Ngu\u1ed3n s\u00e1ng<\/td>\n<td>254 nm v\u00e0 352 nm, 9 W Power<\/td>\n<\/tr>\n<tr>\n<td>\u0110\u1ed9 tr\u00f4i<\/td>\n<td>\u2264 2.5\u00d710-4 AU\/h<\/td>\n<\/tr>\n<tr>\n<td>\u0110\u1ed9 t\u00e1i l\u1eadp b\u01b0\u1edbc s\u00f3ng<\/td>\n<td>\u00b11 nm<\/td>\n<\/tr>\n<tr>\n<td>\u0110\u1ed9 ch\u00ednh x\u00e1c b\u01b0\u1edbc s\u00f3ng<\/td>\n<td>\u00b11 nm<\/td>\n<\/tr>\n<tr>\n<td>\u0110\u1ed9 r\u1ed9ng b\u0103ng t\u1ea7n<\/td>\n<td>&lt;5 nm<\/td>\n<\/tr>\n<tr>\n<td>Tu\u1ed5i th\u1ecd \u0111\u00e8n<\/td>\n<td>\u2265 8000 h<\/td>\n<\/tr>\n<tr>\n<td>\u00c1p su\u1ea5t t\u1ed1i \u0111a c\u1ee7a b\u1ec3<\/td>\n<td>100 Bar\/1500 psi<\/td>\n<\/tr>\n<tr>\n<td>T\u1ed1c \u0111\u1ed9 d\u00f2ng ch\u1ea3y<\/td>\n<td>0.2-0.6 mL\/min, t\u1ed1i \u01b0u: 0.3 mL\/min<\/td>\n<\/tr>\n<tr>\n<td>Cu\u1ed9n d\u1eabn xu\u1ea5t<\/td>\n<td>FEP<\/td>\n<\/tr>\n<tr>\n<td>Th\u1ec3 t\u00edch b\u1ec3 d\u1eabn xu\u1ea5t<\/td>\n<td>1mL<\/td>\n<\/tr>\n<\/tbody>\n<\/table>\n<p>&nbsp;<\/p>\n","protected":false},"excerpt":{"rendered":"<p>Thi\u1ebft b\u1ecb d\u1eabn xu\u1ea5t mycotoxin Pribolab\u00ae Model: MDU-20230 T\u1ed5ng quan MDU l\u00e0 thi\u1ebft b\u1ecb m\u1edbi \u0111\u01b0\u1ee3c ph\u00e1t tri\u1ec3n, \u0111\u01b0\u1ee3c s\u1eed d\u1ee5ng \u0111\u1ec3 d\u1eabn xu\u1ea5t t\u1ee9c th\u00ec b\u1eb1ng quang h\u1ecdc c\u1ee7a aflatoxin trong qu\u00e1 tr\u00ecnh ph\u00e1t hi\u1ec7n HPLC, gi\u00fap r\u00fat ng\u1eafn th\u1eddi gian ph\u00e2n t\u00e1ch c\u1ee7a Aflatoxin B1, B2, G1 v\u00e0 G2 m\u1ed9t c\u00e1ch hi\u1ec7u qu\u1ea3. [&hellip;]<\/p>\n","protected":false},"featured_media":5864,"comment_status":"open","ping_status":"closed","template":"","meta":[],"pwb-brand":[642],"product_cat":[723,439,443],"product_tag":[],"class_list":{"0":"post-5863","1":"product","2":"type-product","3":"status-publish","4":"has-post-thumbnail","6":"pwb-brand-pribolab-vi","7":"product_cat-thiet-bi-phan-tich-phuc-pham-vi","8":"product_cat-thiet-bi-khoa-hoc","9":"product_cat-thiet-bi-chuyen-dung","11":"first","12":"instock","13":"shipping-taxable","14":"purchasable","15":"product-type-simple"},"yoast_head":"<!-- This site is optimized with the Yoast SEO plugin v23.6 - https:\/\/yoast.com\/wordpress\/plugins\/seo\/ -->\n<title>Thi\u1ebft b\u1ecb d\u1eabn xu\u1ea5t mycotoxin (MDU-20230) - Biosciences<\/title>\n<meta name=\"robots\" content=\"index, follow, max-snippet:-1, max-image-preview:large, max-video-preview:-1\" \/>\n<link rel=\"canonical\" href=\"https:\/\/biosciences.vn\/index.php\/product\/thiet-bi-dan-xuat-mycotoxin-mdu-20230\/\" \/>\n<meta property=\"og:locale\" content=\"en_US\" \/>\n<meta property=\"og:type\" content=\"article\" \/>\n<meta property=\"og:title\" content=\"Thi\u1ebft b\u1ecb d\u1eabn xu\u1ea5t mycotoxin (MDU-20230) - Biosciences\" \/>\n<meta property=\"og:description\" content=\"Thi\u1ebft b\u1ecb d\u1eabn xu\u1ea5t mycotoxin Pribolab\u00ae Model: MDU-20230 T\u1ed5ng quan MDU l\u00e0 thi\u1ebft b\u1ecb m\u1edbi \u0111\u01b0\u1ee3c ph\u00e1t tri\u1ec3n, \u0111\u01b0\u1ee3c s\u1eed d\u1ee5ng \u0111\u1ec3 d\u1eabn xu\u1ea5t t\u1ee9c th\u00ec b\u1eb1ng quang h\u1ecdc c\u1ee7a aflatoxin trong qu\u00e1 tr\u00ecnh ph\u00e1t hi\u1ec7n HPLC, gi\u00fap r\u00fat ng\u1eafn th\u1eddi gian ph\u00e2n t\u00e1ch c\u1ee7a Aflatoxin B1, B2, G1 v\u00e0 G2 m\u1ed9t c\u00e1ch hi\u1ec7u qu\u1ea3. [&hellip;]\" \/>\n<meta property=\"og:url\" content=\"https:\/\/biosciences.vn\/index.php\/product\/thiet-bi-dan-xuat-mycotoxin-mdu-20230\/\" \/>\n<meta property=\"og:site_name\" content=\"Biosciences\" \/>\n<meta property=\"article:modified_time\" content=\"2025-08-28T07:55:09+00:00\" \/>\n<meta property=\"og:image\" content=\"https:\/\/biosciences.vn\/wp-content\/uploads\/2024\/07\/MDU-20230.png\" \/>\n\t<meta property=\"og:image:width\" content=\"820\" \/>\n\t<meta property=\"og:image:height\" content=\"680\" \/>\n\t<meta property=\"og:image:type\" content=\"image\/png\" \/>\n<meta name=\"twitter:card\" content=\"summary_large_image\" \/>\n<meta name=\"twitter:label1\" content=\"Est. reading time\" \/>\n\t<meta name=\"twitter:data1\" content=\"2 minutes\" \/>\n<script type=\"application\/ld+json\" class=\"yoast-schema-graph\">{\"@context\":\"https:\/\/schema.org\",\"@graph\":[{\"@type\":\"WebPage\",\"@id\":\"https:\/\/biosciences.vn\/index.php\/product\/thiet-bi-dan-xuat-mycotoxin-mdu-20230\/\",\"url\":\"https:\/\/biosciences.vn\/index.php\/product\/thiet-bi-dan-xuat-mycotoxin-mdu-20230\/\",\"name\":\"Thi\u1ebft b\u1ecb d\u1eabn xu\u1ea5t mycotoxin (MDU-20230) - Biosciences\",\"isPartOf\":{\"@id\":\"https:\/\/biosciences.vn\/#website\"},\"primaryImageOfPage\":{\"@id\":\"https:\/\/biosciences.vn\/index.php\/product\/thiet-bi-dan-xuat-mycotoxin-mdu-20230\/#primaryimage\"},\"image\":{\"@id\":\"https:\/\/biosciences.vn\/index.php\/product\/thiet-bi-dan-xuat-mycotoxin-mdu-20230\/#primaryimage\"},\"thumbnailUrl\":\"https:\/\/biosciences.vn\/wp-content\/uploads\/2024\/07\/MDU-20230.png\",\"datePublished\":\"2024-07-14T06:17:30+00:00\",\"dateModified\":\"2025-08-28T07:55:09+00:00\",\"breadcrumb\":{\"@id\":\"https:\/\/biosciences.vn\/index.php\/product\/thiet-bi-dan-xuat-mycotoxin-mdu-20230\/#breadcrumb\"},\"inLanguage\":\"en-US\",\"potentialAction\":[{\"@type\":\"ReadAction\",\"target\":[\"https:\/\/biosciences.vn\/index.php\/product\/thiet-bi-dan-xuat-mycotoxin-mdu-20230\/\"]}]},{\"@type\":\"ImageObject\",\"inLanguage\":\"en-US\",\"@id\":\"https:\/\/biosciences.vn\/index.php\/product\/thiet-bi-dan-xuat-mycotoxin-mdu-20230\/#primaryimage\",\"url\":\"https:\/\/biosciences.vn\/wp-content\/uploads\/2024\/07\/MDU-20230.png\",\"contentUrl\":\"https:\/\/biosciences.vn\/wp-content\/uploads\/2024\/07\/MDU-20230.png\",\"width\":820,\"height\":680},{\"@type\":\"BreadcrumbList\",\"@id\":\"https:\/\/biosciences.vn\/index.php\/product\/thiet-bi-dan-xuat-mycotoxin-mdu-20230\/#breadcrumb\",\"itemListElement\":[{\"@type\":\"ListItem\",\"position\":1,\"name\":\"Trang ch\u1ee7\",\"item\":\"https:\/\/biosciences.vn\/index.php\/en\/home\/\"},{\"@type\":\"ListItem\",\"position\":2,\"name\":\"Shop\",\"item\":\"https:\/\/biosciences.vn\/index.php\/shop\/\"},{\"@type\":\"ListItem\",\"position\":3,\"name\":\"Thi\u1ebft b\u1ecb d\u1eabn xu\u1ea5t mycotoxin (MDU-20230)\"}]},{\"@type\":\"WebSite\",\"@id\":\"https:\/\/biosciences.vn\/#website\",\"url\":\"https:\/\/biosciences.vn\/\",\"name\":\"Biosciences\",\"description\":\"\",\"publisher\":{\"@id\":\"https:\/\/biosciences.vn\/#organization\"},\"potentialAction\":[{\"@type\":\"SearchAction\",\"target\":{\"@type\":\"EntryPoint\",\"urlTemplate\":\"https:\/\/biosciences.vn\/?s={search_term_string}\"},\"query-input\":{\"@type\":\"PropertyValueSpecification\",\"valueRequired\":true,\"valueName\":\"search_term_string\"}}],\"inLanguage\":\"en-US\"},{\"@type\":\"Organization\",\"@id\":\"https:\/\/biosciences.vn\/#organization\",\"name\":\"Biosciences\",\"url\":\"https:\/\/biosciences.vn\/\",\"logo\":{\"@type\":\"ImageObject\",\"inLanguage\":\"en-US\",\"@id\":\"https:\/\/biosciences.vn\/#\/schema\/logo\/image\/\",\"url\":\"https:\/\/biosciences.vn\/wp-content\/uploads\/2024\/04\/LOGO-BIOSCIENCES-PNG.png\",\"contentUrl\":\"https:\/\/biosciences.vn\/wp-content\/uploads\/2024\/04\/LOGO-BIOSCIENCES-PNG.png\",\"width\":2536,\"height\":638,\"caption\":\"Biosciences\"},\"image\":{\"@id\":\"https:\/\/biosciences.vn\/#\/schema\/logo\/image\/\"}}]}<\/script>\n<!-- \/ Yoast SEO plugin. -->","yoast_head_json":{"title":"Thi\u1ebft b\u1ecb d\u1eabn xu\u1ea5t mycotoxin (MDU-20230) - Biosciences","robots":{"index":"index","follow":"follow","max-snippet":"max-snippet:-1","max-image-preview":"max-image-preview:large","max-video-preview":"max-video-preview:-1"},"canonical":"https:\/\/biosciences.vn\/index.php\/product\/thiet-bi-dan-xuat-mycotoxin-mdu-20230\/","og_locale":"en_US","og_type":"article","og_title":"Thi\u1ebft b\u1ecb d\u1eabn xu\u1ea5t mycotoxin (MDU-20230) - Biosciences","og_description":"Thi\u1ebft b\u1ecb d\u1eabn xu\u1ea5t mycotoxin Pribolab\u00ae Model: MDU-20230 T\u1ed5ng quan MDU l\u00e0 thi\u1ebft b\u1ecb m\u1edbi \u0111\u01b0\u1ee3c ph\u00e1t tri\u1ec3n, \u0111\u01b0\u1ee3c s\u1eed d\u1ee5ng \u0111\u1ec3 d\u1eabn xu\u1ea5t t\u1ee9c th\u00ec b\u1eb1ng quang h\u1ecdc c\u1ee7a aflatoxin trong qu\u00e1 tr\u00ecnh ph\u00e1t hi\u1ec7n HPLC, gi\u00fap r\u00fat ng\u1eafn th\u1eddi gian ph\u00e2n t\u00e1ch c\u1ee7a Aflatoxin B1, B2, G1 v\u00e0 G2 m\u1ed9t c\u00e1ch hi\u1ec7u qu\u1ea3. [&hellip;]","og_url":"https:\/\/biosciences.vn\/index.php\/product\/thiet-bi-dan-xuat-mycotoxin-mdu-20230\/","og_site_name":"Biosciences","article_modified_time":"2025-08-28T07:55:09+00:00","og_image":[{"width":820,"height":680,"url":"https:\/\/biosciences.vn\/wp-content\/uploads\/2024\/07\/MDU-20230.png","type":"image\/png"}],"twitter_card":"summary_large_image","twitter_misc":{"Est. reading time":"2 minutes"},"schema":{"@context":"https:\/\/schema.org","@graph":[{"@type":"WebPage","@id":"https:\/\/biosciences.vn\/index.php\/product\/thiet-bi-dan-xuat-mycotoxin-mdu-20230\/","url":"https:\/\/biosciences.vn\/index.php\/product\/thiet-bi-dan-xuat-mycotoxin-mdu-20230\/","name":"Thi\u1ebft b\u1ecb d\u1eabn xu\u1ea5t mycotoxin (MDU-20230) - Biosciences","isPartOf":{"@id":"https:\/\/biosciences.vn\/#website"},"primaryImageOfPage":{"@id":"https:\/\/biosciences.vn\/index.php\/product\/thiet-bi-dan-xuat-mycotoxin-mdu-20230\/#primaryimage"},"image":{"@id":"https:\/\/biosciences.vn\/index.php\/product\/thiet-bi-dan-xuat-mycotoxin-mdu-20230\/#primaryimage"},"thumbnailUrl":"https:\/\/biosciences.vn\/wp-content\/uploads\/2024\/07\/MDU-20230.png","datePublished":"2024-07-14T06:17:30+00:00","dateModified":"2025-08-28T07:55:09+00:00","breadcrumb":{"@id":"https:\/\/biosciences.vn\/index.php\/product\/thiet-bi-dan-xuat-mycotoxin-mdu-20230\/#breadcrumb"},"inLanguage":"en-US","potentialAction":[{"@type":"ReadAction","target":["https:\/\/biosciences.vn\/index.php\/product\/thiet-bi-dan-xuat-mycotoxin-mdu-20230\/"]}]},{"@type":"ImageObject","inLanguage":"en-US","@id":"https:\/\/biosciences.vn\/index.php\/product\/thiet-bi-dan-xuat-mycotoxin-mdu-20230\/#primaryimage","url":"https:\/\/biosciences.vn\/wp-content\/uploads\/2024\/07\/MDU-20230.png","contentUrl":"https:\/\/biosciences.vn\/wp-content\/uploads\/2024\/07\/MDU-20230.png","width":820,"height":680},{"@type":"BreadcrumbList","@id":"https:\/\/biosciences.vn\/index.php\/product\/thiet-bi-dan-xuat-mycotoxin-mdu-20230\/#breadcrumb","itemListElement":[{"@type":"ListItem","position":1,"name":"Trang ch\u1ee7","item":"https:\/\/biosciences.vn\/index.php\/en\/home\/"},{"@type":"ListItem","position":2,"name":"Shop","item":"https:\/\/biosciences.vn\/index.php\/shop\/"},{"@type":"ListItem","position":3,"name":"Thi\u1ebft b\u1ecb d\u1eabn xu\u1ea5t mycotoxin (MDU-20230)"}]},{"@type":"WebSite","@id":"https:\/\/biosciences.vn\/#website","url":"https:\/\/biosciences.vn\/","name":"Biosciences","description":"","publisher":{"@id":"https:\/\/biosciences.vn\/#organization"},"potentialAction":[{"@type":"SearchAction","target":{"@type":"EntryPoint","urlTemplate":"https:\/\/biosciences.vn\/?s={search_term_string}"},"query-input":{"@type":"PropertyValueSpecification","valueRequired":true,"valueName":"search_term_string"}}],"inLanguage":"en-US"},{"@type":"Organization","@id":"https:\/\/biosciences.vn\/#organization","name":"Biosciences","url":"https:\/\/biosciences.vn\/","logo":{"@type":"ImageObject","inLanguage":"en-US","@id":"https:\/\/biosciences.vn\/#\/schema\/logo\/image\/","url":"https:\/\/biosciences.vn\/wp-content\/uploads\/2024\/04\/LOGO-BIOSCIENCES-PNG.png","contentUrl":"https:\/\/biosciences.vn\/wp-content\/uploads\/2024\/04\/LOGO-BIOSCIENCES-PNG.png","width":2536,"height":638,"caption":"Biosciences"},"image":{"@id":"https:\/\/biosciences.vn\/#\/schema\/logo\/image\/"}}]}},"brands":[{"id":642,"name":"Pribolab","slug":"pribolab-vi"}],"_links":{"self":[{"href":"https:\/\/biosciences.vn\/index.php\/wp-json\/wp\/v2\/product\/5863"}],"collection":[{"href":"https:\/\/biosciences.vn\/index.php\/wp-json\/wp\/v2\/product"}],"about":[{"href":"https:\/\/biosciences.vn\/index.php\/wp-json\/wp\/v2\/types\/product"}],"replies":[{"embeddable":true,"href":"https:\/\/biosciences.vn\/index.php\/wp-json\/wp\/v2\/comments?post=5863"}],"wp:featuredmedia":[{"embeddable":true,"href":"https:\/\/biosciences.vn\/index.php\/wp-json\/wp\/v2\/media\/5864"}],"wp:attachment":[{"href":"https:\/\/biosciences.vn\/index.php\/wp-json\/wp\/v2\/media?parent=5863"}],"wp:term":[{"taxonomy":"pwb-brand","embeddable":true,"href":"https:\/\/biosciences.vn\/index.php\/wp-json\/wp\/v2\/pwb-brand?post=5863"},{"taxonomy":"product_cat","embeddable":true,"href":"https:\/\/biosciences.vn\/index.php\/wp-json\/wp\/v2\/product_cat?post=5863"},{"taxonomy":"product_tag","embeddable":true,"href":"https:\/\/biosciences.vn\/index.php\/wp-json\/wp\/v2\/product_tag?post=5863"}],"curies":[{"name":"wp","href":"https:\/\/api.w.org\/{rel}","templated":true}]}}