{"id":6371,"date":"2024-10-29T16:36:25","date_gmt":"2024-10-29T09:36:25","guid":{"rendered":"https:\/\/biosciences.vn\/?post_type=product&#038;p=6371"},"modified":"2025-08-28T14:55:09","modified_gmt":"2025-08-28T07:55:09","slug":"fetal-bovine-serum-fbs-premium","status":"publish","type":"product","link":"https:\/\/biosciences.vn\/index.php\/product\/fetal-bovine-serum-fbs-premium\/","title":{"rendered":"Fetal\n  Bovine Serum (FBS) Premium (S001-01)"},"content":{"rendered":"<p>Fetal Bovine Serum (FBS) Premium l\u00e0 s\u1ea3n ph\u1ea9m ch\u1ea5t l\u01b0\u1ee3ng cao \u0111\u01b0\u1ee3c thi\u1ebft k\u1ebf \u0111\u1eb7c bi\u1ec7t \u0111\u1ec3 cung c\u1ea5p m\u00f4i tr\u01b0\u1eddng dinh d\u01b0\u1ee1ng t\u1ed1i \u01b0u cho c\u00e1c \u1ee9ng d\u1ee5ng nu\u00f4i c\u1ea5y t\u1ebf b\u00e0o trong ph\u00f2ng th\u00ed nghi\u1ec7m. S\u1ea3n ph\u1ea9m \u0111\u01b0\u1ee3c l\u1ecdc qua m\u00e0ng 0.1 \u03bcm \u0111\u1ec3 \u0111\u1ea3m b\u1ea3o \u0111\u1ed9 tinh khi\u1ebft v\u00e0 an to\u00e0n cho c\u00e1c \u1ee9ng d\u1ee5ng nh\u1ea1y c\u1ea3m.<\/p>\n<p><strong>\u0110\u1eb7c \u0111i\u1ec3m n\u1ed5i b\u1eadt<\/strong>:<\/p>\n<ul>\n<li>L\u1ecdc v\u00f4 tr\u00f9ng qua m\u00e0ng 0.1 \u03bcm<\/li>\n<li>H\u00e0m l\u01b0\u1ee3ng endotoxin th\u1ea5p<\/li>\n<li>H\u00e0m l\u01b0\u1ee3ng hemoglobin th\u1ea5p<\/li>\n<li>\u0110\u01b0\u1ee3c ki\u1ec3m nghi\u1ec7m ch\u1ea5t l\u01b0\u1ee3ng v\u1ec1 hi\u1ec7u su\u1ea5t, mycoplasma, virus, bacteriophage v\u00e0 endotoxin<\/li>\n<li>Nhi\u1ec7t \u0111\u1ed9 b\u1ea3o qu\u1ea3n khuy\u1ebfn ngh\u1ecb: D\u01b0\u1edbi -20\u00b0C<\/li>\n<li>Quy c\u00e1ch \u0111\u00f3ng g\u00f3i: 100ML, 500ML<\/li>\n<\/ul>\n","protected":false},"excerpt":{"rendered":"<p>Fetal Bovine Serum (FBS) Premium l\u00e0 s\u1ea3n ph\u1ea9m ch\u1ea5t l\u01b0\u1ee3ng cao \u0111\u01b0\u1ee3c thi\u1ebft k\u1ebf \u0111\u1eb7c bi\u1ec7t \u0111\u1ec3 cung c\u1ea5p m\u00f4i tr\u01b0\u1eddng dinh d\u01b0\u1ee1ng t\u1ed1i \u01b0u cho c\u00e1c \u1ee9ng d\u1ee5ng nu\u00f4i c\u1ea5y t\u1ebf b\u00e0o trong ph\u00f2ng th\u00ed nghi\u1ec7m. S\u1ea3n ph\u1ea9m \u0111\u01b0\u1ee3c l\u1ecdc qua m\u00e0ng 0.1 \u03bcm \u0111\u1ec3 \u0111\u1ea3m b\u1ea3o \u0111\u1ed9 tinh khi\u1ebft v\u00e0 an to\u00e0n cho [&hellip;]<\/p>\n","protected":false},"featured_media":6373,"comment_status":"open","ping_status":"closed","template":"","meta":[],"pwb-brand":[906],"product_cat":[457,804],"product_tag":[908],"class_list":{"0":"post-6371","1":"product","2":"type-product","3":"status-publish","4":"has-post-thumbnail","6":"pwb-brand-welgene","7":"product_cat-nuoi-cay-te-bao-phan-tich-protein","8":"product_cat-serum","9":"product_tag-fbs","10":"pa_size-100ml","11":"pa_size-500ml","13":"first","14":"onbackorder","15":"shipping-taxable","16":"purchasable","17":"product-type-simple"},"yoast_head":"<!-- This site is optimized with the Yoast SEO plugin v23.6 - https:\/\/yoast.com\/wordpress\/plugins\/seo\/ -->\n<title>Fetal  Bovine Serum (FBS) Premium (S001-01) - Biosciences<\/title>\n<meta name=\"robots\" content=\"index, follow, max-snippet:-1, max-image-preview:large, max-video-preview:-1\" \/>\n<link rel=\"canonical\" href=\"https:\/\/biosciences.vn\/index.php\/product\/fetal-bovine-serum-fbs-premium\/\" \/>\n<meta property=\"og:locale\" content=\"en_US\" \/>\n<meta property=\"og:type\" content=\"article\" \/>\n<meta property=\"og:title\" content=\"Fetal  Bovine Serum (FBS) Premium (S001-01) - Biosciences\" \/>\n<meta property=\"og:description\" content=\"Fetal Bovine Serum (FBS) Premium l\u00e0 s\u1ea3n ph\u1ea9m ch\u1ea5t l\u01b0\u1ee3ng cao \u0111\u01b0\u1ee3c thi\u1ebft k\u1ebf \u0111\u1eb7c bi\u1ec7t \u0111\u1ec3 cung c\u1ea5p m\u00f4i tr\u01b0\u1eddng dinh d\u01b0\u1ee1ng t\u1ed1i \u01b0u cho c\u00e1c \u1ee9ng d\u1ee5ng nu\u00f4i c\u1ea5y t\u1ebf b\u00e0o trong ph\u00f2ng th\u00ed nghi\u1ec7m. S\u1ea3n ph\u1ea9m \u0111\u01b0\u1ee3c l\u1ecdc qua m\u00e0ng 0.1 \u03bcm \u0111\u1ec3 \u0111\u1ea3m b\u1ea3o \u0111\u1ed9 tinh khi\u1ebft v\u00e0 an to\u00e0n cho [&hellip;]\" \/>\n<meta property=\"og:url\" content=\"https:\/\/biosciences.vn\/index.php\/product\/fetal-bovine-serum-fbs-premium\/\" \/>\n<meta property=\"og:site_name\" content=\"Biosciences\" \/>\n<meta property=\"article:modified_time\" content=\"2025-08-28T07:55:09+00:00\" \/>\n<meta property=\"og:image\" content=\"https:\/\/biosciences.vn\/wp-content\/uploads\/2024\/10\/S001-01_best_900x.webp\" \/>\n\t<meta property=\"og:image:width\" content=\"800\" \/>\n\t<meta property=\"og:image:height\" content=\"801\" \/>\n\t<meta property=\"og:image:type\" content=\"image\/webp\" \/>\n<meta name=\"twitter:card\" content=\"summary_large_image\" \/>\n<meta name=\"twitter:label1\" content=\"Est. reading time\" \/>\n\t<meta name=\"twitter:data1\" content=\"1 minute\" \/>\n<script type=\"application\/ld+json\" class=\"yoast-schema-graph\">{\"@context\":\"https:\/\/schema.org\",\"@graph\":[{\"@type\":\"WebPage\",\"@id\":\"https:\/\/biosciences.vn\/index.php\/product\/fetal-bovine-serum-fbs-premium\/\",\"url\":\"https:\/\/biosciences.vn\/index.php\/product\/fetal-bovine-serum-fbs-premium\/\",\"name\":\"Fetal Bovine Serum (FBS) Premium (S001-01) - Biosciences\",\"isPartOf\":{\"@id\":\"https:\/\/biosciences.vn\/#website\"},\"primaryImageOfPage\":{\"@id\":\"https:\/\/biosciences.vn\/index.php\/product\/fetal-bovine-serum-fbs-premium\/#primaryimage\"},\"image\":{\"@id\":\"https:\/\/biosciences.vn\/index.php\/product\/fetal-bovine-serum-fbs-premium\/#primaryimage\"},\"thumbnailUrl\":\"https:\/\/biosciences.vn\/wp-content\/uploads\/2024\/10\/S001-01_best_900x.webp\",\"datePublished\":\"2024-10-29T09:36:25+00:00\",\"dateModified\":\"2025-08-28T07:55:09+00:00\",\"breadcrumb\":{\"@id\":\"https:\/\/biosciences.vn\/index.php\/product\/fetal-bovine-serum-fbs-premium\/#breadcrumb\"},\"inLanguage\":\"en-US\",\"potentialAction\":[{\"@type\":\"ReadAction\",\"target\":[\"https:\/\/biosciences.vn\/index.php\/product\/fetal-bovine-serum-fbs-premium\/\"]}]},{\"@type\":\"ImageObject\",\"inLanguage\":\"en-US\",\"@id\":\"https:\/\/biosciences.vn\/index.php\/product\/fetal-bovine-serum-fbs-premium\/#primaryimage\",\"url\":\"https:\/\/biosciences.vn\/wp-content\/uploads\/2024\/10\/S001-01_best_900x.webp\",\"contentUrl\":\"https:\/\/biosciences.vn\/wp-content\/uploads\/2024\/10\/S001-01_best_900x.webp\",\"width\":800,\"height\":801},{\"@type\":\"BreadcrumbList\",\"@id\":\"https:\/\/biosciences.vn\/index.php\/product\/fetal-bovine-serum-fbs-premium\/#breadcrumb\",\"itemListElement\":[{\"@type\":\"ListItem\",\"position\":1,\"name\":\"Trang ch\u1ee7\",\"item\":\"https:\/\/biosciences.vn\/index.php\/en\/home\/\"},{\"@type\":\"ListItem\",\"position\":2,\"name\":\"Shop\",\"item\":\"https:\/\/biosciences.vn\/index.php\/shop\/\"},{\"@type\":\"ListItem\",\"position\":3,\"name\":\"Fetal Bovine Serum (FBS) Premium (S001-01)\"}]},{\"@type\":\"WebSite\",\"@id\":\"https:\/\/biosciences.vn\/#website\",\"url\":\"https:\/\/biosciences.vn\/\",\"name\":\"Biosciences\",\"description\":\"\",\"publisher\":{\"@id\":\"https:\/\/biosciences.vn\/#organization\"},\"potentialAction\":[{\"@type\":\"SearchAction\",\"target\":{\"@type\":\"EntryPoint\",\"urlTemplate\":\"https:\/\/biosciences.vn\/?s={search_term_string}\"},\"query-input\":{\"@type\":\"PropertyValueSpecification\",\"valueRequired\":true,\"valueName\":\"search_term_string\"}}],\"inLanguage\":\"en-US\"},{\"@type\":\"Organization\",\"@id\":\"https:\/\/biosciences.vn\/#organization\",\"name\":\"Biosciences\",\"url\":\"https:\/\/biosciences.vn\/\",\"logo\":{\"@type\":\"ImageObject\",\"inLanguage\":\"en-US\",\"@id\":\"https:\/\/biosciences.vn\/#\/schema\/logo\/image\/\",\"url\":\"https:\/\/biosciences.vn\/wp-content\/uploads\/2024\/04\/LOGO-BIOSCIENCES-PNG.png\",\"contentUrl\":\"https:\/\/biosciences.vn\/wp-content\/uploads\/2024\/04\/LOGO-BIOSCIENCES-PNG.png\",\"width\":2536,\"height\":638,\"caption\":\"Biosciences\"},\"image\":{\"@id\":\"https:\/\/biosciences.vn\/#\/schema\/logo\/image\/\"}}]}<\/script>\n<!-- \/ Yoast SEO plugin. -->","yoast_head_json":{"title":"Fetal  Bovine Serum (FBS) Premium (S001-01) - Biosciences","robots":{"index":"index","follow":"follow","max-snippet":"max-snippet:-1","max-image-preview":"max-image-preview:large","max-video-preview":"max-video-preview:-1"},"canonical":"https:\/\/biosciences.vn\/index.php\/product\/fetal-bovine-serum-fbs-premium\/","og_locale":"en_US","og_type":"article","og_title":"Fetal  Bovine Serum (FBS) Premium (S001-01) - Biosciences","og_description":"Fetal Bovine Serum (FBS) Premium l\u00e0 s\u1ea3n ph\u1ea9m ch\u1ea5t l\u01b0\u1ee3ng cao \u0111\u01b0\u1ee3c thi\u1ebft k\u1ebf \u0111\u1eb7c bi\u1ec7t \u0111\u1ec3 cung c\u1ea5p m\u00f4i tr\u01b0\u1eddng dinh d\u01b0\u1ee1ng t\u1ed1i \u01b0u cho c\u00e1c \u1ee9ng d\u1ee5ng nu\u00f4i c\u1ea5y t\u1ebf b\u00e0o trong ph\u00f2ng th\u00ed nghi\u1ec7m. S\u1ea3n ph\u1ea9m \u0111\u01b0\u1ee3c l\u1ecdc qua m\u00e0ng 0.1 \u03bcm \u0111\u1ec3 \u0111\u1ea3m b\u1ea3o \u0111\u1ed9 tinh khi\u1ebft v\u00e0 an to\u00e0n cho [&hellip;]","og_url":"https:\/\/biosciences.vn\/index.php\/product\/fetal-bovine-serum-fbs-premium\/","og_site_name":"Biosciences","article_modified_time":"2025-08-28T07:55:09+00:00","og_image":[{"width":800,"height":801,"url":"https:\/\/biosciences.vn\/wp-content\/uploads\/2024\/10\/S001-01_best_900x.webp","type":"image\/webp"}],"twitter_card":"summary_large_image","twitter_misc":{"Est. reading time":"1 minute"},"schema":{"@context":"https:\/\/schema.org","@graph":[{"@type":"WebPage","@id":"https:\/\/biosciences.vn\/index.php\/product\/fetal-bovine-serum-fbs-premium\/","url":"https:\/\/biosciences.vn\/index.php\/product\/fetal-bovine-serum-fbs-premium\/","name":"Fetal Bovine Serum (FBS) Premium (S001-01) - Biosciences","isPartOf":{"@id":"https:\/\/biosciences.vn\/#website"},"primaryImageOfPage":{"@id":"https:\/\/biosciences.vn\/index.php\/product\/fetal-bovine-serum-fbs-premium\/#primaryimage"},"image":{"@id":"https:\/\/biosciences.vn\/index.php\/product\/fetal-bovine-serum-fbs-premium\/#primaryimage"},"thumbnailUrl":"https:\/\/biosciences.vn\/wp-content\/uploads\/2024\/10\/S001-01_best_900x.webp","datePublished":"2024-10-29T09:36:25+00:00","dateModified":"2025-08-28T07:55:09+00:00","breadcrumb":{"@id":"https:\/\/biosciences.vn\/index.php\/product\/fetal-bovine-serum-fbs-premium\/#breadcrumb"},"inLanguage":"en-US","potentialAction":[{"@type":"ReadAction","target":["https:\/\/biosciences.vn\/index.php\/product\/fetal-bovine-serum-fbs-premium\/"]}]},{"@type":"ImageObject","inLanguage":"en-US","@id":"https:\/\/biosciences.vn\/index.php\/product\/fetal-bovine-serum-fbs-premium\/#primaryimage","url":"https:\/\/biosciences.vn\/wp-content\/uploads\/2024\/10\/S001-01_best_900x.webp","contentUrl":"https:\/\/biosciences.vn\/wp-content\/uploads\/2024\/10\/S001-01_best_900x.webp","width":800,"height":801},{"@type":"BreadcrumbList","@id":"https:\/\/biosciences.vn\/index.php\/product\/fetal-bovine-serum-fbs-premium\/#breadcrumb","itemListElement":[{"@type":"ListItem","position":1,"name":"Trang ch\u1ee7","item":"https:\/\/biosciences.vn\/index.php\/en\/home\/"},{"@type":"ListItem","position":2,"name":"Shop","item":"https:\/\/biosciences.vn\/index.php\/shop\/"},{"@type":"ListItem","position":3,"name":"Fetal Bovine Serum (FBS) Premium (S001-01)"}]},{"@type":"WebSite","@id":"https:\/\/biosciences.vn\/#website","url":"https:\/\/biosciences.vn\/","name":"Biosciences","description":"","publisher":{"@id":"https:\/\/biosciences.vn\/#organization"},"potentialAction":[{"@type":"SearchAction","target":{"@type":"EntryPoint","urlTemplate":"https:\/\/biosciences.vn\/?s={search_term_string}"},"query-input":{"@type":"PropertyValueSpecification","valueRequired":true,"valueName":"search_term_string"}}],"inLanguage":"en-US"},{"@type":"Organization","@id":"https:\/\/biosciences.vn\/#organization","name":"Biosciences","url":"https:\/\/biosciences.vn\/","logo":{"@type":"ImageObject","inLanguage":"en-US","@id":"https:\/\/biosciences.vn\/#\/schema\/logo\/image\/","url":"https:\/\/biosciences.vn\/wp-content\/uploads\/2024\/04\/LOGO-BIOSCIENCES-PNG.png","contentUrl":"https:\/\/biosciences.vn\/wp-content\/uploads\/2024\/04\/LOGO-BIOSCIENCES-PNG.png","width":2536,"height":638,"caption":"Biosciences"},"image":{"@id":"https:\/\/biosciences.vn\/#\/schema\/logo\/image\/"}}]}},"brands":[{"id":906,"name":"WELGENE","slug":"welgene"}],"_links":{"self":[{"href":"https:\/\/biosciences.vn\/index.php\/wp-json\/wp\/v2\/product\/6371"}],"collection":[{"href":"https:\/\/biosciences.vn\/index.php\/wp-json\/wp\/v2\/product"}],"about":[{"href":"https:\/\/biosciences.vn\/index.php\/wp-json\/wp\/v2\/types\/product"}],"replies":[{"embeddable":true,"href":"https:\/\/biosciences.vn\/index.php\/wp-json\/wp\/v2\/comments?post=6371"}],"wp:featuredmedia":[{"embeddable":true,"href":"https:\/\/biosciences.vn\/index.php\/wp-json\/wp\/v2\/media\/6373"}],"wp:attachment":[{"href":"https:\/\/biosciences.vn\/index.php\/wp-json\/wp\/v2\/media?parent=6371"}],"wp:term":[{"taxonomy":"pwb-brand","embeddable":true,"href":"https:\/\/biosciences.vn\/index.php\/wp-json\/wp\/v2\/pwb-brand?post=6371"},{"taxonomy":"product_cat","embeddable":true,"href":"https:\/\/biosciences.vn\/index.php\/wp-json\/wp\/v2\/product_cat?post=6371"},{"taxonomy":"product_tag","embeddable":true,"href":"https:\/\/biosciences.vn\/index.php\/wp-json\/wp\/v2\/product_tag?post=6371"}],"curies":[{"name":"wp","href":"https:\/\/api.w.org\/{rel}","templated":true}]}}