{"id":6385,"date":"2024-10-29T17:30:27","date_gmt":"2024-10-29T10:30:27","guid":{"rendered":"https:\/\/biosciences.vn\/?post_type=product&#038;p=6385"},"modified":"2025-08-28T14:55:09","modified_gmt":"2025-08-28T07:55:09","slug":"fetalgro-ex-bovine-growth-serum-s007-01","status":"publish","type":"product","link":"https:\/\/biosciences.vn\/index.php\/product\/fetalgro-ex-bovine-growth-serum-s007-01\/","title":{"rendered":"Fetalgro EX Bovine Growth Serum (S007-01)"},"content":{"rendered":"<p>Fetalgro EX l\u00e0 s\u1ea3n ph\u1ea9m thay th\u1ebf ho\u00e0n h\u1ea3o cho Fetal Bovine Serum (FBS) trong nu\u00f4i c\u1ea5y t\u1ebf b\u00e0o m\u00e0 kh\u00f4ng c\u1ea7n \u0111i\u1ec1u ch\u1ec9nh th\u00eam, ph\u00f9 h\u1ee3p v\u1edbi nhi\u1ec1u lo\u1ea1i d\u00f2ng t\u1ebf b\u00e0o kh\u00e1c nhau. \u0110\u01b0\u1ee3c ph\u00e1t tri\u1ec3n \u0111\u1eb7c bi\u1ec7t nh\u1eb1m cung c\u1ea5p s\u1ef1 t\u0103ng tr\u01b0\u1edfng \u1ed5n \u0111\u1ecbnh v\u00e0 \u0111\u00e1ng tin c\u1eady cho c\u00e1c \u1ee9ng d\u1ee5ng nu\u00f4i c\u1ea5y t\u1ebf b\u00e0o trong ph\u00f2ng th\u00ed nghi\u1ec7m v\u00e0 nghi\u00ean c\u1ee9u.<\/p>\n<p><strong>\u0110\u1eb7c \u0111i\u1ec3m n\u1ed5i b\u1eadt<\/strong>:<\/p>\n<ul>\n<li><strong>Ti\u1ebft ki\u1ec7m chi ph\u00ed<\/strong>: C\u00f3 gi\u00e1 th\u00e0nh th\u1ea5p h\u01a1n so v\u1edbi FBS truy\u1ec1n th\u1ed1ng m\u00e0 v\u1eabn \u0111\u1ea3m b\u1ea3o hi\u1ec7u su\u1ea5t t\u01b0\u01a1ng \u0111\u01b0\u01a1ng.<\/li>\n<li><strong>Kh\u1ea3 n\u0103ng t\u01b0\u01a1ng th\u00edch cao<\/strong>: C\u00f3 th\u1ec3 s\u1eed d\u1ee5ng v\u1edbi nhi\u1ec1u d\u00f2ng t\u1ebf b\u00e0o kh\u00e1c nhau, \u0111\u00e3 \u0111\u01b0\u1ee3c th\u1eed nghi\u1ec7m v\u00e0 ch\u1ee9ng minh hi\u1ec7u qu\u1ea3 t\u01b0\u01a1ng \u0111\u01b0\u01a1ng ho\u1eb7c cao h\u01a1n so v\u1edbi 10% FBS.<\/li>\n<li><strong>Ki\u1ec3m so\u00e1t ch\u1ea5t l\u01b0\u1ee3ng nghi\u00eam ng\u1eb7t<\/strong>: \u0110\u01b0\u1ee3c ki\u1ec3m nghi\u1ec7m mycoplasma, virus v\u00e0 endotoxin, \u0111\u1ed3ng th\u1eddi c\u00f3 h\u00e0m l\u01b0\u1ee3ng hemoglobin th\u1ea5p, \u0111\u1ea3m b\u1ea3o an to\u00e0n cho c\u00e1c th\u00ed nghi\u1ec7m nh\u1ea1y c\u1ea3m.<\/li>\n<li><strong>S\u1ea3n xu\u1ea5t theo ti\u00eau chu\u1ea9n GMP<\/strong>: S\u1ea3n ph\u1ea9m \u0111\u01b0\u1ee3c s\u1ea3n xu\u1ea5t t\u1ea1i c\u00e1c c\u01a1 s\u1edf tu\u00e2n th\u1ee7 ti\u00eau chu\u1ea9n GMP, \u0111\u1ea3m b\u1ea3o t\u00ednh \u1ed5n \u0111\u1ecbnh v\u00e0 an to\u00e0n cao cho c\u00e1c \u1ee9ng d\u1ee5ng nu\u00f4i c\u1ea5y t\u1ebf b\u00e0o.<\/li>\n<\/ul>\n<p><strong>K\u1ebft qu\u1ea3 th\u1eed nghi\u1ec7m<\/strong>:<\/p>\n<ol>\n<li><strong>Th\u1eed nghi\u1ec7m t\u0103ng tr\u01b0\u1edfng t\u1ebf b\u00e0o (CHO-K1)<\/strong>: Fetalgro EX th\u1ec3 hi\u1ec7n kh\u1ea3 n\u0103ng t\u0103ng tr\u01b0\u1edfng t\u1ebf b\u00e0o t\u01b0\u01a1ng \u0111\u01b0\u01a1ng ho\u1eb7c v\u01b0\u1ee3t tr\u1ed9i so v\u1edbi 10% FBS trong kho\u1ea3ng th\u1eddi gian 4 ng\u00e0y.<\/li>\n<li><strong>Th\u1eed nghi\u1ec7m tr\u00ean nhi\u1ec1u d\u00f2ng t\u1ebf b\u00e0o<\/strong>: S\u1ea3n ph\u1ea9m duy tr\u00ec t\u1ef7 l\u1ec7 s\u1ed1ng s\u00f3t c\u1ee7a t\u1ebf b\u00e0o tr\u00ean nhi\u1ec1u d\u00f2ng kh\u00e1c nhau (CHO-K1, MDCK, CC12, HEK293T, v\u00e0 c\u00e1c d\u00f2ng kh\u00e1c), cho th\u1ea5y hi\u1ec7u su\u1ea5t t\u01b0\u01a1ng \u0111\u01b0\u01a1ng ho\u1eb7c c\u1ea3i thi\u1ec7n so v\u1edbi 10% FBS.<\/li>\n<li><strong>Th\u1eed nghi\u1ec7m chu k\u1ef3 t\u1ebf b\u00e0o<\/strong>: Ph\u00e2n t\u00edch c\u00e1c pha c\u1ee7a chu k\u1ef3 t\u1ebf b\u00e0o (G1, S, G2) cho th\u1ea5y kh\u00f4ng c\u00f3 s\u1ef1 gi\u00e1n \u0111o\u1ea1n \u0111\u00e1ng k\u1ec3 khi s\u1eed d\u1ee5ng Fetalgro EX so v\u1edbi FBS, \u0111\u1ea3m b\u1ea3o t\u00ednh an to\u00e0n cho c\u00e1c nghi\u00ean c\u1ee9u t\u1ebf b\u00e0o.<\/li>\n<\/ol>\n","protected":false},"excerpt":{"rendered":"<p>Fetalgro EX l\u00e0 s\u1ea3n ph\u1ea9m thay th\u1ebf ho\u00e0n h\u1ea3o cho Fetal Bovine Serum (FBS) trong nu\u00f4i c\u1ea5y t\u1ebf b\u00e0o m\u00e0 kh\u00f4ng c\u1ea7n \u0111i\u1ec1u ch\u1ec9nh th\u00eam, ph\u00f9 h\u1ee3p v\u1edbi nhi\u1ec1u lo\u1ea1i d\u00f2ng t\u1ebf b\u00e0o kh\u00e1c nhau. \u0110\u01b0\u1ee3c ph\u00e1t tri\u1ec3n \u0111\u1eb7c bi\u1ec7t nh\u1eb1m cung c\u1ea5p s\u1ef1 t\u0103ng tr\u01b0\u1edfng \u1ed5n \u0111\u1ecbnh v\u00e0 \u0111\u00e1ng tin c\u1eady cho c\u00e1c \u1ee9ng [&hellip;]<\/p>\n","protected":false},"featured_media":6386,"comment_status":"open","ping_status":"closed","template":"","meta":[],"pwb-brand":[906],"product_cat":[457,804],"product_tag":[913],"class_list":{"0":"post-6385","1":"product","2":"type-product","3":"status-publish","4":"has-post-thumbnail","6":"pwb-brand-welgene","7":"product_cat-nuoi-cay-te-bao-phan-tich-protein","8":"product_cat-serum","9":"product_tag-fetalgro-ex","10":"pa_size-100ml","11":"pa_size-500ml","13":"first","14":"onbackorder","15":"shipping-taxable","16":"purchasable","17":"product-type-simple"},"yoast_head":"<!-- This site is optimized with the Yoast SEO plugin v23.6 - https:\/\/yoast.com\/wordpress\/plugins\/seo\/ -->\n<title>Fetalgro EX Bovine Growth Serum (S007-01) - Biosciences<\/title>\n<meta name=\"robots\" content=\"index, follow, max-snippet:-1, max-image-preview:large, max-video-preview:-1\" \/>\n<link rel=\"canonical\" href=\"https:\/\/biosciences.vn\/index.php\/product\/fetalgro-ex-bovine-growth-serum-s007-01\/\" \/>\n<meta property=\"og:locale\" content=\"en_US\" \/>\n<meta property=\"og:type\" content=\"article\" \/>\n<meta property=\"og:title\" content=\"Fetalgro EX Bovine Growth Serum (S007-01) - Biosciences\" \/>\n<meta property=\"og:description\" content=\"Fetalgro EX l\u00e0 s\u1ea3n ph\u1ea9m thay th\u1ebf ho\u00e0n h\u1ea3o cho Fetal Bovine Serum (FBS) trong nu\u00f4i c\u1ea5y t\u1ebf b\u00e0o m\u00e0 kh\u00f4ng c\u1ea7n \u0111i\u1ec1u ch\u1ec9nh th\u00eam, ph\u00f9 h\u1ee3p v\u1edbi nhi\u1ec1u lo\u1ea1i d\u00f2ng t\u1ebf b\u00e0o kh\u00e1c nhau. \u0110\u01b0\u1ee3c ph\u00e1t tri\u1ec3n \u0111\u1eb7c bi\u1ec7t nh\u1eb1m cung c\u1ea5p s\u1ef1 t\u0103ng tr\u01b0\u1edfng \u1ed5n \u0111\u1ecbnh v\u00e0 \u0111\u00e1ng tin c\u1eady cho c\u00e1c \u1ee9ng [&hellip;]\" \/>\n<meta property=\"og:url\" content=\"https:\/\/biosciences.vn\/index.php\/product\/fetalgro-ex-bovine-growth-serum-s007-01\/\" \/>\n<meta property=\"og:site_name\" content=\"Biosciences\" \/>\n<meta property=\"article:modified_time\" content=\"2025-08-28T07:55:09+00:00\" \/>\n<meta property=\"og:image\" content=\"https:\/\/biosciences.vn\/wp-content\/uploads\/2024\/10\/S007-01_abf2bae4-ca2c-4a89-999a-a2ebab4d0bfc_900x.webp\" \/>\n\t<meta property=\"og:image:width\" content=\"801\" \/>\n\t<meta property=\"og:image:height\" content=\"801\" \/>\n\t<meta property=\"og:image:type\" content=\"image\/webp\" \/>\n<meta name=\"twitter:card\" content=\"summary_large_image\" \/>\n<meta name=\"twitter:label1\" content=\"Est. reading time\" \/>\n\t<meta name=\"twitter:data1\" content=\"2 minutes\" \/>\n<script type=\"application\/ld+json\" class=\"yoast-schema-graph\">{\"@context\":\"https:\/\/schema.org\",\"@graph\":[{\"@type\":\"WebPage\",\"@id\":\"https:\/\/biosciences.vn\/index.php\/product\/fetalgro-ex-bovine-growth-serum-s007-01\/\",\"url\":\"https:\/\/biosciences.vn\/index.php\/product\/fetalgro-ex-bovine-growth-serum-s007-01\/\",\"name\":\"Fetalgro EX Bovine Growth Serum (S007-01) - Biosciences\",\"isPartOf\":{\"@id\":\"https:\/\/biosciences.vn\/#website\"},\"primaryImageOfPage\":{\"@id\":\"https:\/\/biosciences.vn\/index.php\/product\/fetalgro-ex-bovine-growth-serum-s007-01\/#primaryimage\"},\"image\":{\"@id\":\"https:\/\/biosciences.vn\/index.php\/product\/fetalgro-ex-bovine-growth-serum-s007-01\/#primaryimage\"},\"thumbnailUrl\":\"https:\/\/biosciences.vn\/wp-content\/uploads\/2024\/10\/S007-01_abf2bae4-ca2c-4a89-999a-a2ebab4d0bfc_900x.webp\",\"datePublished\":\"2024-10-29T10:30:27+00:00\",\"dateModified\":\"2025-08-28T07:55:09+00:00\",\"breadcrumb\":{\"@id\":\"https:\/\/biosciences.vn\/index.php\/product\/fetalgro-ex-bovine-growth-serum-s007-01\/#breadcrumb\"},\"inLanguage\":\"en-US\",\"potentialAction\":[{\"@type\":\"ReadAction\",\"target\":[\"https:\/\/biosciences.vn\/index.php\/product\/fetalgro-ex-bovine-growth-serum-s007-01\/\"]}]},{\"@type\":\"ImageObject\",\"inLanguage\":\"en-US\",\"@id\":\"https:\/\/biosciences.vn\/index.php\/product\/fetalgro-ex-bovine-growth-serum-s007-01\/#primaryimage\",\"url\":\"https:\/\/biosciences.vn\/wp-content\/uploads\/2024\/10\/S007-01_abf2bae4-ca2c-4a89-999a-a2ebab4d0bfc_900x.webp\",\"contentUrl\":\"https:\/\/biosciences.vn\/wp-content\/uploads\/2024\/10\/S007-01_abf2bae4-ca2c-4a89-999a-a2ebab4d0bfc_900x.webp\",\"width\":801,\"height\":801},{\"@type\":\"BreadcrumbList\",\"@id\":\"https:\/\/biosciences.vn\/index.php\/product\/fetalgro-ex-bovine-growth-serum-s007-01\/#breadcrumb\",\"itemListElement\":[{\"@type\":\"ListItem\",\"position\":1,\"name\":\"Trang ch\u1ee7\",\"item\":\"https:\/\/biosciences.vn\/index.php\/en\/home\/\"},{\"@type\":\"ListItem\",\"position\":2,\"name\":\"Shop\",\"item\":\"https:\/\/biosciences.vn\/index.php\/shop\/\"},{\"@type\":\"ListItem\",\"position\":3,\"name\":\"Fetalgro EX Bovine Growth Serum (S007-01)\"}]},{\"@type\":\"WebSite\",\"@id\":\"https:\/\/biosciences.vn\/#website\",\"url\":\"https:\/\/biosciences.vn\/\",\"name\":\"Biosciences\",\"description\":\"\",\"publisher\":{\"@id\":\"https:\/\/biosciences.vn\/#organization\"},\"potentialAction\":[{\"@type\":\"SearchAction\",\"target\":{\"@type\":\"EntryPoint\",\"urlTemplate\":\"https:\/\/biosciences.vn\/?s={search_term_string}\"},\"query-input\":{\"@type\":\"PropertyValueSpecification\",\"valueRequired\":true,\"valueName\":\"search_term_string\"}}],\"inLanguage\":\"en-US\"},{\"@type\":\"Organization\",\"@id\":\"https:\/\/biosciences.vn\/#organization\",\"name\":\"Biosciences\",\"url\":\"https:\/\/biosciences.vn\/\",\"logo\":{\"@type\":\"ImageObject\",\"inLanguage\":\"en-US\",\"@id\":\"https:\/\/biosciences.vn\/#\/schema\/logo\/image\/\",\"url\":\"https:\/\/biosciences.vn\/wp-content\/uploads\/2024\/04\/LOGO-BIOSCIENCES-PNG.png\",\"contentUrl\":\"https:\/\/biosciences.vn\/wp-content\/uploads\/2024\/04\/LOGO-BIOSCIENCES-PNG.png\",\"width\":2536,\"height\":638,\"caption\":\"Biosciences\"},\"image\":{\"@id\":\"https:\/\/biosciences.vn\/#\/schema\/logo\/image\/\"}}]}<\/script>\n<!-- \/ Yoast SEO plugin. -->","yoast_head_json":{"title":"Fetalgro EX Bovine Growth Serum (S007-01) - Biosciences","robots":{"index":"index","follow":"follow","max-snippet":"max-snippet:-1","max-image-preview":"max-image-preview:large","max-video-preview":"max-video-preview:-1"},"canonical":"https:\/\/biosciences.vn\/index.php\/product\/fetalgro-ex-bovine-growth-serum-s007-01\/","og_locale":"en_US","og_type":"article","og_title":"Fetalgro EX Bovine Growth Serum (S007-01) - Biosciences","og_description":"Fetalgro EX l\u00e0 s\u1ea3n ph\u1ea9m thay th\u1ebf ho\u00e0n h\u1ea3o cho Fetal Bovine Serum (FBS) trong nu\u00f4i c\u1ea5y t\u1ebf b\u00e0o m\u00e0 kh\u00f4ng c\u1ea7n \u0111i\u1ec1u ch\u1ec9nh th\u00eam, ph\u00f9 h\u1ee3p v\u1edbi nhi\u1ec1u lo\u1ea1i d\u00f2ng t\u1ebf b\u00e0o kh\u00e1c nhau. \u0110\u01b0\u1ee3c ph\u00e1t tri\u1ec3n \u0111\u1eb7c bi\u1ec7t nh\u1eb1m cung c\u1ea5p s\u1ef1 t\u0103ng tr\u01b0\u1edfng \u1ed5n \u0111\u1ecbnh v\u00e0 \u0111\u00e1ng tin c\u1eady cho c\u00e1c \u1ee9ng [&hellip;]","og_url":"https:\/\/biosciences.vn\/index.php\/product\/fetalgro-ex-bovine-growth-serum-s007-01\/","og_site_name":"Biosciences","article_modified_time":"2025-08-28T07:55:09+00:00","og_image":[{"width":801,"height":801,"url":"https:\/\/biosciences.vn\/wp-content\/uploads\/2024\/10\/S007-01_abf2bae4-ca2c-4a89-999a-a2ebab4d0bfc_900x.webp","type":"image\/webp"}],"twitter_card":"summary_large_image","twitter_misc":{"Est. reading time":"2 minutes"},"schema":{"@context":"https:\/\/schema.org","@graph":[{"@type":"WebPage","@id":"https:\/\/biosciences.vn\/index.php\/product\/fetalgro-ex-bovine-growth-serum-s007-01\/","url":"https:\/\/biosciences.vn\/index.php\/product\/fetalgro-ex-bovine-growth-serum-s007-01\/","name":"Fetalgro EX Bovine Growth Serum (S007-01) - Biosciences","isPartOf":{"@id":"https:\/\/biosciences.vn\/#website"},"primaryImageOfPage":{"@id":"https:\/\/biosciences.vn\/index.php\/product\/fetalgro-ex-bovine-growth-serum-s007-01\/#primaryimage"},"image":{"@id":"https:\/\/biosciences.vn\/index.php\/product\/fetalgro-ex-bovine-growth-serum-s007-01\/#primaryimage"},"thumbnailUrl":"https:\/\/biosciences.vn\/wp-content\/uploads\/2024\/10\/S007-01_abf2bae4-ca2c-4a89-999a-a2ebab4d0bfc_900x.webp","datePublished":"2024-10-29T10:30:27+00:00","dateModified":"2025-08-28T07:55:09+00:00","breadcrumb":{"@id":"https:\/\/biosciences.vn\/index.php\/product\/fetalgro-ex-bovine-growth-serum-s007-01\/#breadcrumb"},"inLanguage":"en-US","potentialAction":[{"@type":"ReadAction","target":["https:\/\/biosciences.vn\/index.php\/product\/fetalgro-ex-bovine-growth-serum-s007-01\/"]}]},{"@type":"ImageObject","inLanguage":"en-US","@id":"https:\/\/biosciences.vn\/index.php\/product\/fetalgro-ex-bovine-growth-serum-s007-01\/#primaryimage","url":"https:\/\/biosciences.vn\/wp-content\/uploads\/2024\/10\/S007-01_abf2bae4-ca2c-4a89-999a-a2ebab4d0bfc_900x.webp","contentUrl":"https:\/\/biosciences.vn\/wp-content\/uploads\/2024\/10\/S007-01_abf2bae4-ca2c-4a89-999a-a2ebab4d0bfc_900x.webp","width":801,"height":801},{"@type":"BreadcrumbList","@id":"https:\/\/biosciences.vn\/index.php\/product\/fetalgro-ex-bovine-growth-serum-s007-01\/#breadcrumb","itemListElement":[{"@type":"ListItem","position":1,"name":"Trang ch\u1ee7","item":"https:\/\/biosciences.vn\/index.php\/en\/home\/"},{"@type":"ListItem","position":2,"name":"Shop","item":"https:\/\/biosciences.vn\/index.php\/shop\/"},{"@type":"ListItem","position":3,"name":"Fetalgro EX Bovine Growth Serum (S007-01)"}]},{"@type":"WebSite","@id":"https:\/\/biosciences.vn\/#website","url":"https:\/\/biosciences.vn\/","name":"Biosciences","description":"","publisher":{"@id":"https:\/\/biosciences.vn\/#organization"},"potentialAction":[{"@type":"SearchAction","target":{"@type":"EntryPoint","urlTemplate":"https:\/\/biosciences.vn\/?s={search_term_string}"},"query-input":{"@type":"PropertyValueSpecification","valueRequired":true,"valueName":"search_term_string"}}],"inLanguage":"en-US"},{"@type":"Organization","@id":"https:\/\/biosciences.vn\/#organization","name":"Biosciences","url":"https:\/\/biosciences.vn\/","logo":{"@type":"ImageObject","inLanguage":"en-US","@id":"https:\/\/biosciences.vn\/#\/schema\/logo\/image\/","url":"https:\/\/biosciences.vn\/wp-content\/uploads\/2024\/04\/LOGO-BIOSCIENCES-PNG.png","contentUrl":"https:\/\/biosciences.vn\/wp-content\/uploads\/2024\/04\/LOGO-BIOSCIENCES-PNG.png","width":2536,"height":638,"caption":"Biosciences"},"image":{"@id":"https:\/\/biosciences.vn\/#\/schema\/logo\/image\/"}}]}},"brands":[{"id":906,"name":"WELGENE","slug":"welgene"}],"_links":{"self":[{"href":"https:\/\/biosciences.vn\/index.php\/wp-json\/wp\/v2\/product\/6385"}],"collection":[{"href":"https:\/\/biosciences.vn\/index.php\/wp-json\/wp\/v2\/product"}],"about":[{"href":"https:\/\/biosciences.vn\/index.php\/wp-json\/wp\/v2\/types\/product"}],"replies":[{"embeddable":true,"href":"https:\/\/biosciences.vn\/index.php\/wp-json\/wp\/v2\/comments?post=6385"}],"wp:featuredmedia":[{"embeddable":true,"href":"https:\/\/biosciences.vn\/index.php\/wp-json\/wp\/v2\/media\/6386"}],"wp:attachment":[{"href":"https:\/\/biosciences.vn\/index.php\/wp-json\/wp\/v2\/media?parent=6385"}],"wp:term":[{"taxonomy":"pwb-brand","embeddable":true,"href":"https:\/\/biosciences.vn\/index.php\/wp-json\/wp\/v2\/pwb-brand?post=6385"},{"taxonomy":"product_cat","embeddable":true,"href":"https:\/\/biosciences.vn\/index.php\/wp-json\/wp\/v2\/product_cat?post=6385"},{"taxonomy":"product_tag","embeddable":true,"href":"https:\/\/biosciences.vn\/index.php\/wp-json\/wp\/v2\/product_tag?post=6385"}],"curies":[{"name":"wp","href":"https:\/\/api.w.org\/{rel}","templated":true}]}}