{"id":6407,"date":"2024-10-31T13:54:21","date_gmt":"2024-10-31T06:54:21","guid":{"rendered":"https:\/\/biosciences.vn\/?post_type=product&#038;p=6407"},"modified":"2025-08-28T14:55:09","modified_gmt":"2025-08-28T07:55:09","slug":"nzyminiprep-2-2","status":"publish","type":"product","link":"https:\/\/biosciences.vn\/index.php\/product\/nzyminiprep-2-2\/","title":{"rendered":"NZYMiniprep (MB01012)"},"content":{"rendered":"<p><strong>Unit size: <\/strong>10 x 50 c\u1ed9t<\/p>\n<p><span>B\u1ed9 d\u1ee5ng c\u1ee5 NZYMiniprep \u0111\u01b0\u1ee3c thi\u1ebft k\u1ebf \u0111\u1ec3 chu\u1ea9n b\u1ecb nhanh ch\u00f3ng, quy m\u00f4 nh\u1ecf DNA plasmid c\u00f3 \u0111\u1ed9 tinh khi\u1ebft cao t\u1eeb c\u00e1c ch\u1ee7ng\u00a0<\/span><i><span>Escherichia coli<\/span><\/i><span>\u00a0t\u00e1i t\u1ed5 h\u1ee3p. Quy tr\u00ecnh miniprep c\u1ee7a NZYtech d\u1ef1a tr\u00ean qu\u00e1 tr\u00ecnh ph\u00e2n h\u1ee7y ki\u1ec1m c\u1ee7a t\u1ebf b\u00e0o vi khu\u1ea9n sau \u0111\u00f3 l\u00e0 qu\u00e1 tr\u00ecnh h\u1ea5p ph\u1ee5 DNA l\u00ean silica khi c\u00f3 n\u1ed3ng \u0111\u1ed9 mu\u1ed1i cao. DNA plasmid \u0111\u01b0\u1ee3c h\u1ea5p ph\u1ee5 ch\u1ecdn l\u1ecdc trong c\u1ed9t quay plasmid NZYtech d\u1ef1a tr\u00ean silica gel v\u00e0 c\u00e1c t\u1ea1p ch\u1ea5t kh\u00e1c nh\u01b0 protein, mu\u1ed1i, nucleotide v\u00e0 oligo (&lt;40-mer) \u0111\u01b0\u1ee3c r\u1eeda s\u1ea1ch. B\u1ed9 d\u1ee5ng c\u1ee5 NZYMiniprep bao g\u1ed3m m\u1ed9t \u0111\u1ec7m r\u1eeda b\u1ed5 sung (AY) \u0111\u01b0\u1ee3c khuy\u1ebfn ngh\u1ecb m\u1ea1nh m\u1ebd \u0111\u1ec3 lo\u1ea1i b\u1ecf ho\u00e0n to\u00e0n c\u00e1c m\u1ee9c endonuclease cao. \u0110\u1ec3 ph\u00e2n l\u1eadp DNA t\u1eeb c\u00e1c plasmid c\u00f3 s\u1ed1 l\u01b0\u1ee3ng b\u1ea3n sao th\u1ea5p, BAC ho\u1eb7c cosmid, ho\u1eb7c \u0111\u1ec3 thu \u0111\u01b0\u1ee3c n\u1ed3ng \u0111\u1ed9 DNA cao h\u01a1n, h\u00e3y s\u1eed d\u1ee5ng 10 mL nu\u00f4i c\u1ea5y\u00a0<\/span><i><span>E. coli<\/span><\/i><span>\u00a0v\u00e0 t\u0103ng g\u1ea5p \u0111\u00f4i th\u1ec3 t\u00edch c\u1ee7a c\u00e1c \u0111\u1ec7m A1, A2 v\u00e0 A3.<\/span><\/p>\n","protected":false},"excerpt":{"rendered":"<p>Unit size: 10 x 50 c\u1ed9t B\u1ed9 d\u1ee5ng c\u1ee5 NZYMiniprep \u0111\u01b0\u1ee3c thi\u1ebft k\u1ebf \u0111\u1ec3 chu\u1ea9n b\u1ecb nhanh ch\u00f3ng, quy m\u00f4 nh\u1ecf DNA plasmid c\u00f3 \u0111\u1ed9 tinh khi\u1ebft cao t\u1eeb c\u00e1c ch\u1ee7ng\u00a0Escherichia coli\u00a0t\u00e1i t\u1ed5 h\u1ee3p. Quy tr\u00ecnh miniprep c\u1ee7a NZYtech d\u1ef1a tr\u00ean qu\u00e1 tr\u00ecnh ph\u00e2n h\u1ee7y ki\u1ec1m c\u1ee7a t\u1ebf b\u00e0o vi khu\u1ea9n sau \u0111\u00f3 l\u00e0 qu\u00e1 [&hellip;]<\/p>\n","protected":false},"featured_media":6412,"comment_status":"open","ping_status":"closed","template":"","meta":[],"pwb-brand":[933],"product_cat":[434,731,814],"product_tag":[],"class_list":{"0":"post-6407","1":"product","2":"type-product","3":"status-publish","4":"has-post-thumbnail","6":"pwb-brand-nzytech","7":"product_cat-khoa-hoc-su-song","8":"product_cat-sinh-hoc-phan-tu","9":"product_cat-dna-rna-purification","11":"first","12":"onbackorder","13":"shipping-taxable","14":"purchasable","15":"product-type-simple"},"yoast_head":"<!-- This site is optimized with the Yoast SEO plugin v23.6 - https:\/\/yoast.com\/wordpress\/plugins\/seo\/ -->\n<title>NZYMiniprep (MB01012) - Biosciences<\/title>\n<meta name=\"robots\" content=\"index, follow, max-snippet:-1, max-image-preview:large, max-video-preview:-1\" \/>\n<link rel=\"canonical\" href=\"https:\/\/biosciences.vn\/index.php\/product\/nzyminiprep-2-2\/\" \/>\n<meta property=\"og:locale\" content=\"en_US\" \/>\n<meta property=\"og:type\" content=\"article\" \/>\n<meta property=\"og:title\" content=\"NZYMiniprep (MB01012) - Biosciences\" \/>\n<meta property=\"og:description\" content=\"Unit size: 10 x 50 c\u1ed9t B\u1ed9 d\u1ee5ng c\u1ee5 NZYMiniprep \u0111\u01b0\u1ee3c thi\u1ebft k\u1ebf \u0111\u1ec3 chu\u1ea9n b\u1ecb nhanh ch\u00f3ng, quy m\u00f4 nh\u1ecf DNA plasmid c\u00f3 \u0111\u1ed9 tinh khi\u1ebft cao t\u1eeb c\u00e1c ch\u1ee7ng\u00a0Escherichia coli\u00a0t\u00e1i t\u1ed5 h\u1ee3p. Quy tr\u00ecnh miniprep c\u1ee7a NZYtech d\u1ef1a tr\u00ean qu\u00e1 tr\u00ecnh ph\u00e2n h\u1ee7y ki\u1ec1m c\u1ee7a t\u1ebf b\u00e0o vi khu\u1ea9n sau \u0111\u00f3 l\u00e0 qu\u00e1 [&hellip;]\" \/>\n<meta property=\"og:url\" content=\"https:\/\/biosciences.vn\/index.php\/product\/nzyminiprep-2-2\/\" \/>\n<meta property=\"og:site_name\" content=\"Biosciences\" \/>\n<meta property=\"article:modified_time\" content=\"2025-08-28T07:55:09+00:00\" \/>\n<meta property=\"og:image\" content=\"https:\/\/biosciences.vn\/wp-content\/uploads\/2024\/10\/mb010_1_1.jpg\" \/>\n\t<meta property=\"og:image:width\" content=\"700\" \/>\n\t<meta property=\"og:image:height\" content=\"700\" \/>\n\t<meta property=\"og:image:type\" content=\"image\/jpeg\" \/>\n<meta name=\"twitter:card\" content=\"summary_large_image\" \/>\n<meta name=\"twitter:label1\" content=\"Est. reading time\" \/>\n\t<meta name=\"twitter:data1\" content=\"1 minute\" \/>\n<script type=\"application\/ld+json\" class=\"yoast-schema-graph\">{\"@context\":\"https:\/\/schema.org\",\"@graph\":[{\"@type\":\"WebPage\",\"@id\":\"https:\/\/biosciences.vn\/index.php\/product\/nzyminiprep-2-2\/\",\"url\":\"https:\/\/biosciences.vn\/index.php\/product\/nzyminiprep-2-2\/\",\"name\":\"NZYMiniprep (MB01012) - Biosciences\",\"isPartOf\":{\"@id\":\"https:\/\/biosciences.vn\/#website\"},\"primaryImageOfPage\":{\"@id\":\"https:\/\/biosciences.vn\/index.php\/product\/nzyminiprep-2-2\/#primaryimage\"},\"image\":{\"@id\":\"https:\/\/biosciences.vn\/index.php\/product\/nzyminiprep-2-2\/#primaryimage\"},\"thumbnailUrl\":\"https:\/\/biosciences.vn\/wp-content\/uploads\/2024\/10\/mb010_1_1.jpg\",\"datePublished\":\"2024-10-31T06:54:21+00:00\",\"dateModified\":\"2025-08-28T07:55:09+00:00\",\"breadcrumb\":{\"@id\":\"https:\/\/biosciences.vn\/index.php\/product\/nzyminiprep-2-2\/#breadcrumb\"},\"inLanguage\":\"en-US\",\"potentialAction\":[{\"@type\":\"ReadAction\",\"target\":[\"https:\/\/biosciences.vn\/index.php\/product\/nzyminiprep-2-2\/\"]}]},{\"@type\":\"ImageObject\",\"inLanguage\":\"en-US\",\"@id\":\"https:\/\/biosciences.vn\/index.php\/product\/nzyminiprep-2-2\/#primaryimage\",\"url\":\"https:\/\/biosciences.vn\/wp-content\/uploads\/2024\/10\/mb010_1_1.jpg\",\"contentUrl\":\"https:\/\/biosciences.vn\/wp-content\/uploads\/2024\/10\/mb010_1_1.jpg\",\"width\":700,\"height\":700},{\"@type\":\"BreadcrumbList\",\"@id\":\"https:\/\/biosciences.vn\/index.php\/product\/nzyminiprep-2-2\/#breadcrumb\",\"itemListElement\":[{\"@type\":\"ListItem\",\"position\":1,\"name\":\"Trang ch\u1ee7\",\"item\":\"https:\/\/biosciences.vn\/index.php\/en\/home\/\"},{\"@type\":\"ListItem\",\"position\":2,\"name\":\"Shop\",\"item\":\"https:\/\/biosciences.vn\/index.php\/shop\/\"},{\"@type\":\"ListItem\",\"position\":3,\"name\":\"NZYMiniprep (MB01012)\"}]},{\"@type\":\"WebSite\",\"@id\":\"https:\/\/biosciences.vn\/#website\",\"url\":\"https:\/\/biosciences.vn\/\",\"name\":\"Biosciences\",\"description\":\"\",\"publisher\":{\"@id\":\"https:\/\/biosciences.vn\/#organization\"},\"potentialAction\":[{\"@type\":\"SearchAction\",\"target\":{\"@type\":\"EntryPoint\",\"urlTemplate\":\"https:\/\/biosciences.vn\/?s={search_term_string}\"},\"query-input\":{\"@type\":\"PropertyValueSpecification\",\"valueRequired\":true,\"valueName\":\"search_term_string\"}}],\"inLanguage\":\"en-US\"},{\"@type\":\"Organization\",\"@id\":\"https:\/\/biosciences.vn\/#organization\",\"name\":\"Biosciences\",\"url\":\"https:\/\/biosciences.vn\/\",\"logo\":{\"@type\":\"ImageObject\",\"inLanguage\":\"en-US\",\"@id\":\"https:\/\/biosciences.vn\/#\/schema\/logo\/image\/\",\"url\":\"https:\/\/biosciences.vn\/wp-content\/uploads\/2024\/04\/LOGO-BIOSCIENCES-PNG.png\",\"contentUrl\":\"https:\/\/biosciences.vn\/wp-content\/uploads\/2024\/04\/LOGO-BIOSCIENCES-PNG.png\",\"width\":2536,\"height\":638,\"caption\":\"Biosciences\"},\"image\":{\"@id\":\"https:\/\/biosciences.vn\/#\/schema\/logo\/image\/\"}}]}<\/script>\n<!-- \/ Yoast SEO plugin. -->","yoast_head_json":{"title":"NZYMiniprep (MB01012) - Biosciences","robots":{"index":"index","follow":"follow","max-snippet":"max-snippet:-1","max-image-preview":"max-image-preview:large","max-video-preview":"max-video-preview:-1"},"canonical":"https:\/\/biosciences.vn\/index.php\/product\/nzyminiprep-2-2\/","og_locale":"en_US","og_type":"article","og_title":"NZYMiniprep (MB01012) - Biosciences","og_description":"Unit size: 10 x 50 c\u1ed9t B\u1ed9 d\u1ee5ng c\u1ee5 NZYMiniprep \u0111\u01b0\u1ee3c thi\u1ebft k\u1ebf \u0111\u1ec3 chu\u1ea9n b\u1ecb nhanh ch\u00f3ng, quy m\u00f4 nh\u1ecf DNA plasmid c\u00f3 \u0111\u1ed9 tinh khi\u1ebft cao t\u1eeb c\u00e1c ch\u1ee7ng\u00a0Escherichia coli\u00a0t\u00e1i t\u1ed5 h\u1ee3p. Quy tr\u00ecnh miniprep c\u1ee7a NZYtech d\u1ef1a tr\u00ean qu\u00e1 tr\u00ecnh ph\u00e2n h\u1ee7y ki\u1ec1m c\u1ee7a t\u1ebf b\u00e0o vi khu\u1ea9n sau \u0111\u00f3 l\u00e0 qu\u00e1 [&hellip;]","og_url":"https:\/\/biosciences.vn\/index.php\/product\/nzyminiprep-2-2\/","og_site_name":"Biosciences","article_modified_time":"2025-08-28T07:55:09+00:00","og_image":[{"width":700,"height":700,"url":"https:\/\/biosciences.vn\/wp-content\/uploads\/2024\/10\/mb010_1_1.jpg","type":"image\/jpeg"}],"twitter_card":"summary_large_image","twitter_misc":{"Est. reading time":"1 minute"},"schema":{"@context":"https:\/\/schema.org","@graph":[{"@type":"WebPage","@id":"https:\/\/biosciences.vn\/index.php\/product\/nzyminiprep-2-2\/","url":"https:\/\/biosciences.vn\/index.php\/product\/nzyminiprep-2-2\/","name":"NZYMiniprep (MB01012) - Biosciences","isPartOf":{"@id":"https:\/\/biosciences.vn\/#website"},"primaryImageOfPage":{"@id":"https:\/\/biosciences.vn\/index.php\/product\/nzyminiprep-2-2\/#primaryimage"},"image":{"@id":"https:\/\/biosciences.vn\/index.php\/product\/nzyminiprep-2-2\/#primaryimage"},"thumbnailUrl":"https:\/\/biosciences.vn\/wp-content\/uploads\/2024\/10\/mb010_1_1.jpg","datePublished":"2024-10-31T06:54:21+00:00","dateModified":"2025-08-28T07:55:09+00:00","breadcrumb":{"@id":"https:\/\/biosciences.vn\/index.php\/product\/nzyminiprep-2-2\/#breadcrumb"},"inLanguage":"en-US","potentialAction":[{"@type":"ReadAction","target":["https:\/\/biosciences.vn\/index.php\/product\/nzyminiprep-2-2\/"]}]},{"@type":"ImageObject","inLanguage":"en-US","@id":"https:\/\/biosciences.vn\/index.php\/product\/nzyminiprep-2-2\/#primaryimage","url":"https:\/\/biosciences.vn\/wp-content\/uploads\/2024\/10\/mb010_1_1.jpg","contentUrl":"https:\/\/biosciences.vn\/wp-content\/uploads\/2024\/10\/mb010_1_1.jpg","width":700,"height":700},{"@type":"BreadcrumbList","@id":"https:\/\/biosciences.vn\/index.php\/product\/nzyminiprep-2-2\/#breadcrumb","itemListElement":[{"@type":"ListItem","position":1,"name":"Trang ch\u1ee7","item":"https:\/\/biosciences.vn\/index.php\/en\/home\/"},{"@type":"ListItem","position":2,"name":"Shop","item":"https:\/\/biosciences.vn\/index.php\/shop\/"},{"@type":"ListItem","position":3,"name":"NZYMiniprep (MB01012)"}]},{"@type":"WebSite","@id":"https:\/\/biosciences.vn\/#website","url":"https:\/\/biosciences.vn\/","name":"Biosciences","description":"","publisher":{"@id":"https:\/\/biosciences.vn\/#organization"},"potentialAction":[{"@type":"SearchAction","target":{"@type":"EntryPoint","urlTemplate":"https:\/\/biosciences.vn\/?s={search_term_string}"},"query-input":{"@type":"PropertyValueSpecification","valueRequired":true,"valueName":"search_term_string"}}],"inLanguage":"en-US"},{"@type":"Organization","@id":"https:\/\/biosciences.vn\/#organization","name":"Biosciences","url":"https:\/\/biosciences.vn\/","logo":{"@type":"ImageObject","inLanguage":"en-US","@id":"https:\/\/biosciences.vn\/#\/schema\/logo\/image\/","url":"https:\/\/biosciences.vn\/wp-content\/uploads\/2024\/04\/LOGO-BIOSCIENCES-PNG.png","contentUrl":"https:\/\/biosciences.vn\/wp-content\/uploads\/2024\/04\/LOGO-BIOSCIENCES-PNG.png","width":2536,"height":638,"caption":"Biosciences"},"image":{"@id":"https:\/\/biosciences.vn\/#\/schema\/logo\/image\/"}}]}},"brands":[{"id":933,"name":"NZYtech","slug":"nzytech"}],"_links":{"self":[{"href":"https:\/\/biosciences.vn\/index.php\/wp-json\/wp\/v2\/product\/6407"}],"collection":[{"href":"https:\/\/biosciences.vn\/index.php\/wp-json\/wp\/v2\/product"}],"about":[{"href":"https:\/\/biosciences.vn\/index.php\/wp-json\/wp\/v2\/types\/product"}],"replies":[{"embeddable":true,"href":"https:\/\/biosciences.vn\/index.php\/wp-json\/wp\/v2\/comments?post=6407"}],"wp:featuredmedia":[{"embeddable":true,"href":"https:\/\/biosciences.vn\/index.php\/wp-json\/wp\/v2\/media\/6412"}],"wp:attachment":[{"href":"https:\/\/biosciences.vn\/index.php\/wp-json\/wp\/v2\/media?parent=6407"}],"wp:term":[{"taxonomy":"pwb-brand","embeddable":true,"href":"https:\/\/biosciences.vn\/index.php\/wp-json\/wp\/v2\/pwb-brand?post=6407"},{"taxonomy":"product_cat","embeddable":true,"href":"https:\/\/biosciences.vn\/index.php\/wp-json\/wp\/v2\/product_cat?post=6407"},{"taxonomy":"product_tag","embeddable":true,"href":"https:\/\/biosciences.vn\/index.php\/wp-json\/wp\/v2\/product_tag?post=6407"}],"curies":[{"name":"wp","href":"https:\/\/api.w.org\/{rel}","templated":true}]}}