{"id":6473,"date":"2024-10-31T13:58:46","date_gmt":"2024-10-31T06:58:46","guid":{"rendered":"https:\/\/biosciences.vn\/?post_type=product&#038;p=6473"},"modified":"2025-08-28T14:55:09","modified_gmt":"2025-08-28T07:55:09","slug":"nzy-plant-fungi-rna-isolation-kit-1-2","status":"publish","type":"product","link":"https:\/\/biosciences.vn\/index.php\/product\/nzy-plant-fungi-rna-isolation-kit-1-2\/","title":{"rendered":"NZY Plant\/Fungi RNA Isolation\n  kit (MB45601)"},"content":{"rendered":"<p><strong>Unit size:<\/strong> 50 c\u1ed9t<\/p>\n<p><span>B\u1ed9 d\u1ee5ng c\u1ee5 ph\u00e2n l\u1eadp RNA th\u1ef1c v\u1eadt\/n\u1ea5m NZY \u0111\u01b0\u1ee3c thi\u1ebft k\u1ebf \u0111\u1ec3 ph\u00e2n l\u1eadp RNA t\u1eeb nhi\u1ec1u lo\u1ea1i v\u1eadt li\u1ec7u th\u1ef1c v\u1eadt v\u00e0 n\u1ea5m. B\u1ed9 d\u1ee5ng c\u1ee5 n\u00e0y ho\u1ea1t \u0111\u1ed9ng hi\u1ec7u qu\u1ea3 ngay c\u1ea3 khi x\u1eed l\u00fd c\u00e1c m\u1eabu c\u00f3 h\u00e0m l\u01b0\u1ee3ng tinh b\u1ed9t, \u0111\u01b0\u1eddng, ch\u1ea5t chuy\u1ec3n h\u00f3a th\u1ee9 c\u1ea5p cao ho\u1eb7c b\u1ea5t k\u1ef3 h\u1ee3p ch\u1ea5t n\u00e0o kh\u00e1c c\u00f3 th\u1ec3 c\u1ea3n tr\u1edf c\u00e1c giao th\u1ee9c ph\u00e2n l\u1eadp RNA ti\u00eau chu\u1ea9n. Qu\u00e1 tr\u00ecnh ph\u00e2n l\u1eadp b\u1eaft \u0111\u1ea7u b\u1eb1ng c\u00e1ch ph\u00e1 v\u1ee1 v\u1eadt li\u1ec7u th\u1ef1c v\u1eadt b\u1eb1ng ph\u01b0\u01a1ng ph\u00e1p c\u01a1 h\u1ecdc. C\u00f3 th\u1ec3 th\u1ef1c hi\u1ec7n b\u1eb1ng c\u00e1ch nghi\u1ec1n m\u1eabu trong nit\u01a1 l\u1ecfng ho\u1eb7c s\u1eed d\u1ee5ng b\u1ea5t k\u1ef3 ph\u01b0\u01a1ng ph\u00e1p ph\u00e1 v\u1ee1 hi\u1ec7u qu\u1ea3 n\u00e0o kh\u00e1c. Sau khi ph\u00e1 v\u1ee1, c\u00e1c m\u1eabu \u0111\u01b0\u1ee3c ng\u00e2m trong dung d\u1ecbch ph\u00e2n h\u1ee7y ch\u1ee9a n\u1ed3ng \u0111\u1ed9 ion h\u1ed7n lo\u1ea1n cao. Dung d\u1ecbch ph\u00e2n h\u1ee7y n\u00e0y nhanh ch\u00f3ng trung h\u00f2a c\u00e1c RNase c\u00f3 m\u1eb7t \u1edf kh\u1eafp m\u1ecdi n\u01a1i trong v\u1eadt ch\u1ea5t sinh h\u1ecdc. C\u00e1c m\u1ea3nh v\u1ee5n th\u1ef1c v\u1eadt \u0111\u01b0\u1ee3c lo\u1ea1i b\u1ecf sau khi \u0111i qua c\u1ed9t l\u1ecdc th\u1ef1c v\u1eadt\/n\u1ea5m NZYSpin RNA. Sau \u0111\u00f3, m\u1ed9t dung d\u1ecbch li\u00ean k\u1ebft \u0111\u01b0\u1ee3c \u0111\u01b0a v\u00e0o, t\u1ea1o ra c\u00e1c \u0111i\u1ec1u ki\u1ec7n thu\u1eadn l\u1ee3i cho qu\u00e1 tr\u00ecnh h\u1ea5p th\u1ee5 RNA v\u00e0o m\u00e0ng silica. H\u01a1n n\u1eefa, vi\u1ec7c s\u1eed d\u1ee5ng hai dung d\u1ecbch \u0111\u1ec7m ri\u00eang bi\u1ec7t trong c\u00e1c b\u01b0\u1edbc r\u1eeda gi\u00fap lo\u1ea1i b\u1ecf hi\u1ec7u qu\u1ea3 c\u00e1c mu\u1ed1i, ch\u1ea5t chuy\u1ec3n h\u00f3a v\u00e0 c\u00e1c th\u00e0nh ph\u1ea7n t\u1ebf b\u00e0o \u0111\u1ea1i ph\u00e2n t\u1eed. Cu\u1ed1i c\u00f9ng, RNA tinh khi\u1ebft thu \u0111\u01b0\u1ee3c b\u1eb1ng c\u00e1ch r\u1eeda gi\u1ea3i trong \u0111i\u1ec1u ki\u1ec7n c\u01b0\u1eddng \u0111\u1ed9 ion th\u1ea5p b\u1eb1ng c\u00e1ch s\u1eed d\u1ee5ng n\u01b0\u1edbc kh\u00f4ng ch\u1ee9a RNase.<\/span><\/p>\n<p><span>B\u1ed9 t\u00e1ch RNA th\u1ef1c v\u1eadt\/n\u1ea5m NZY ch\u1ee7 y\u1ebfu \u0111\u01b0\u1ee3c thi\u1ebft k\u1ebf \u0111\u1ec3 chi\u1ebft xu\u1ea5t RNA t\u1eeb nhi\u1ec1u lo\u1ea1i m\u00f4 v\u00e0 c\u01a1 quan th\u1ef1c v\u1eadt, v\u00e0 n\u1ea5m s\u1ee3i. Xin l\u01b0u \u00fd r\u1eb1ng b\u1ed9 n\u00e0y kh\u00f4ng \u0111\u01b0\u1ee3c thi\u1ebft k\u1ebf \u0111\u1ec3 t\u00e1ch RNA nh\u1ecf (&lt; 200 nt). Th\u00f4ng th\u01b0\u1eddng, n\u00ean s\u1eed d\u1ee5ng m\u1eabu \u0111\u1ea7u v\u00e0o t\u1eeb 50 \u2013 500 mg cho m\u1ed7i l\u1ea7n ch\u1ebf ph\u1ea9m. B\u1ed9 n\u00e0y c\u00f3 kh\u1ea3 n\u0103ng t\u00e1ch t\u1edbi 70 \u03bcg RNA, ph\u00f9 h\u1ee3p v\u1edbi nhi\u1ec1u \u1ee9ng d\u1ee5ng h\u1ea1 ngu\u1ed3n nh\u01b0 qRT-PCR, t\u1ed5ng h\u1ee3p cDNA, Northern blotting, v.v.<\/span><\/p>\n","protected":false},"excerpt":{"rendered":"<p>Unit size: 50 c\u1ed9t B\u1ed9 d\u1ee5ng c\u1ee5 ph\u00e2n l\u1eadp RNA th\u1ef1c v\u1eadt\/n\u1ea5m NZY \u0111\u01b0\u1ee3c thi\u1ebft k\u1ebf \u0111\u1ec3 ph\u00e2n l\u1eadp RNA t\u1eeb nhi\u1ec1u lo\u1ea1i v\u1eadt li\u1ec7u th\u1ef1c v\u1eadt v\u00e0 n\u1ea5m. B\u1ed9 d\u1ee5ng c\u1ee5 n\u00e0y ho\u1ea1t \u0111\u1ed9ng hi\u1ec7u qu\u1ea3 ngay c\u1ea3 khi x\u1eed l\u00fd c\u00e1c m\u1eabu c\u00f3 h\u00e0m l\u01b0\u1ee3ng tinh b\u1ed9t, \u0111\u01b0\u1eddng, ch\u1ea5t chuy\u1ec3n h\u00f3a th\u1ee9 c\u1ea5p [&hellip;]<\/p>\n","protected":false},"featured_media":6394,"comment_status":"open","ping_status":"closed","template":"","meta":[],"pwb-brand":[933],"product_cat":[434,731,814],"product_tag":[],"class_list":{"0":"post-6473","1":"product","2":"type-product","3":"status-publish","4":"has-post-thumbnail","6":"pwb-brand-nzytech","7":"product_cat-khoa-hoc-su-song","8":"product_cat-sinh-hoc-phan-tu","9":"product_cat-dna-rna-purification","11":"first","12":"onbackorder","13":"shipping-taxable","14":"purchasable","15":"product-type-simple"},"yoast_head":"<!-- This site is optimized with the Yoast SEO plugin v23.6 - https:\/\/yoast.com\/wordpress\/plugins\/seo\/ -->\n<title>NZY Plant\/Fungi RNA Isolation  kit (MB45601) - Biosciences<\/title>\n<meta name=\"robots\" content=\"index, follow, max-snippet:-1, max-image-preview:large, max-video-preview:-1\" \/>\n<link rel=\"canonical\" href=\"https:\/\/biosciences.vn\/index.php\/product\/nzy-plant-fungi-rna-isolation-kit-1-2\/\" \/>\n<meta property=\"og:locale\" content=\"en_US\" \/>\n<meta property=\"og:type\" content=\"article\" \/>\n<meta property=\"og:title\" content=\"NZY Plant\/Fungi RNA Isolation  kit (MB45601) - Biosciences\" \/>\n<meta property=\"og:description\" content=\"Unit size: 50 c\u1ed9t B\u1ed9 d\u1ee5ng c\u1ee5 ph\u00e2n l\u1eadp RNA th\u1ef1c v\u1eadt\/n\u1ea5m NZY \u0111\u01b0\u1ee3c thi\u1ebft k\u1ebf \u0111\u1ec3 ph\u00e2n l\u1eadp RNA t\u1eeb nhi\u1ec1u lo\u1ea1i v\u1eadt li\u1ec7u th\u1ef1c v\u1eadt v\u00e0 n\u1ea5m. B\u1ed9 d\u1ee5ng c\u1ee5 n\u00e0y ho\u1ea1t \u0111\u1ed9ng hi\u1ec7u qu\u1ea3 ngay c\u1ea3 khi x\u1eed l\u00fd c\u00e1c m\u1eabu c\u00f3 h\u00e0m l\u01b0\u1ee3ng tinh b\u1ed9t, \u0111\u01b0\u1eddng, ch\u1ea5t chuy\u1ec3n h\u00f3a th\u1ee9 c\u1ea5p [&hellip;]\" \/>\n<meta property=\"og:url\" content=\"https:\/\/biosciences.vn\/index.php\/product\/nzy-plant-fungi-rna-isolation-kit-1-2\/\" \/>\n<meta property=\"og:site_name\" content=\"Biosciences\" \/>\n<meta property=\"article:modified_time\" content=\"2025-08-28T07:55:09+00:00\" \/>\n<meta property=\"og:image\" content=\"https:\/\/biosciences.vn\/wp-content\/uploads\/2024\/10\/NZYtech-.jpg\" \/>\n\t<meta property=\"og:image:width\" content=\"700\" \/>\n\t<meta property=\"og:image:height\" content=\"700\" \/>\n\t<meta property=\"og:image:type\" content=\"image\/jpeg\" \/>\n<meta name=\"twitter:card\" content=\"summary_large_image\" \/>\n<meta name=\"twitter:label1\" content=\"Est. reading time\" \/>\n\t<meta name=\"twitter:data1\" content=\"3 minutes\" \/>\n<script type=\"application\/ld+json\" class=\"yoast-schema-graph\">{\"@context\":\"https:\/\/schema.org\",\"@graph\":[{\"@type\":\"WebPage\",\"@id\":\"https:\/\/biosciences.vn\/index.php\/product\/nzy-plant-fungi-rna-isolation-kit-1-2\/\",\"url\":\"https:\/\/biosciences.vn\/index.php\/product\/nzy-plant-fungi-rna-isolation-kit-1-2\/\",\"name\":\"NZY Plant\/Fungi RNA Isolation kit (MB45601) - Biosciences\",\"isPartOf\":{\"@id\":\"https:\/\/biosciences.vn\/#website\"},\"primaryImageOfPage\":{\"@id\":\"https:\/\/biosciences.vn\/index.php\/product\/nzy-plant-fungi-rna-isolation-kit-1-2\/#primaryimage\"},\"image\":{\"@id\":\"https:\/\/biosciences.vn\/index.php\/product\/nzy-plant-fungi-rna-isolation-kit-1-2\/#primaryimage\"},\"thumbnailUrl\":\"https:\/\/biosciences.vn\/wp-content\/uploads\/2024\/10\/NZYtech-.jpg\",\"datePublished\":\"2024-10-31T06:58:46+00:00\",\"dateModified\":\"2025-08-28T07:55:09+00:00\",\"breadcrumb\":{\"@id\":\"https:\/\/biosciences.vn\/index.php\/product\/nzy-plant-fungi-rna-isolation-kit-1-2\/#breadcrumb\"},\"inLanguage\":\"en-US\",\"potentialAction\":[{\"@type\":\"ReadAction\",\"target\":[\"https:\/\/biosciences.vn\/index.php\/product\/nzy-plant-fungi-rna-isolation-kit-1-2\/\"]}]},{\"@type\":\"ImageObject\",\"inLanguage\":\"en-US\",\"@id\":\"https:\/\/biosciences.vn\/index.php\/product\/nzy-plant-fungi-rna-isolation-kit-1-2\/#primaryimage\",\"url\":\"https:\/\/biosciences.vn\/wp-content\/uploads\/2024\/10\/NZYtech-.jpg\",\"contentUrl\":\"https:\/\/biosciences.vn\/wp-content\/uploads\/2024\/10\/NZYtech-.jpg\",\"width\":700,\"height\":700},{\"@type\":\"BreadcrumbList\",\"@id\":\"https:\/\/biosciences.vn\/index.php\/product\/nzy-plant-fungi-rna-isolation-kit-1-2\/#breadcrumb\",\"itemListElement\":[{\"@type\":\"ListItem\",\"position\":1,\"name\":\"Trang ch\u1ee7\",\"item\":\"https:\/\/biosciences.vn\/index.php\/en\/home\/\"},{\"@type\":\"ListItem\",\"position\":2,\"name\":\"Shop\",\"item\":\"https:\/\/biosciences.vn\/index.php\/shop\/\"},{\"@type\":\"ListItem\",\"position\":3,\"name\":\"NZY Plant\/Fungi RNA Isolation kit (MB45601)\"}]},{\"@type\":\"WebSite\",\"@id\":\"https:\/\/biosciences.vn\/#website\",\"url\":\"https:\/\/biosciences.vn\/\",\"name\":\"Biosciences\",\"description\":\"\",\"publisher\":{\"@id\":\"https:\/\/biosciences.vn\/#organization\"},\"potentialAction\":[{\"@type\":\"SearchAction\",\"target\":{\"@type\":\"EntryPoint\",\"urlTemplate\":\"https:\/\/biosciences.vn\/?s={search_term_string}\"},\"query-input\":{\"@type\":\"PropertyValueSpecification\",\"valueRequired\":true,\"valueName\":\"search_term_string\"}}],\"inLanguage\":\"en-US\"},{\"@type\":\"Organization\",\"@id\":\"https:\/\/biosciences.vn\/#organization\",\"name\":\"Biosciences\",\"url\":\"https:\/\/biosciences.vn\/\",\"logo\":{\"@type\":\"ImageObject\",\"inLanguage\":\"en-US\",\"@id\":\"https:\/\/biosciences.vn\/#\/schema\/logo\/image\/\",\"url\":\"https:\/\/biosciences.vn\/wp-content\/uploads\/2024\/04\/LOGO-BIOSCIENCES-PNG.png\",\"contentUrl\":\"https:\/\/biosciences.vn\/wp-content\/uploads\/2024\/04\/LOGO-BIOSCIENCES-PNG.png\",\"width\":2536,\"height\":638,\"caption\":\"Biosciences\"},\"image\":{\"@id\":\"https:\/\/biosciences.vn\/#\/schema\/logo\/image\/\"}}]}<\/script>\n<!-- \/ Yoast SEO plugin. -->","yoast_head_json":{"title":"NZY Plant\/Fungi RNA Isolation  kit (MB45601) - Biosciences","robots":{"index":"index","follow":"follow","max-snippet":"max-snippet:-1","max-image-preview":"max-image-preview:large","max-video-preview":"max-video-preview:-1"},"canonical":"https:\/\/biosciences.vn\/index.php\/product\/nzy-plant-fungi-rna-isolation-kit-1-2\/","og_locale":"en_US","og_type":"article","og_title":"NZY Plant\/Fungi RNA Isolation  kit (MB45601) - Biosciences","og_description":"Unit size: 50 c\u1ed9t B\u1ed9 d\u1ee5ng c\u1ee5 ph\u00e2n l\u1eadp RNA th\u1ef1c v\u1eadt\/n\u1ea5m NZY \u0111\u01b0\u1ee3c thi\u1ebft k\u1ebf \u0111\u1ec3 ph\u00e2n l\u1eadp RNA t\u1eeb nhi\u1ec1u lo\u1ea1i v\u1eadt li\u1ec7u th\u1ef1c v\u1eadt v\u00e0 n\u1ea5m. B\u1ed9 d\u1ee5ng c\u1ee5 n\u00e0y ho\u1ea1t \u0111\u1ed9ng hi\u1ec7u qu\u1ea3 ngay c\u1ea3 khi x\u1eed l\u00fd c\u00e1c m\u1eabu c\u00f3 h\u00e0m l\u01b0\u1ee3ng tinh b\u1ed9t, \u0111\u01b0\u1eddng, ch\u1ea5t chuy\u1ec3n h\u00f3a th\u1ee9 c\u1ea5p [&hellip;]","og_url":"https:\/\/biosciences.vn\/index.php\/product\/nzy-plant-fungi-rna-isolation-kit-1-2\/","og_site_name":"Biosciences","article_modified_time":"2025-08-28T07:55:09+00:00","og_image":[{"width":700,"height":700,"url":"https:\/\/biosciences.vn\/wp-content\/uploads\/2024\/10\/NZYtech-.jpg","type":"image\/jpeg"}],"twitter_card":"summary_large_image","twitter_misc":{"Est. reading time":"3 minutes"},"schema":{"@context":"https:\/\/schema.org","@graph":[{"@type":"WebPage","@id":"https:\/\/biosciences.vn\/index.php\/product\/nzy-plant-fungi-rna-isolation-kit-1-2\/","url":"https:\/\/biosciences.vn\/index.php\/product\/nzy-plant-fungi-rna-isolation-kit-1-2\/","name":"NZY Plant\/Fungi RNA Isolation kit (MB45601) - Biosciences","isPartOf":{"@id":"https:\/\/biosciences.vn\/#website"},"primaryImageOfPage":{"@id":"https:\/\/biosciences.vn\/index.php\/product\/nzy-plant-fungi-rna-isolation-kit-1-2\/#primaryimage"},"image":{"@id":"https:\/\/biosciences.vn\/index.php\/product\/nzy-plant-fungi-rna-isolation-kit-1-2\/#primaryimage"},"thumbnailUrl":"https:\/\/biosciences.vn\/wp-content\/uploads\/2024\/10\/NZYtech-.jpg","datePublished":"2024-10-31T06:58:46+00:00","dateModified":"2025-08-28T07:55:09+00:00","breadcrumb":{"@id":"https:\/\/biosciences.vn\/index.php\/product\/nzy-plant-fungi-rna-isolation-kit-1-2\/#breadcrumb"},"inLanguage":"en-US","potentialAction":[{"@type":"ReadAction","target":["https:\/\/biosciences.vn\/index.php\/product\/nzy-plant-fungi-rna-isolation-kit-1-2\/"]}]},{"@type":"ImageObject","inLanguage":"en-US","@id":"https:\/\/biosciences.vn\/index.php\/product\/nzy-plant-fungi-rna-isolation-kit-1-2\/#primaryimage","url":"https:\/\/biosciences.vn\/wp-content\/uploads\/2024\/10\/NZYtech-.jpg","contentUrl":"https:\/\/biosciences.vn\/wp-content\/uploads\/2024\/10\/NZYtech-.jpg","width":700,"height":700},{"@type":"BreadcrumbList","@id":"https:\/\/biosciences.vn\/index.php\/product\/nzy-plant-fungi-rna-isolation-kit-1-2\/#breadcrumb","itemListElement":[{"@type":"ListItem","position":1,"name":"Trang ch\u1ee7","item":"https:\/\/biosciences.vn\/index.php\/en\/home\/"},{"@type":"ListItem","position":2,"name":"Shop","item":"https:\/\/biosciences.vn\/index.php\/shop\/"},{"@type":"ListItem","position":3,"name":"NZY Plant\/Fungi RNA Isolation kit (MB45601)"}]},{"@type":"WebSite","@id":"https:\/\/biosciences.vn\/#website","url":"https:\/\/biosciences.vn\/","name":"Biosciences","description":"","publisher":{"@id":"https:\/\/biosciences.vn\/#organization"},"potentialAction":[{"@type":"SearchAction","target":{"@type":"EntryPoint","urlTemplate":"https:\/\/biosciences.vn\/?s={search_term_string}"},"query-input":{"@type":"PropertyValueSpecification","valueRequired":true,"valueName":"search_term_string"}}],"inLanguage":"en-US"},{"@type":"Organization","@id":"https:\/\/biosciences.vn\/#organization","name":"Biosciences","url":"https:\/\/biosciences.vn\/","logo":{"@type":"ImageObject","inLanguage":"en-US","@id":"https:\/\/biosciences.vn\/#\/schema\/logo\/image\/","url":"https:\/\/biosciences.vn\/wp-content\/uploads\/2024\/04\/LOGO-BIOSCIENCES-PNG.png","contentUrl":"https:\/\/biosciences.vn\/wp-content\/uploads\/2024\/04\/LOGO-BIOSCIENCES-PNG.png","width":2536,"height":638,"caption":"Biosciences"},"image":{"@id":"https:\/\/biosciences.vn\/#\/schema\/logo\/image\/"}}]}},"brands":[{"id":933,"name":"NZYtech","slug":"nzytech"}],"_links":{"self":[{"href":"https:\/\/biosciences.vn\/index.php\/wp-json\/wp\/v2\/product\/6473"}],"collection":[{"href":"https:\/\/biosciences.vn\/index.php\/wp-json\/wp\/v2\/product"}],"about":[{"href":"https:\/\/biosciences.vn\/index.php\/wp-json\/wp\/v2\/types\/product"}],"replies":[{"embeddable":true,"href":"https:\/\/biosciences.vn\/index.php\/wp-json\/wp\/v2\/comments?post=6473"}],"wp:featuredmedia":[{"embeddable":true,"href":"https:\/\/biosciences.vn\/index.php\/wp-json\/wp\/v2\/media\/6394"}],"wp:attachment":[{"href":"https:\/\/biosciences.vn\/index.php\/wp-json\/wp\/v2\/media?parent=6473"}],"wp:term":[{"taxonomy":"pwb-brand","embeddable":true,"href":"https:\/\/biosciences.vn\/index.php\/wp-json\/wp\/v2\/pwb-brand?post=6473"},{"taxonomy":"product_cat","embeddable":true,"href":"https:\/\/biosciences.vn\/index.php\/wp-json\/wp\/v2\/product_cat?post=6473"},{"taxonomy":"product_tag","embeddable":true,"href":"https:\/\/biosciences.vn\/index.php\/wp-json\/wp\/v2\/product_tag?post=6473"}],"curies":[{"name":"wp","href":"https:\/\/api.w.org\/{rel}","templated":true}]}}