{"id":6480,"date":"2024-10-31T13:59:07","date_gmt":"2024-10-31T06:59:07","guid":{"rendered":"https:\/\/biosciences.vn\/?post_type=product&#038;p=6480"},"modified":"2025-08-28T14:55:09","modified_gmt":"2025-08-28T07:55:09","slug":"rna-stabilization-solution-2","status":"publish","type":"product","link":"https:\/\/biosciences.vn\/index.php\/product\/rna-stabilization-solution-2\/","title":{"rendered":"RNA Stabilization Solution\n  (MB46902)"},"content":{"rendered":"<p><strong>Unit size:<\/strong> 500 mL<\/p>\n<p><span>Ph\u00e2n t\u00edch bi\u1ec3u hi\u1ec7n gen \u0111\u00e1ng tin c\u1eady ph\u1ee5 thu\u1ed9c v\u00e0o s\u1ef1 \u1ed5n \u0111\u1ecbnh t\u1ee9c th\u1eddi c\u1ee7a RNA trong c\u00e1c m\u1eabu sinh h\u1ecdc khi thu ho\u1ea1ch. C\u00e1c ki\u1ec3u bi\u1ec3u hi\u1ec7n gen c\u00f3 th\u1ec3 thay \u0111\u1ed5i do s\u1ef1 tho\u00e1i h\u00f3a RNA v\u00e0 s\u1ef1 d\u1ecbch chuy\u1ec3n phi\u00ean m\u00e3, khi\u1ebfn vi\u1ec7c ng\u0103n ch\u1eb7n nh\u1eefng thay \u0111\u1ed5i n\u00e0y tr\u1edf n\u00ean b\u1eaft bu\u1ed9c \u0111\u1ec3 c\u00f3 k\u1ebft qu\u1ea3 ch\u00ednh x\u00e1c trong c\u00e1c ph\u00e2n t\u00edch bi\u1ec3u hi\u1ec7n gen \u0111\u1ecbnh l\u01b0\u1ee3ng, ch\u1eb3ng h\u1ea1n nh\u01b0 ph\u00e2n t\u00edch m\u1ea3ng vi m\u00f4 v\u00e0 RT-PCR \u0111\u1ecbnh l\u01b0\u1ee3ng. Dung d\u1ecbch \u1ed5n \u0111\u1ecbnh RNA cung c\u1ea5p m\u1ed9t ph\u01b0\u01a1ng ph\u00e1p ti\u00ean ti\u1ebfn \u0111\u1ec3 \u1ed5n \u0111\u1ecbnh v\u00e0 b\u1ea3o v\u1ec7 RNA trong c\u00e1c m\u1eabu m\u00f4 nguy\u00ean v\u1eb9n, lo\u1ea1i b\u1ecf s\u1ef1 c\u1ea5p thi\u1ebft ph\u1ea3i x\u1eed l\u00fd ho\u1eb7c \u0111\u00f4ng l\u1ea1nh s\u00e2u c\u00e1c m\u1eabu ngay l\u1eadp t\u1ee9c. Sau khi thu ho\u1ea1ch c\u00e1c m\u00f4, ch\u00fang c\u00f3 th\u1ec3 \u0111\u01b0\u1ee3c nh\u00fang tr\u1ef1c ti\u1ebfp v\u00e0o Dung d\u1ecbch \u1ed5n \u0111\u1ecbnh RNA, \u0111\u1ea3m b\u1ea3o r\u1eb1ng RNA v\u1eabn c\u00f2n nguy\u00ean v\u1eb9n ngay c\u1ea3 trong qu\u00e1 tr\u00ecnh l\u01b0u tr\u1eef ho\u1eb7c v\u1eadn chuy\u1ec3n \u1edf c\u00e1c nhi\u1ec7t \u0111\u1ed9 kh\u00e1c nhau.<\/span><\/p>\n<p><span>Gi\u1ea3i ph\u00e1p n\u00e0y l\u00fd t\u01b0\u1edfng \u0111\u1ec3 h\u1ee3p l\u00fd h\u00f3a quy tr\u00ecnh l\u00e0m vi\u1ec7c, thay th\u1ebf c\u00e1c ph\u01b0\u01a1ng ph\u00e1p ph\u1ee9c t\u1ea1p v\u00e0 d\u1ec5 g\u00e2y nguy hi\u1ec3m nh\u01b0 \u0111\u00f4ng l\u1ea1nh \u0111\u1ed9t ng\u1ed9t trong nit\u01a1 l\u1ecfng ho\u1eb7c x\u1eed l\u00fd m\u1eabu ngay l\u1eadp t\u1ee9c. C\u00e1c m\u1eabu m\u00f4, sau khi \u0111\u01b0\u1ee3c x\u1eed l\u00fd, c\u00f3 th\u1ec3 \u0111\u01b0\u1ee3c b\u1ea3o qu\u1ea3n trong Dung d\u1ecbch \u1ed5n \u0111\u1ecbnh RNA trong t\u1ed1i \u0111a 1 ng\u00e0y \u1edf 37\u00b0C, 1 tu\u1ea7n \u1edf 25\u00b0C v\u00e0 1 th\u00e1ng \u1edf 4\u00b0C. \u0110\u1ec3 l\u01b0u tr\u1eef l\u00e2u d\u00e0i, c\u00e1c m\u00f4 c\u00f3 th\u1ec3 \u0111\u01b0\u1ee3c b\u1ea3o qu\u1ea3n v\u00f4 th\u1eddi h\u1ea1n \u1edf -20\u00b0C ho\u1eb7c l\u1ea1nh h\u01a1n (-80\u00b0C). T\u00ednh linh ho\u1ea1t c\u1ee7a gi\u1ea3i ph\u00e1p \u0111\u01b0\u1ee3c nh\u1ea5n m\u1ea1nh b\u1edfi hi\u1ec7u qu\u1ea3 c\u1ee7a n\u00f3 tr\u00ean nhi\u1ec1u m\u00f4 kh\u00e1c nhau t\u1eeb c\u00e1c lo\u00e0i \u0111\u1ed9ng v\u1eadt c\u00f3 x\u01b0\u01a1ng s\u1ed1ng, nu\u00f4i c\u1ea5y vi khu\u1ea9n, t\u1ebf b\u00e0o nu\u00f4i c\u1ea5y m\u00f4, t\u1ebf b\u00e0o b\u1ea1ch c\u1ea7u v\u00e0 th\u1eadm ch\u00ed m\u1ed9t s\u1ed1 lo\u1ea1i th\u1ef1c v\u1eadt.<\/span><\/p>\n<p><span>Dung d\u1ecbch \u1ed5n \u0111\u1ecbnh RNA t\u01b0\u01a1ng th\u00edch v\u1edbi nhi\u1ec1u ph\u01b0\u01a1ng ph\u00e1p ph\u00e2n l\u1eadp RNA, bao g\u1ed3m nh\u01b0ng kh\u00f4ng gi\u1edbi h\u1ea1n \u1edf Thu\u1ed1c th\u1eed TRIzol\/NZYol (M\u00e3 s\u1ed1 danh m\u1ee5c MB18501) v\u00e0 b\u1ed9 d\u1ee5ng c\u1ee5 ph\u00e2n l\u1eadp RNA ti\u00eau chu\u1ea9n. H\u01a1n n\u1eefa, n\u00f3 \u0111\u00e3 \u0111\u01b0\u1ee3c s\u1eed d\u1ee5ng trong c\u00e1c \u1ee9ng d\u1ee5ng h\u1ea1 ngu\u1ed3n, t\u1eeb ph\u00e2n l\u1eadp mRNA v\u00e0 RNA t\u1ed5ng s\u1ed1 \u0111\u1ebfn m\u00f4 h\u1ecdc, mi\u1ec5n d\u1ecbch t\u1ebf b\u00e0o h\u1ecdc, x\u00e2y d\u1ef1ng th\u01b0 vi\u1ec7n cDNA, Northern blotting, gi\u1ea3i tr\u00ecnh t\u1ef1 RNA (RNA-seq), RT-PCR v\u00e0 RT-qPCR, nghi\u00ean c\u1ee9u can thi\u1ec7p RNA (RNAi), ph\u00e2n t\u00edch MicroRNA (miRNA) v\u00e0 c\u00e1c k\u1ef9 thu\u1eadt b\u1ed5 sung. Dung d\u1ecbch \u1ed5n \u0111\u1ecbnh RNA \u0111\u01b0\u1ee3c ch\u1ebf t\u1ea1o ri\u00eang cho c\u00e1c \u1ee9ng d\u1ee5ng sinh h\u1ecdc ph\u00e2n t\u1eed. S\u1ea3n ph\u1ea9m n\u00e0y kh\u00f4ng \u0111\u01b0\u1ee3c ph\u00e1t tri\u1ec3n \u0111\u1ec3 ch\u1ea9n \u0111o\u00e1n, ph\u00f2ng ng\u1eeba ho\u1eb7c \u0111i\u1ec1u tr\u1ecb b\u1ea5t k\u1ef3 b\u1ec7nh n\u00e0o.<\/span><\/p>\n","protected":false},"excerpt":{"rendered":"<p>Unit size: 500 mL Ph\u00e2n t\u00edch bi\u1ec3u hi\u1ec7n gen \u0111\u00e1ng tin c\u1eady ph\u1ee5 thu\u1ed9c v\u00e0o s\u1ef1 \u1ed5n \u0111\u1ecbnh t\u1ee9c th\u1eddi c\u1ee7a RNA trong c\u00e1c m\u1eabu sinh h\u1ecdc khi thu ho\u1ea1ch. C\u00e1c ki\u1ec3u bi\u1ec3u hi\u1ec7n gen c\u00f3 th\u1ec3 thay \u0111\u1ed5i do s\u1ef1 tho\u00e1i h\u00f3a RNA v\u00e0 s\u1ef1 d\u1ecbch chuy\u1ec3n phi\u00ean m\u00e3, khi\u1ebfn vi\u1ec7c ng\u0103n ch\u1eb7n nh\u1eefng [&hellip;]<\/p>\n","protected":false},"featured_media":6394,"comment_status":"open","ping_status":"closed","template":"","meta":[],"pwb-brand":[933],"product_cat":[434,731,814],"product_tag":[],"class_list":{"0":"post-6480","1":"product","2":"type-product","3":"status-publish","4":"has-post-thumbnail","6":"pwb-brand-nzytech","7":"product_cat-khoa-hoc-su-song","8":"product_cat-sinh-hoc-phan-tu","9":"product_cat-dna-rna-purification","11":"first","12":"onbackorder","13":"shipping-taxable","14":"purchasable","15":"product-type-simple"},"yoast_head":"<!-- This site is optimized with the Yoast SEO plugin v23.6 - https:\/\/yoast.com\/wordpress\/plugins\/seo\/ -->\n<title>RNA Stabilization Solution  (MB46902) - Biosciences<\/title>\n<meta name=\"robots\" content=\"index, follow, max-snippet:-1, max-image-preview:large, max-video-preview:-1\" \/>\n<link rel=\"canonical\" href=\"https:\/\/biosciences.vn\/index.php\/product\/rna-stabilization-solution-2\/\" \/>\n<meta property=\"og:locale\" content=\"en_US\" \/>\n<meta property=\"og:type\" content=\"article\" \/>\n<meta property=\"og:title\" content=\"RNA Stabilization Solution  (MB46902) - Biosciences\" \/>\n<meta property=\"og:description\" content=\"Unit size: 500 mL Ph\u00e2n t\u00edch bi\u1ec3u hi\u1ec7n gen \u0111\u00e1ng tin c\u1eady ph\u1ee5 thu\u1ed9c v\u00e0o s\u1ef1 \u1ed5n \u0111\u1ecbnh t\u1ee9c th\u1eddi c\u1ee7a RNA trong c\u00e1c m\u1eabu sinh h\u1ecdc khi thu ho\u1ea1ch. C\u00e1c ki\u1ec3u bi\u1ec3u hi\u1ec7n gen c\u00f3 th\u1ec3 thay \u0111\u1ed5i do s\u1ef1 tho\u00e1i h\u00f3a RNA v\u00e0 s\u1ef1 d\u1ecbch chuy\u1ec3n phi\u00ean m\u00e3, khi\u1ebfn vi\u1ec7c ng\u0103n ch\u1eb7n nh\u1eefng [&hellip;]\" \/>\n<meta property=\"og:url\" content=\"https:\/\/biosciences.vn\/index.php\/product\/rna-stabilization-solution-2\/\" \/>\n<meta property=\"og:site_name\" content=\"Biosciences\" \/>\n<meta property=\"article:modified_time\" content=\"2025-08-28T07:55:09+00:00\" \/>\n<meta property=\"og:image\" content=\"https:\/\/biosciences.vn\/wp-content\/uploads\/2024\/10\/NZYtech-.jpg\" \/>\n\t<meta property=\"og:image:width\" content=\"700\" \/>\n\t<meta property=\"og:image:height\" content=\"700\" \/>\n\t<meta property=\"og:image:type\" content=\"image\/jpeg\" \/>\n<meta name=\"twitter:card\" content=\"summary_large_image\" \/>\n<meta name=\"twitter:label1\" content=\"Est. reading time\" \/>\n\t<meta name=\"twitter:data1\" content=\"3 minutes\" \/>\n<script type=\"application\/ld+json\" class=\"yoast-schema-graph\">{\"@context\":\"https:\/\/schema.org\",\"@graph\":[{\"@type\":\"WebPage\",\"@id\":\"https:\/\/biosciences.vn\/index.php\/product\/rna-stabilization-solution-2\/\",\"url\":\"https:\/\/biosciences.vn\/index.php\/product\/rna-stabilization-solution-2\/\",\"name\":\"RNA Stabilization Solution (MB46902) - Biosciences\",\"isPartOf\":{\"@id\":\"https:\/\/biosciences.vn\/#website\"},\"primaryImageOfPage\":{\"@id\":\"https:\/\/biosciences.vn\/index.php\/product\/rna-stabilization-solution-2\/#primaryimage\"},\"image\":{\"@id\":\"https:\/\/biosciences.vn\/index.php\/product\/rna-stabilization-solution-2\/#primaryimage\"},\"thumbnailUrl\":\"https:\/\/biosciences.vn\/wp-content\/uploads\/2024\/10\/NZYtech-.jpg\",\"datePublished\":\"2024-10-31T06:59:07+00:00\",\"dateModified\":\"2025-08-28T07:55:09+00:00\",\"breadcrumb\":{\"@id\":\"https:\/\/biosciences.vn\/index.php\/product\/rna-stabilization-solution-2\/#breadcrumb\"},\"inLanguage\":\"en-US\",\"potentialAction\":[{\"@type\":\"ReadAction\",\"target\":[\"https:\/\/biosciences.vn\/index.php\/product\/rna-stabilization-solution-2\/\"]}]},{\"@type\":\"ImageObject\",\"inLanguage\":\"en-US\",\"@id\":\"https:\/\/biosciences.vn\/index.php\/product\/rna-stabilization-solution-2\/#primaryimage\",\"url\":\"https:\/\/biosciences.vn\/wp-content\/uploads\/2024\/10\/NZYtech-.jpg\",\"contentUrl\":\"https:\/\/biosciences.vn\/wp-content\/uploads\/2024\/10\/NZYtech-.jpg\",\"width\":700,\"height\":700},{\"@type\":\"BreadcrumbList\",\"@id\":\"https:\/\/biosciences.vn\/index.php\/product\/rna-stabilization-solution-2\/#breadcrumb\",\"itemListElement\":[{\"@type\":\"ListItem\",\"position\":1,\"name\":\"Trang ch\u1ee7\",\"item\":\"https:\/\/biosciences.vn\/index.php\/en\/home\/\"},{\"@type\":\"ListItem\",\"position\":2,\"name\":\"Shop\",\"item\":\"https:\/\/biosciences.vn\/index.php\/shop\/\"},{\"@type\":\"ListItem\",\"position\":3,\"name\":\"RNA Stabilization Solution (MB46902)\"}]},{\"@type\":\"WebSite\",\"@id\":\"https:\/\/biosciences.vn\/#website\",\"url\":\"https:\/\/biosciences.vn\/\",\"name\":\"Biosciences\",\"description\":\"\",\"publisher\":{\"@id\":\"https:\/\/biosciences.vn\/#organization\"},\"potentialAction\":[{\"@type\":\"SearchAction\",\"target\":{\"@type\":\"EntryPoint\",\"urlTemplate\":\"https:\/\/biosciences.vn\/?s={search_term_string}\"},\"query-input\":{\"@type\":\"PropertyValueSpecification\",\"valueRequired\":true,\"valueName\":\"search_term_string\"}}],\"inLanguage\":\"en-US\"},{\"@type\":\"Organization\",\"@id\":\"https:\/\/biosciences.vn\/#organization\",\"name\":\"Biosciences\",\"url\":\"https:\/\/biosciences.vn\/\",\"logo\":{\"@type\":\"ImageObject\",\"inLanguage\":\"en-US\",\"@id\":\"https:\/\/biosciences.vn\/#\/schema\/logo\/image\/\",\"url\":\"https:\/\/biosciences.vn\/wp-content\/uploads\/2024\/04\/LOGO-BIOSCIENCES-PNG.png\",\"contentUrl\":\"https:\/\/biosciences.vn\/wp-content\/uploads\/2024\/04\/LOGO-BIOSCIENCES-PNG.png\",\"width\":2536,\"height\":638,\"caption\":\"Biosciences\"},\"image\":{\"@id\":\"https:\/\/biosciences.vn\/#\/schema\/logo\/image\/\"}}]}<\/script>\n<!-- \/ Yoast SEO plugin. -->","yoast_head_json":{"title":"RNA Stabilization Solution  (MB46902) - Biosciences","robots":{"index":"index","follow":"follow","max-snippet":"max-snippet:-1","max-image-preview":"max-image-preview:large","max-video-preview":"max-video-preview:-1"},"canonical":"https:\/\/biosciences.vn\/index.php\/product\/rna-stabilization-solution-2\/","og_locale":"en_US","og_type":"article","og_title":"RNA Stabilization Solution  (MB46902) - Biosciences","og_description":"Unit size: 500 mL Ph\u00e2n t\u00edch bi\u1ec3u hi\u1ec7n gen \u0111\u00e1ng tin c\u1eady ph\u1ee5 thu\u1ed9c v\u00e0o s\u1ef1 \u1ed5n \u0111\u1ecbnh t\u1ee9c th\u1eddi c\u1ee7a RNA trong c\u00e1c m\u1eabu sinh h\u1ecdc khi thu ho\u1ea1ch. C\u00e1c ki\u1ec3u bi\u1ec3u hi\u1ec7n gen c\u00f3 th\u1ec3 thay \u0111\u1ed5i do s\u1ef1 tho\u00e1i h\u00f3a RNA v\u00e0 s\u1ef1 d\u1ecbch chuy\u1ec3n phi\u00ean m\u00e3, khi\u1ebfn vi\u1ec7c ng\u0103n ch\u1eb7n nh\u1eefng [&hellip;]","og_url":"https:\/\/biosciences.vn\/index.php\/product\/rna-stabilization-solution-2\/","og_site_name":"Biosciences","article_modified_time":"2025-08-28T07:55:09+00:00","og_image":[{"width":700,"height":700,"url":"https:\/\/biosciences.vn\/wp-content\/uploads\/2024\/10\/NZYtech-.jpg","type":"image\/jpeg"}],"twitter_card":"summary_large_image","twitter_misc":{"Est. reading time":"3 minutes"},"schema":{"@context":"https:\/\/schema.org","@graph":[{"@type":"WebPage","@id":"https:\/\/biosciences.vn\/index.php\/product\/rna-stabilization-solution-2\/","url":"https:\/\/biosciences.vn\/index.php\/product\/rna-stabilization-solution-2\/","name":"RNA Stabilization Solution (MB46902) - Biosciences","isPartOf":{"@id":"https:\/\/biosciences.vn\/#website"},"primaryImageOfPage":{"@id":"https:\/\/biosciences.vn\/index.php\/product\/rna-stabilization-solution-2\/#primaryimage"},"image":{"@id":"https:\/\/biosciences.vn\/index.php\/product\/rna-stabilization-solution-2\/#primaryimage"},"thumbnailUrl":"https:\/\/biosciences.vn\/wp-content\/uploads\/2024\/10\/NZYtech-.jpg","datePublished":"2024-10-31T06:59:07+00:00","dateModified":"2025-08-28T07:55:09+00:00","breadcrumb":{"@id":"https:\/\/biosciences.vn\/index.php\/product\/rna-stabilization-solution-2\/#breadcrumb"},"inLanguage":"en-US","potentialAction":[{"@type":"ReadAction","target":["https:\/\/biosciences.vn\/index.php\/product\/rna-stabilization-solution-2\/"]}]},{"@type":"ImageObject","inLanguage":"en-US","@id":"https:\/\/biosciences.vn\/index.php\/product\/rna-stabilization-solution-2\/#primaryimage","url":"https:\/\/biosciences.vn\/wp-content\/uploads\/2024\/10\/NZYtech-.jpg","contentUrl":"https:\/\/biosciences.vn\/wp-content\/uploads\/2024\/10\/NZYtech-.jpg","width":700,"height":700},{"@type":"BreadcrumbList","@id":"https:\/\/biosciences.vn\/index.php\/product\/rna-stabilization-solution-2\/#breadcrumb","itemListElement":[{"@type":"ListItem","position":1,"name":"Trang ch\u1ee7","item":"https:\/\/biosciences.vn\/index.php\/en\/home\/"},{"@type":"ListItem","position":2,"name":"Shop","item":"https:\/\/biosciences.vn\/index.php\/shop\/"},{"@type":"ListItem","position":3,"name":"RNA Stabilization Solution (MB46902)"}]},{"@type":"WebSite","@id":"https:\/\/biosciences.vn\/#website","url":"https:\/\/biosciences.vn\/","name":"Biosciences","description":"","publisher":{"@id":"https:\/\/biosciences.vn\/#organization"},"potentialAction":[{"@type":"SearchAction","target":{"@type":"EntryPoint","urlTemplate":"https:\/\/biosciences.vn\/?s={search_term_string}"},"query-input":{"@type":"PropertyValueSpecification","valueRequired":true,"valueName":"search_term_string"}}],"inLanguage":"en-US"},{"@type":"Organization","@id":"https:\/\/biosciences.vn\/#organization","name":"Biosciences","url":"https:\/\/biosciences.vn\/","logo":{"@type":"ImageObject","inLanguage":"en-US","@id":"https:\/\/biosciences.vn\/#\/schema\/logo\/image\/","url":"https:\/\/biosciences.vn\/wp-content\/uploads\/2024\/04\/LOGO-BIOSCIENCES-PNG.png","contentUrl":"https:\/\/biosciences.vn\/wp-content\/uploads\/2024\/04\/LOGO-BIOSCIENCES-PNG.png","width":2536,"height":638,"caption":"Biosciences"},"image":{"@id":"https:\/\/biosciences.vn\/#\/schema\/logo\/image\/"}}]}},"brands":[{"id":933,"name":"NZYtech","slug":"nzytech"}],"_links":{"self":[{"href":"https:\/\/biosciences.vn\/index.php\/wp-json\/wp\/v2\/product\/6480"}],"collection":[{"href":"https:\/\/biosciences.vn\/index.php\/wp-json\/wp\/v2\/product"}],"about":[{"href":"https:\/\/biosciences.vn\/index.php\/wp-json\/wp\/v2\/types\/product"}],"replies":[{"embeddable":true,"href":"https:\/\/biosciences.vn\/index.php\/wp-json\/wp\/v2\/comments?post=6480"}],"wp:featuredmedia":[{"embeddable":true,"href":"https:\/\/biosciences.vn\/index.php\/wp-json\/wp\/v2\/media\/6394"}],"wp:attachment":[{"href":"https:\/\/biosciences.vn\/index.php\/wp-json\/wp\/v2\/media?parent=6480"}],"wp:term":[{"taxonomy":"pwb-brand","embeddable":true,"href":"https:\/\/biosciences.vn\/index.php\/wp-json\/wp\/v2\/pwb-brand?post=6480"},{"taxonomy":"product_cat","embeddable":true,"href":"https:\/\/biosciences.vn\/index.php\/wp-json\/wp\/v2\/product_cat?post=6480"},{"taxonomy":"product_tag","embeddable":true,"href":"https:\/\/biosciences.vn\/index.php\/wp-json\/wp\/v2\/product_tag?post=6480"}],"curies":[{"name":"wp","href":"https:\/\/api.w.org\/{rel}","templated":true}]}}