{"id":6565,"date":"2024-10-31T14:03:26","date_gmt":"2024-10-31T07:03:26","guid":{"rendered":"https:\/\/biosciences.vn\/?post_type=product&#038;p=6565"},"modified":"2025-08-28T14:55:09","modified_gmt":"2025-08-28T07:55:09","slug":"random-hexamer-mix-1","status":"publish","type":"product","link":"https:\/\/biosciences.vn\/index.php\/product\/random-hexamer-mix-1\/","title":{"rendered":"Random hexamer mix (MB12901)"},"content":{"rendered":"<p>H\u1ed7n h\u1ee3p hexamer ng\u1eabu nhi\u00ean bao g\u1ed3m c\u00e1c oligonucleotide \u0111\u1ea1i di\u1ec7n cho t\u1ea5t c\u1ea3 c\u00e1c tr\u00ecnh t\u1ef1 hexamer c\u00f3 th\u1ec3. Hexamer ng\u1eabu nhi\u00ean th\u01b0\u1eddng \u0111\u01b0\u1ee3c s\u1eed d\u1ee5ng \u0111\u1ec3 m\u1ed3i DNA ho\u1eb7c RNA m\u1ea1ch \u0111\u01a1n \u0111\u1ec3 k\u00e9o d\u00e0i b\u1eb1ng DNA polymerase ho\u1eb7c Reverse transcriptase, th\u01b0\u1eddng l\u00e0 khi khu\u00f4n m\u1eabu kh\u00f3 sao ch\u00e9p ho\u00e0n to\u00e0n. Trong qu\u00e1 tr\u00ecnh t\u1ed5ng h\u1ee3p cDNA, hexamer ng\u1eabu nhi\u00ean s\u1ebd m\u1ed3i ng\u1eabu nhi\u00ean trong to\u00e0n b\u1ed9 chi\u1ec1u d\u00e0i c\u1ee7a RNA \u0111\u1ec3 t\u1ea1o ra m\u1ed9t nh\u00f3m cDNA ch\u1ee9a c\u00e1c chi\u1ec1u d\u00e0i kh\u00e1c nhau c\u1ee7a cDNA. V\u1edbi ph\u01b0\u01a1ng ph\u00e1p n\u00e0y, t\u1ea5t c\u1ea3 c\u00e1c RNA c\u00f3 trong qu\u1ea7n th\u1ec3 \u0111\u1ec1u t\u1ea1o th\u00e0nh khu\u00f4n m\u1eabu cho th\u00ed nghi\u1ec7m t\u1ed5ng h\u1ee3p cDNA.<\/p>\n","protected":false},"excerpt":{"rendered":"<p>H\u1ed7n h\u1ee3p hexamer ng\u1eabu nhi\u00ean bao g\u1ed3m c\u00e1c oligonucleotide \u0111\u1ea1i di\u1ec7n cho t\u1ea5t c\u1ea3 c\u00e1c tr\u00ecnh t\u1ef1 hexamer c\u00f3 th\u1ec3. Hexamer ng\u1eabu nhi\u00ean th\u01b0\u1eddng \u0111\u01b0\u1ee3c s\u1eed d\u1ee5ng \u0111\u1ec3 m\u1ed3i DNA ho\u1eb7c RNA m\u1ea1ch \u0111\u01a1n \u0111\u1ec3 k\u00e9o d\u00e0i b\u1eb1ng DNA polymerase ho\u1eb7c Reverse transcriptase, th\u01b0\u1eddng l\u00e0 khi khu\u00f4n m\u1eabu kh\u00f3 sao ch\u00e9p ho\u00e0n to\u00e0n. Trong qu\u00e1 [&hellip;]<\/p>\n","protected":false},"featured_media":6394,"comment_status":"open","ping_status":"closed","template":"","meta":[],"pwb-brand":[933],"product_cat":[434,731,820],"product_tag":[],"class_list":{"0":"post-6565","1":"product","2":"type-product","3":"status-publish","4":"has-post-thumbnail","6":"pwb-brand-nzytech","7":"product_cat-khoa-hoc-su-song","8":"product_cat-sinh-hoc-phan-tu","9":"product_cat-rna-cdna-vi","11":"first","12":"onbackorder","13":"shipping-taxable","14":"purchasable","15":"product-type-simple"},"yoast_head":"<!-- This site is optimized with the Yoast SEO plugin v23.6 - https:\/\/yoast.com\/wordpress\/plugins\/seo\/ -->\n<title>Random hexamer mix (MB12901) - Biosciences<\/title>\n<meta name=\"robots\" content=\"index, follow, max-snippet:-1, max-image-preview:large, max-video-preview:-1\" \/>\n<link rel=\"canonical\" href=\"https:\/\/biosciences.vn\/index.php\/product\/random-hexamer-mix-1\/\" \/>\n<meta property=\"og:locale\" content=\"en_US\" \/>\n<meta property=\"og:type\" content=\"article\" \/>\n<meta property=\"og:title\" content=\"Random hexamer mix (MB12901) - Biosciences\" \/>\n<meta property=\"og:description\" content=\"H\u1ed7n h\u1ee3p hexamer ng\u1eabu nhi\u00ean bao g\u1ed3m c\u00e1c oligonucleotide \u0111\u1ea1i di\u1ec7n cho t\u1ea5t c\u1ea3 c\u00e1c tr\u00ecnh t\u1ef1 hexamer c\u00f3 th\u1ec3. Hexamer ng\u1eabu nhi\u00ean th\u01b0\u1eddng \u0111\u01b0\u1ee3c s\u1eed d\u1ee5ng \u0111\u1ec3 m\u1ed3i DNA ho\u1eb7c RNA m\u1ea1ch \u0111\u01a1n \u0111\u1ec3 k\u00e9o d\u00e0i b\u1eb1ng DNA polymerase ho\u1eb7c Reverse transcriptase, th\u01b0\u1eddng l\u00e0 khi khu\u00f4n m\u1eabu kh\u00f3 sao ch\u00e9p ho\u00e0n to\u00e0n. Trong qu\u00e1 [&hellip;]\" \/>\n<meta property=\"og:url\" content=\"https:\/\/biosciences.vn\/index.php\/product\/random-hexamer-mix-1\/\" \/>\n<meta property=\"og:site_name\" content=\"Biosciences\" \/>\n<meta property=\"article:modified_time\" content=\"2025-08-28T07:55:09+00:00\" \/>\n<meta property=\"og:image\" content=\"https:\/\/biosciences.vn\/wp-content\/uploads\/2024\/10\/NZYtech-.jpg\" \/>\n\t<meta property=\"og:image:width\" content=\"700\" \/>\n\t<meta property=\"og:image:height\" content=\"700\" \/>\n\t<meta property=\"og:image:type\" content=\"image\/jpeg\" \/>\n<meta name=\"twitter:card\" content=\"summary_large_image\" \/>\n<meta name=\"twitter:label1\" content=\"Est. reading time\" \/>\n\t<meta name=\"twitter:data1\" content=\"1 minute\" \/>\n<script type=\"application\/ld+json\" class=\"yoast-schema-graph\">{\"@context\":\"https:\/\/schema.org\",\"@graph\":[{\"@type\":\"WebPage\",\"@id\":\"https:\/\/biosciences.vn\/index.php\/product\/random-hexamer-mix-1\/\",\"url\":\"https:\/\/biosciences.vn\/index.php\/product\/random-hexamer-mix-1\/\",\"name\":\"Random hexamer mix (MB12901) - Biosciences\",\"isPartOf\":{\"@id\":\"https:\/\/biosciences.vn\/#website\"},\"primaryImageOfPage\":{\"@id\":\"https:\/\/biosciences.vn\/index.php\/product\/random-hexamer-mix-1\/#primaryimage\"},\"image\":{\"@id\":\"https:\/\/biosciences.vn\/index.php\/product\/random-hexamer-mix-1\/#primaryimage\"},\"thumbnailUrl\":\"https:\/\/biosciences.vn\/wp-content\/uploads\/2024\/10\/NZYtech-.jpg\",\"datePublished\":\"2024-10-31T07:03:26+00:00\",\"dateModified\":\"2025-08-28T07:55:09+00:00\",\"breadcrumb\":{\"@id\":\"https:\/\/biosciences.vn\/index.php\/product\/random-hexamer-mix-1\/#breadcrumb\"},\"inLanguage\":\"en-US\",\"potentialAction\":[{\"@type\":\"ReadAction\",\"target\":[\"https:\/\/biosciences.vn\/index.php\/product\/random-hexamer-mix-1\/\"]}]},{\"@type\":\"ImageObject\",\"inLanguage\":\"en-US\",\"@id\":\"https:\/\/biosciences.vn\/index.php\/product\/random-hexamer-mix-1\/#primaryimage\",\"url\":\"https:\/\/biosciences.vn\/wp-content\/uploads\/2024\/10\/NZYtech-.jpg\",\"contentUrl\":\"https:\/\/biosciences.vn\/wp-content\/uploads\/2024\/10\/NZYtech-.jpg\",\"width\":700,\"height\":700},{\"@type\":\"BreadcrumbList\",\"@id\":\"https:\/\/biosciences.vn\/index.php\/product\/random-hexamer-mix-1\/#breadcrumb\",\"itemListElement\":[{\"@type\":\"ListItem\",\"position\":1,\"name\":\"Trang ch\u1ee7\",\"item\":\"https:\/\/biosciences.vn\/index.php\/en\/home\/\"},{\"@type\":\"ListItem\",\"position\":2,\"name\":\"Shop\",\"item\":\"https:\/\/biosciences.vn\/index.php\/shop\/\"},{\"@type\":\"ListItem\",\"position\":3,\"name\":\"Random hexamer mix (MB12901)\"}]},{\"@type\":\"WebSite\",\"@id\":\"https:\/\/biosciences.vn\/#website\",\"url\":\"https:\/\/biosciences.vn\/\",\"name\":\"Biosciences\",\"description\":\"\",\"publisher\":{\"@id\":\"https:\/\/biosciences.vn\/#organization\"},\"potentialAction\":[{\"@type\":\"SearchAction\",\"target\":{\"@type\":\"EntryPoint\",\"urlTemplate\":\"https:\/\/biosciences.vn\/?s={search_term_string}\"},\"query-input\":{\"@type\":\"PropertyValueSpecification\",\"valueRequired\":true,\"valueName\":\"search_term_string\"}}],\"inLanguage\":\"en-US\"},{\"@type\":\"Organization\",\"@id\":\"https:\/\/biosciences.vn\/#organization\",\"name\":\"Biosciences\",\"url\":\"https:\/\/biosciences.vn\/\",\"logo\":{\"@type\":\"ImageObject\",\"inLanguage\":\"en-US\",\"@id\":\"https:\/\/biosciences.vn\/#\/schema\/logo\/image\/\",\"url\":\"https:\/\/biosciences.vn\/wp-content\/uploads\/2024\/04\/LOGO-BIOSCIENCES-PNG.png\",\"contentUrl\":\"https:\/\/biosciences.vn\/wp-content\/uploads\/2024\/04\/LOGO-BIOSCIENCES-PNG.png\",\"width\":2536,\"height\":638,\"caption\":\"Biosciences\"},\"image\":{\"@id\":\"https:\/\/biosciences.vn\/#\/schema\/logo\/image\/\"}}]}<\/script>\n<!-- \/ Yoast SEO plugin. -->","yoast_head_json":{"title":"Random hexamer mix (MB12901) - Biosciences","robots":{"index":"index","follow":"follow","max-snippet":"max-snippet:-1","max-image-preview":"max-image-preview:large","max-video-preview":"max-video-preview:-1"},"canonical":"https:\/\/biosciences.vn\/index.php\/product\/random-hexamer-mix-1\/","og_locale":"en_US","og_type":"article","og_title":"Random hexamer mix (MB12901) - Biosciences","og_description":"H\u1ed7n h\u1ee3p hexamer ng\u1eabu nhi\u00ean bao g\u1ed3m c\u00e1c oligonucleotide \u0111\u1ea1i di\u1ec7n cho t\u1ea5t c\u1ea3 c\u00e1c tr\u00ecnh t\u1ef1 hexamer c\u00f3 th\u1ec3. Hexamer ng\u1eabu nhi\u00ean th\u01b0\u1eddng \u0111\u01b0\u1ee3c s\u1eed d\u1ee5ng \u0111\u1ec3 m\u1ed3i DNA ho\u1eb7c RNA m\u1ea1ch \u0111\u01a1n \u0111\u1ec3 k\u00e9o d\u00e0i b\u1eb1ng DNA polymerase ho\u1eb7c Reverse transcriptase, th\u01b0\u1eddng l\u00e0 khi khu\u00f4n m\u1eabu kh\u00f3 sao ch\u00e9p ho\u00e0n to\u00e0n. Trong qu\u00e1 [&hellip;]","og_url":"https:\/\/biosciences.vn\/index.php\/product\/random-hexamer-mix-1\/","og_site_name":"Biosciences","article_modified_time":"2025-08-28T07:55:09+00:00","og_image":[{"width":700,"height":700,"url":"https:\/\/biosciences.vn\/wp-content\/uploads\/2024\/10\/NZYtech-.jpg","type":"image\/jpeg"}],"twitter_card":"summary_large_image","twitter_misc":{"Est. reading time":"1 minute"},"schema":{"@context":"https:\/\/schema.org","@graph":[{"@type":"WebPage","@id":"https:\/\/biosciences.vn\/index.php\/product\/random-hexamer-mix-1\/","url":"https:\/\/biosciences.vn\/index.php\/product\/random-hexamer-mix-1\/","name":"Random hexamer mix (MB12901) - Biosciences","isPartOf":{"@id":"https:\/\/biosciences.vn\/#website"},"primaryImageOfPage":{"@id":"https:\/\/biosciences.vn\/index.php\/product\/random-hexamer-mix-1\/#primaryimage"},"image":{"@id":"https:\/\/biosciences.vn\/index.php\/product\/random-hexamer-mix-1\/#primaryimage"},"thumbnailUrl":"https:\/\/biosciences.vn\/wp-content\/uploads\/2024\/10\/NZYtech-.jpg","datePublished":"2024-10-31T07:03:26+00:00","dateModified":"2025-08-28T07:55:09+00:00","breadcrumb":{"@id":"https:\/\/biosciences.vn\/index.php\/product\/random-hexamer-mix-1\/#breadcrumb"},"inLanguage":"en-US","potentialAction":[{"@type":"ReadAction","target":["https:\/\/biosciences.vn\/index.php\/product\/random-hexamer-mix-1\/"]}]},{"@type":"ImageObject","inLanguage":"en-US","@id":"https:\/\/biosciences.vn\/index.php\/product\/random-hexamer-mix-1\/#primaryimage","url":"https:\/\/biosciences.vn\/wp-content\/uploads\/2024\/10\/NZYtech-.jpg","contentUrl":"https:\/\/biosciences.vn\/wp-content\/uploads\/2024\/10\/NZYtech-.jpg","width":700,"height":700},{"@type":"BreadcrumbList","@id":"https:\/\/biosciences.vn\/index.php\/product\/random-hexamer-mix-1\/#breadcrumb","itemListElement":[{"@type":"ListItem","position":1,"name":"Trang ch\u1ee7","item":"https:\/\/biosciences.vn\/index.php\/en\/home\/"},{"@type":"ListItem","position":2,"name":"Shop","item":"https:\/\/biosciences.vn\/index.php\/shop\/"},{"@type":"ListItem","position":3,"name":"Random hexamer mix (MB12901)"}]},{"@type":"WebSite","@id":"https:\/\/biosciences.vn\/#website","url":"https:\/\/biosciences.vn\/","name":"Biosciences","description":"","publisher":{"@id":"https:\/\/biosciences.vn\/#organization"},"potentialAction":[{"@type":"SearchAction","target":{"@type":"EntryPoint","urlTemplate":"https:\/\/biosciences.vn\/?s={search_term_string}"},"query-input":{"@type":"PropertyValueSpecification","valueRequired":true,"valueName":"search_term_string"}}],"inLanguage":"en-US"},{"@type":"Organization","@id":"https:\/\/biosciences.vn\/#organization","name":"Biosciences","url":"https:\/\/biosciences.vn\/","logo":{"@type":"ImageObject","inLanguage":"en-US","@id":"https:\/\/biosciences.vn\/#\/schema\/logo\/image\/","url":"https:\/\/biosciences.vn\/wp-content\/uploads\/2024\/04\/LOGO-BIOSCIENCES-PNG.png","contentUrl":"https:\/\/biosciences.vn\/wp-content\/uploads\/2024\/04\/LOGO-BIOSCIENCES-PNG.png","width":2536,"height":638,"caption":"Biosciences"},"image":{"@id":"https:\/\/biosciences.vn\/#\/schema\/logo\/image\/"}}]}},"brands":[{"id":933,"name":"NZYtech","slug":"nzytech"}],"_links":{"self":[{"href":"https:\/\/biosciences.vn\/index.php\/wp-json\/wp\/v2\/product\/6565"}],"collection":[{"href":"https:\/\/biosciences.vn\/index.php\/wp-json\/wp\/v2\/product"}],"about":[{"href":"https:\/\/biosciences.vn\/index.php\/wp-json\/wp\/v2\/types\/product"}],"replies":[{"embeddable":true,"href":"https:\/\/biosciences.vn\/index.php\/wp-json\/wp\/v2\/comments?post=6565"}],"wp:featuredmedia":[{"embeddable":true,"href":"https:\/\/biosciences.vn\/index.php\/wp-json\/wp\/v2\/media\/6394"}],"wp:attachment":[{"href":"https:\/\/biosciences.vn\/index.php\/wp-json\/wp\/v2\/media?parent=6565"}],"wp:term":[{"taxonomy":"pwb-brand","embeddable":true,"href":"https:\/\/biosciences.vn\/index.php\/wp-json\/wp\/v2\/pwb-brand?post=6565"},{"taxonomy":"product_cat","embeddable":true,"href":"https:\/\/biosciences.vn\/index.php\/wp-json\/wp\/v2\/product_cat?post=6565"},{"taxonomy":"product_tag","embeddable":true,"href":"https:\/\/biosciences.vn\/index.php\/wp-json\/wp\/v2\/product_tag?post=6565"}],"curies":[{"name":"wp","href":"https:\/\/api.w.org\/{rel}","templated":true}]}}