{"id":6591,"date":"2024-10-31T14:04:31","date_gmt":"2024-10-31T07:04:31","guid":{"rendered":"https:\/\/biosciences.vn\/?post_type=product&#038;p=6591"},"modified":"2025-08-28T14:55:09","modified_gmt":"2025-08-28T07:55:09","slug":"nucleases-nucleic-acid-cleaner-2","status":"publish","type":"product","link":"https:\/\/biosciences.vn\/index.php\/product\/nucleases-nucleic-acid-cleaner-2\/","title":{"rendered":"Nucleases\n  &#038; Nucleic Acid Cleaner (MB48302)"},"content":{"rendered":"<p>Nucleases &#038; Nucleic Acid Cleaner l\u00e0 gi\u1ea3i ph\u00e1p ti\u00ean ti\u1ebfn cho c\u00e1c ho\u1ea1t \u0111\u1ed9ng ph\u00f2ng th\u00ed nghi\u1ec7m h\u00e0ng ng\u00e0y li\u00ean quan \u0111\u1ebfn thao t\u00e1c axit nucleic v\u00e0 ph\u1ea3n \u1ee9ng enzym c\u00f3 \u0111\u1ed9 nh\u1ea1y cao. Gi\u1ea3i ph\u00e1p t\u1ea5t c\u1ea3 trong m\u1ed9t, s\u1eb5n s\u00e0ng s\u1eed d\u1ee5ng n\u00e0y kh\u00f4ng ch\u1ec9 lo\u1ea1i b\u1ecf c\u00e1c enzym RNase v\u00e0 DNase m\u00e0 c\u00f2n lo\u1ea1i b\u1ecf DNA v\u00e0 RNA kh\u00f4ng mong mu\u1ed1n, \u0111\u1ea3m b\u1ea3o \u0111\u1ed9 tinh khi\u1ebft t\u1ed1i \u0111a c\u1ee7a b\u1ec1 m\u1eb7t, d\u1ee5ng c\u1ee5 v\u00e0 thi\u1ebft b\u1ecb ph\u00f2ng th\u00ed nghi\u1ec7m. B\u1eb1ng c\u00e1ch k\u1ebft h\u1ee3p ch\u1ea5t t\u1ea9y r\u1eeda n\u00e0y v\u00e0o c\u00e1c giao th\u1ee9c ph\u00f2ng th\u00ed nghi\u1ec7m c\u1ee7a b\u1ea1n, b\u1ea1n c\u00f3 th\u1ec3 n\u00e2ng cao \u0111\u1ed9 ch\u00ednh x\u00e1c v\u00e0 \u0111\u1ed9 tin c\u1eady c\u1ee7a k\u1ebft qu\u1ea3 v\u1edbi s\u1ef1 t\u1ef1 tin t\u1ed1i \u0111a.<\/p>\n<p>Nucleases &#038; Nucleic Acid Cleaner \u0111\u01b0\u1ee3c ch\u1ebf t\u1ea1o c\u00f3 m\u1ee5c \u0111\u00edch \u0111\u1ec3 \u0111\u00e1p \u1ee9ng c\u00e1c y\u00eau c\u1ea7u kh\u1eaft khe c\u1ee7a nhi\u1ec1u k\u1ef9 thu\u1eadt sinh h\u1ecdc ph\u00e2n t\u1eed, bao g\u1ed3m qPCR nh\u1ea1y nh\u1ea5t, x\u00e9t nghi\u1ec7m LAMP v\u00e0 c\u00e1c ph\u01b0\u01a1ng ph\u00e1p l\u1ea5y DNA l\u00e0m trung t\u00e2m kh\u00e1c th\u01b0\u1eddng \u0111\u01b0\u1ee3c c\u00e1c ph\u00f2ng th\u00ed nghi\u1ec7m nghi\u00ean c\u1ee9u v\u00e0 ch\u1ea9n \u0111o\u00e1n ti\u00ean ti\u1ebfn \u00e1p d\u1ee5ng. N\u00f3 c\u0169ng \u0111\u1eb7c bi\u1ec7t c\u00f3 l\u1ee3i cho c\u00e1c d\u1ee5ng c\u1ee5 ph\u00f2ng th\u00ed nghi\u1ec7m kh\u00f4ng th\u1ec3 h\u1ea5p ti\u1ec7t, lo\u1ea1i b\u1ecf nhu c\u1ea7u v\u1ec1 c\u00e1c quy tr\u00ecnh t\u1ed1n th\u1eddi gian nh\u01b0 x\u1eed l\u00fd DEPC th\u01b0\u1eddng \u0111\u01b0\u1ee3c s\u1eed d\u1ee5ng \u0111\u1ec3 lo\u1ea1i b\u1ecf RNase.<\/p>\n","protected":false},"excerpt":{"rendered":"<p>Nucleases &#038; Nucleic Acid Cleaner l\u00e0 gi\u1ea3i ph\u00e1p ti\u00ean ti\u1ebfn cho c\u00e1c ho\u1ea1t \u0111\u1ed9ng ph\u00f2ng th\u00ed nghi\u1ec7m h\u00e0ng ng\u00e0y li\u00ean quan \u0111\u1ebfn thao t\u00e1c axit nucleic v\u00e0 ph\u1ea3n \u1ee9ng enzym c\u00f3 \u0111\u1ed9 nh\u1ea1y cao. Gi\u1ea3i ph\u00e1p t\u1ea5t c\u1ea3 trong m\u1ed9t, s\u1eb5n s\u00e0ng s\u1eed d\u1ee5ng n\u00e0y kh\u00f4ng ch\u1ec9 lo\u1ea1i b\u1ecf c\u00e1c enzym RNase v\u00e0 DNase m\u00e0 [&hellip;]<\/p>\n","protected":false},"featured_media":6394,"comment_status":"open","ping_status":"closed","template":"","meta":[],"pwb-brand":[933],"product_cat":[434,731,820],"product_tag":[],"class_list":{"0":"post-6591","1":"product","2":"type-product","3":"status-publish","4":"has-post-thumbnail","6":"pwb-brand-nzytech","7":"product_cat-khoa-hoc-su-song","8":"product_cat-sinh-hoc-phan-tu","9":"product_cat-rna-cdna-vi","11":"first","12":"onbackorder","13":"shipping-taxable","14":"product-type-simple"},"yoast_head":"<!-- This site is optimized with the Yoast SEO plugin v23.6 - https:\/\/yoast.com\/wordpress\/plugins\/seo\/ -->\n<title>Nucleases  &amp; Nucleic Acid Cleaner (MB48302) - Biosciences<\/title>\n<meta name=\"robots\" content=\"index, follow, max-snippet:-1, max-image-preview:large, max-video-preview:-1\" \/>\n<link rel=\"canonical\" href=\"https:\/\/biosciences.vn\/index.php\/product\/nucleases-nucleic-acid-cleaner-2\/\" \/>\n<meta property=\"og:locale\" content=\"en_US\" \/>\n<meta property=\"og:type\" content=\"article\" \/>\n<meta property=\"og:title\" content=\"Nucleases  &amp; Nucleic Acid Cleaner (MB48302) - Biosciences\" \/>\n<meta property=\"og:description\" content=\"Nucleases &#038; Nucleic Acid Cleaner l\u00e0 gi\u1ea3i ph\u00e1p ti\u00ean ti\u1ebfn cho c\u00e1c ho\u1ea1t \u0111\u1ed9ng ph\u00f2ng th\u00ed nghi\u1ec7m h\u00e0ng ng\u00e0y li\u00ean quan \u0111\u1ebfn thao t\u00e1c axit nucleic v\u00e0 ph\u1ea3n \u1ee9ng enzym c\u00f3 \u0111\u1ed9 nh\u1ea1y cao. Gi\u1ea3i ph\u00e1p t\u1ea5t c\u1ea3 trong m\u1ed9t, s\u1eb5n s\u00e0ng s\u1eed d\u1ee5ng n\u00e0y kh\u00f4ng ch\u1ec9 lo\u1ea1i b\u1ecf c\u00e1c enzym RNase v\u00e0 DNase m\u00e0 [&hellip;]\" \/>\n<meta property=\"og:url\" content=\"https:\/\/biosciences.vn\/index.php\/product\/nucleases-nucleic-acid-cleaner-2\/\" \/>\n<meta property=\"og:site_name\" content=\"Biosciences\" \/>\n<meta property=\"article:modified_time\" content=\"2025-08-28T07:55:09+00:00\" \/>\n<meta property=\"og:image\" content=\"https:\/\/biosciences.vn\/wp-content\/uploads\/2024\/10\/NZYtech-.jpg\" \/>\n\t<meta property=\"og:image:width\" content=\"700\" \/>\n\t<meta property=\"og:image:height\" content=\"700\" \/>\n\t<meta property=\"og:image:type\" content=\"image\/jpeg\" \/>\n<meta name=\"twitter:card\" content=\"summary_large_image\" \/>\n<meta name=\"twitter:label1\" content=\"Est. reading time\" \/>\n\t<meta name=\"twitter:data1\" content=\"2 minutes\" \/>\n<script type=\"application\/ld+json\" class=\"yoast-schema-graph\">{\"@context\":\"https:\/\/schema.org\",\"@graph\":[{\"@type\":\"WebPage\",\"@id\":\"https:\/\/biosciences.vn\/index.php\/product\/nucleases-nucleic-acid-cleaner-2\/\",\"url\":\"https:\/\/biosciences.vn\/index.php\/product\/nucleases-nucleic-acid-cleaner-2\/\",\"name\":\"Nucleases & Nucleic Acid Cleaner (MB48302) - Biosciences\",\"isPartOf\":{\"@id\":\"https:\/\/biosciences.vn\/#website\"},\"primaryImageOfPage\":{\"@id\":\"https:\/\/biosciences.vn\/index.php\/product\/nucleases-nucleic-acid-cleaner-2\/#primaryimage\"},\"image\":{\"@id\":\"https:\/\/biosciences.vn\/index.php\/product\/nucleases-nucleic-acid-cleaner-2\/#primaryimage\"},\"thumbnailUrl\":\"https:\/\/biosciences.vn\/wp-content\/uploads\/2024\/10\/NZYtech-.jpg\",\"datePublished\":\"2024-10-31T07:04:31+00:00\",\"dateModified\":\"2025-08-28T07:55:09+00:00\",\"breadcrumb\":{\"@id\":\"https:\/\/biosciences.vn\/index.php\/product\/nucleases-nucleic-acid-cleaner-2\/#breadcrumb\"},\"inLanguage\":\"en-US\",\"potentialAction\":[{\"@type\":\"ReadAction\",\"target\":[\"https:\/\/biosciences.vn\/index.php\/product\/nucleases-nucleic-acid-cleaner-2\/\"]}]},{\"@type\":\"ImageObject\",\"inLanguage\":\"en-US\",\"@id\":\"https:\/\/biosciences.vn\/index.php\/product\/nucleases-nucleic-acid-cleaner-2\/#primaryimage\",\"url\":\"https:\/\/biosciences.vn\/wp-content\/uploads\/2024\/10\/NZYtech-.jpg\",\"contentUrl\":\"https:\/\/biosciences.vn\/wp-content\/uploads\/2024\/10\/NZYtech-.jpg\",\"width\":700,\"height\":700},{\"@type\":\"BreadcrumbList\",\"@id\":\"https:\/\/biosciences.vn\/index.php\/product\/nucleases-nucleic-acid-cleaner-2\/#breadcrumb\",\"itemListElement\":[{\"@type\":\"ListItem\",\"position\":1,\"name\":\"Trang ch\u1ee7\",\"item\":\"https:\/\/biosciences.vn\/index.php\/en\/home\/\"},{\"@type\":\"ListItem\",\"position\":2,\"name\":\"Shop\",\"item\":\"https:\/\/biosciences.vn\/index.php\/shop\/\"},{\"@type\":\"ListItem\",\"position\":3,\"name\":\"Nucleases &#038; Nucleic Acid Cleaner (MB48302)\"}]},{\"@type\":\"WebSite\",\"@id\":\"https:\/\/biosciences.vn\/#website\",\"url\":\"https:\/\/biosciences.vn\/\",\"name\":\"Biosciences\",\"description\":\"\",\"publisher\":{\"@id\":\"https:\/\/biosciences.vn\/#organization\"},\"potentialAction\":[{\"@type\":\"SearchAction\",\"target\":{\"@type\":\"EntryPoint\",\"urlTemplate\":\"https:\/\/biosciences.vn\/?s={search_term_string}\"},\"query-input\":{\"@type\":\"PropertyValueSpecification\",\"valueRequired\":true,\"valueName\":\"search_term_string\"}}],\"inLanguage\":\"en-US\"},{\"@type\":\"Organization\",\"@id\":\"https:\/\/biosciences.vn\/#organization\",\"name\":\"Biosciences\",\"url\":\"https:\/\/biosciences.vn\/\",\"logo\":{\"@type\":\"ImageObject\",\"inLanguage\":\"en-US\",\"@id\":\"https:\/\/biosciences.vn\/#\/schema\/logo\/image\/\",\"url\":\"https:\/\/biosciences.vn\/wp-content\/uploads\/2024\/04\/LOGO-BIOSCIENCES-PNG.png\",\"contentUrl\":\"https:\/\/biosciences.vn\/wp-content\/uploads\/2024\/04\/LOGO-BIOSCIENCES-PNG.png\",\"width\":2536,\"height\":638,\"caption\":\"Biosciences\"},\"image\":{\"@id\":\"https:\/\/biosciences.vn\/#\/schema\/logo\/image\/\"}}]}<\/script>\n<!-- \/ Yoast SEO plugin. -->","yoast_head_json":{"title":"Nucleases  & Nucleic Acid Cleaner (MB48302) - Biosciences","robots":{"index":"index","follow":"follow","max-snippet":"max-snippet:-1","max-image-preview":"max-image-preview:large","max-video-preview":"max-video-preview:-1"},"canonical":"https:\/\/biosciences.vn\/index.php\/product\/nucleases-nucleic-acid-cleaner-2\/","og_locale":"en_US","og_type":"article","og_title":"Nucleases  & Nucleic Acid Cleaner (MB48302) - Biosciences","og_description":"Nucleases &#038; Nucleic Acid Cleaner l\u00e0 gi\u1ea3i ph\u00e1p ti\u00ean ti\u1ebfn cho c\u00e1c ho\u1ea1t \u0111\u1ed9ng ph\u00f2ng th\u00ed nghi\u1ec7m h\u00e0ng ng\u00e0y li\u00ean quan \u0111\u1ebfn thao t\u00e1c axit nucleic v\u00e0 ph\u1ea3n \u1ee9ng enzym c\u00f3 \u0111\u1ed9 nh\u1ea1y cao. Gi\u1ea3i ph\u00e1p t\u1ea5t c\u1ea3 trong m\u1ed9t, s\u1eb5n s\u00e0ng s\u1eed d\u1ee5ng n\u00e0y kh\u00f4ng ch\u1ec9 lo\u1ea1i b\u1ecf c\u00e1c enzym RNase v\u00e0 DNase m\u00e0 [&hellip;]","og_url":"https:\/\/biosciences.vn\/index.php\/product\/nucleases-nucleic-acid-cleaner-2\/","og_site_name":"Biosciences","article_modified_time":"2025-08-28T07:55:09+00:00","og_image":[{"width":700,"height":700,"url":"https:\/\/biosciences.vn\/wp-content\/uploads\/2024\/10\/NZYtech-.jpg","type":"image\/jpeg"}],"twitter_card":"summary_large_image","twitter_misc":{"Est. reading time":"2 minutes"},"schema":{"@context":"https:\/\/schema.org","@graph":[{"@type":"WebPage","@id":"https:\/\/biosciences.vn\/index.php\/product\/nucleases-nucleic-acid-cleaner-2\/","url":"https:\/\/biosciences.vn\/index.php\/product\/nucleases-nucleic-acid-cleaner-2\/","name":"Nucleases & Nucleic Acid Cleaner (MB48302) - Biosciences","isPartOf":{"@id":"https:\/\/biosciences.vn\/#website"},"primaryImageOfPage":{"@id":"https:\/\/biosciences.vn\/index.php\/product\/nucleases-nucleic-acid-cleaner-2\/#primaryimage"},"image":{"@id":"https:\/\/biosciences.vn\/index.php\/product\/nucleases-nucleic-acid-cleaner-2\/#primaryimage"},"thumbnailUrl":"https:\/\/biosciences.vn\/wp-content\/uploads\/2024\/10\/NZYtech-.jpg","datePublished":"2024-10-31T07:04:31+00:00","dateModified":"2025-08-28T07:55:09+00:00","breadcrumb":{"@id":"https:\/\/biosciences.vn\/index.php\/product\/nucleases-nucleic-acid-cleaner-2\/#breadcrumb"},"inLanguage":"en-US","potentialAction":[{"@type":"ReadAction","target":["https:\/\/biosciences.vn\/index.php\/product\/nucleases-nucleic-acid-cleaner-2\/"]}]},{"@type":"ImageObject","inLanguage":"en-US","@id":"https:\/\/biosciences.vn\/index.php\/product\/nucleases-nucleic-acid-cleaner-2\/#primaryimage","url":"https:\/\/biosciences.vn\/wp-content\/uploads\/2024\/10\/NZYtech-.jpg","contentUrl":"https:\/\/biosciences.vn\/wp-content\/uploads\/2024\/10\/NZYtech-.jpg","width":700,"height":700},{"@type":"BreadcrumbList","@id":"https:\/\/biosciences.vn\/index.php\/product\/nucleases-nucleic-acid-cleaner-2\/#breadcrumb","itemListElement":[{"@type":"ListItem","position":1,"name":"Trang ch\u1ee7","item":"https:\/\/biosciences.vn\/index.php\/en\/home\/"},{"@type":"ListItem","position":2,"name":"Shop","item":"https:\/\/biosciences.vn\/index.php\/shop\/"},{"@type":"ListItem","position":3,"name":"Nucleases &#038; Nucleic Acid Cleaner (MB48302)"}]},{"@type":"WebSite","@id":"https:\/\/biosciences.vn\/#website","url":"https:\/\/biosciences.vn\/","name":"Biosciences","description":"","publisher":{"@id":"https:\/\/biosciences.vn\/#organization"},"potentialAction":[{"@type":"SearchAction","target":{"@type":"EntryPoint","urlTemplate":"https:\/\/biosciences.vn\/?s={search_term_string}"},"query-input":{"@type":"PropertyValueSpecification","valueRequired":true,"valueName":"search_term_string"}}],"inLanguage":"en-US"},{"@type":"Organization","@id":"https:\/\/biosciences.vn\/#organization","name":"Biosciences","url":"https:\/\/biosciences.vn\/","logo":{"@type":"ImageObject","inLanguage":"en-US","@id":"https:\/\/biosciences.vn\/#\/schema\/logo\/image\/","url":"https:\/\/biosciences.vn\/wp-content\/uploads\/2024\/04\/LOGO-BIOSCIENCES-PNG.png","contentUrl":"https:\/\/biosciences.vn\/wp-content\/uploads\/2024\/04\/LOGO-BIOSCIENCES-PNG.png","width":2536,"height":638,"caption":"Biosciences"},"image":{"@id":"https:\/\/biosciences.vn\/#\/schema\/logo\/image\/"}}]}},"brands":[{"id":933,"name":"NZYtech","slug":"nzytech"}],"_links":{"self":[{"href":"https:\/\/biosciences.vn\/index.php\/wp-json\/wp\/v2\/product\/6591"}],"collection":[{"href":"https:\/\/biosciences.vn\/index.php\/wp-json\/wp\/v2\/product"}],"about":[{"href":"https:\/\/biosciences.vn\/index.php\/wp-json\/wp\/v2\/types\/product"}],"replies":[{"embeddable":true,"href":"https:\/\/biosciences.vn\/index.php\/wp-json\/wp\/v2\/comments?post=6591"}],"wp:featuredmedia":[{"embeddable":true,"href":"https:\/\/biosciences.vn\/index.php\/wp-json\/wp\/v2\/media\/6394"}],"wp:attachment":[{"href":"https:\/\/biosciences.vn\/index.php\/wp-json\/wp\/v2\/media?parent=6591"}],"wp:term":[{"taxonomy":"pwb-brand","embeddable":true,"href":"https:\/\/biosciences.vn\/index.php\/wp-json\/wp\/v2\/pwb-brand?post=6591"},{"taxonomy":"product_cat","embeddable":true,"href":"https:\/\/biosciences.vn\/index.php\/wp-json\/wp\/v2\/product_cat?post=6591"},{"taxonomy":"product_tag","embeddable":true,"href":"https:\/\/biosciences.vn\/index.php\/wp-json\/wp\/v2\/product_tag?post=6591"}],"curies":[{"name":"wp","href":"https:\/\/api.w.org\/{rel}","templated":true}]}}