{"id":6766,"date":"2025-03-26T13:57:27","date_gmt":"2025-03-26T06:57:27","guid":{"rendered":"https:\/\/biosciences.vn\/?post_type=product&#038;p=6766"},"modified":"2025-08-28T14:55:09","modified_gmt":"2025-08-28T07:55:09","slug":"chung-chuan-vi-sinh-dinh-tinh-campylobacter-jejuni-nctc-11322-atcc-29428-2","status":"publish","type":"product","link":"https:\/\/biosciences.vn\/index.php\/product\/chung-chuan-vi-sinh-dinh-tinh-campylobacter-jejuni-nctc-11322-atcc-29428-2\/","title":{"rendered":"Ch\u1ee7ng chu\u1ea9n vi sinh \u0111\u1ecbnh t\u00ednh Candida albicans NCPF\u00ae 3179 \/ ATCC\u00ae 10231"},"content":{"rendered":"<p class=\"\" data-start=\"0\" data-end=\"351\"><strong data-start=\"0\" data-end=\"56\">Selectrol\u00ae Candida albicans NCPF\u00ae 3179 \/ ATCC\u00ae 10231<\/strong> l\u00e0 ch\u1ee7ng vi sinh v\u1eadt \u0111\u1ecbnh l\u01b0\u1ee3ng \u0111\u01b0\u1ee3c cung c\u1ea5p b\u1edfi <strong data-start=\"107\" data-end=\"126\">TCS Biosciences<\/strong>, \u0111\u01b0\u1ee3c thi\u1ebft k\u1ebf \u0111\u1ec3 s\u1eed d\u1ee5ng trong c\u00e1c ph\u00f2ng th\u00ed nghi\u1ec7m vi sinh nh\u1eb1m ki\u1ec3m so\u00e1t ch\u1ea5t l\u01b0\u1ee3ng, th\u1ea9m \u0111\u1ecbnh ph\u01b0\u01a1ng ph\u00e1p v\u00e0 nghi\u00ean c\u1ee9u khoa h\u1ecdc. S\u1ea3n ph\u1ea9m \u0111\u1ea3m b\u1ea3o \u0111\u1ed9 ch\u00ednh x\u00e1c, \u0111\u1ed9 \u1ed5n \u0111\u1ecbnh v\u00e0 s\u1ef1 nh\u1ea5t qu\u00e1n trong c\u00e1c quy tr\u00ecnh ki\u1ec3m nghi\u1ec7m.<\/p>\n<h3 class=\"\" data-start=\"358\" data-end=\"381\"><strong data-start=\"362\" data-end=\"381\">\u0110\u1eb7c \u0111i\u1ec3m ch\u00ednh:<\/strong><\/h3>\n<ul data-start=\"382\" data-end=\"626\">\n<li class=\"\" data-start=\"382\" data-end=\"410\">\n<p class=\"\" data-start=\"384\" data-end=\"410\"><strong data-start=\"384\" data-end=\"400\">M\u00e3 s\u1ea3n ph\u1ea9m:<\/strong> MM42-25<\/p>\n<\/li>\n<li class=\"\" data-start=\"411\" data-end=\"477\">\n<p class=\"\" data-start=\"413\" data-end=\"477\"><strong data-start=\"413\" data-end=\"431\">Ch\u1ee7ng vi sinh:<\/strong> <em data-start=\"432\" data-end=\"450\">Candida albicans<\/em> NCPF\u00ae 3179 \/ ATCC\u00ae 10231<\/p>\n<\/li>\n<li class=\"\" data-start=\"478\" data-end=\"502\">\n<p class=\"\" data-start=\"480\" data-end=\"502\"><strong data-start=\"480\" data-end=\"493\">S\u1ed1 l\u01b0\u1ee3ng:<\/strong> 25 \u0111\u0129a<\/p>\n<\/li>\n<li class=\"\" data-start=\"503\" data-end=\"522\">\n<p class=\"\" data-start=\"505\" data-end=\"522\"><strong data-start=\"505\" data-end=\"514\">WDCM:<\/strong> 00054<\/p>\n<\/li>\n<li class=\"\" data-start=\"523\" data-end=\"588\">\n<p class=\"\" data-start=\"525\" data-end=\"588\"><strong data-start=\"525\" data-end=\"539\">H\u00ecnh th\u1ee9c:<\/strong> Vi\u00ean c\u1ea5y kh\u00f4 \u0111\u00f4ng l\u1ea1nh, d\u1ec5 s\u1eed d\u1ee5ng v\u00e0 b\u1ea3o qu\u1ea3n<\/p>\n<\/li>\n<\/ul>\n<h3 class=\"\" data-start=\"633\" data-end=\"659\"><strong data-start=\"637\" data-end=\"659\">\u1ee8ng d\u1ee5ng ph\u1ed5 bi\u1ebfn:<\/strong><\/h3>\n<ul data-start=\"660\" data-end=\"943\">\n<li class=\"\" data-start=\"660\" data-end=\"748\">\n<p class=\"\" data-start=\"662\" data-end=\"748\">Ki\u1ec3m so\u00e1t ch\u1ea5t l\u01b0\u1ee3ng m\u00f4i tr\u01b0\u1eddng nu\u00f4i c\u1ea5y vi sinh trong d\u01b0\u1ee3c ph\u1ea9m, th\u1ef1c ph\u1ea9m, m\u1ef9 ph\u1ea9m<\/p>\n<\/li>\n<li class=\"\" data-start=\"749\" data-end=\"831\">\n<p class=\"\" data-start=\"751\" data-end=\"831\">Th\u1eed nghi\u1ec7m v\u00e0 th\u1ea9m \u0111\u1ecbnh hi\u1ec7u qu\u1ea3 ch\u1ea5t b\u1ea3o qu\u1ea3n (Preservative Efficacy Testing)<\/p>\n<\/li>\n<li class=\"\" data-start=\"832\" data-end=\"865\">\n<p class=\"\" data-start=\"834\" data-end=\"865\">Ki\u1ec3m nghi\u1ec7m \u0111\u1ed9 nh\u1ea1y kh\u00e1ng n\u1ea5m<\/p>\n<\/li>\n<li class=\"\" data-start=\"866\" data-end=\"943\">\n<p class=\"\" data-start=\"868\" data-end=\"943\">\u1ee8ng d\u1ee5ng trong nghi\u00ean c\u1ee9u vi sinh y t\u1ebf, mi\u1ec5n d\u1ecbch h\u1ecdc v\u00e0 vi sinh l\u00e2m s\u00e0ng<\/p>\n<\/li>\n<\/ul>\n<h3 class=\"\" data-start=\"950\" data-end=\"964\"><strong data-start=\"954\" data-end=\"964\">L\u01b0u \u00fd:<\/strong><\/h3>\n<ul data-start=\"965\" data-end=\"1339\">\n<li class=\"\" data-start=\"965\" data-end=\"1079\">\n<p class=\"\" data-start=\"967\" data-end=\"1079\">Selectrol\u00ae l\u00e0 ch\u1ee7ng chu\u1ea9n th\u1ebf h\u1ec7 \u0111\u1ea7u ti\u00ean, \u0111\u01b0\u1ee3c s\u1ea3n xu\u1ea5t tr\u1ef1c ti\u1ebfp t\u1eeb c\u00e1c ch\u1ee7ng g\u1ed1c do NCTC\u00ae v\u00e0 NCPF\u00ae l\u01b0u gi\u1eef.<\/p>\n<\/li>\n<li class=\"\" data-start=\"1080\" data-end=\"1221\">\n<p class=\"\" data-start=\"1082\" data-end=\"1221\">M\u1ed7i \u0111\u0129a Selectrol\u00ae ch\u1ee9a s\u1ed1 l\u01b0\u1ee3ng t\u1ebf b\u00e0o vi sinh v\u1eadt \u0111\u1ecbnh l\u01b0\u1ee3ng chu\u1ea9n v\u00e0 \u0111\u00e3 \u0111\u01b0\u1ee3c ki\u1ec3m \u0111\u1ecbnh ch\u1ea5t l\u01b0\u1ee3ng k\u00e8m gi\u1ea5y ch\u1ee9ng nh\u1eadn ph\u00e2n t\u00edch (COA).<\/p>\n<\/li>\n<li class=\"\" data-start=\"1222\" data-end=\"1307\">\n<p class=\"\" data-start=\"1224\" data-end=\"1307\">Tu\u00e2n th\u1ee7 ti\u00eau chu\u1ea9n ISO 11133, D\u01b0\u1ee3c \u0111i\u1ec3n ch\u00e2u \u00c2u (EP), M\u1ef9 (USP) v\u00e0 Nh\u1eadt B\u1ea3n (JP).<\/p>\n<\/li>\n<li class=\"\" data-start=\"1308\" data-end=\"1339\">\n<p class=\"\" data-start=\"1310\" data-end=\"1339\">B\u1ea3o qu\u1ea3n \u1edf -20\u00b0C \u0111\u1ebfn -80\u00b0C.<\/p>\n<\/li>\n<\/ul>\n<h3 class=\"\" data-start=\"1346\" data-end=\"1371\"><strong data-start=\"1350\" data-end=\"1371\">Li\u00ean h\u1ec7 \u0111\u1eb7t h\u00e0ng:<\/strong><\/h3>\n<p class=\"\" data-start=\"1372\" data-end=\"1436\"><strong data-start=\"1372\" data-end=\"1390\">Biosciences.vn<\/strong><br data-start=\"1390\" data-end=\"1393\" \/>\ud83d\udcde 0933 270 120<br data-start=\"1408\" data-end=\"1411\" \/>\ud83d\udce9 <a rel=\"noopener\" data-start=\"1414\" data-end=\"1434\">sales@biosciences.vn<\/a><\/p>\n","protected":false},"excerpt":{"rendered":"<p>Selectrol\u00ae Candida albicans NCPF\u00ae 3179 \/ ATCC\u00ae 10231 l\u00e0 ch\u1ee7ng vi sinh v\u1eadt \u0111\u1ecbnh l\u01b0\u1ee3ng \u0111\u01b0\u1ee3c cung c\u1ea5p b\u1edfi TCS Biosciences, \u0111\u01b0\u1ee3c thi\u1ebft k\u1ebf \u0111\u1ec3 s\u1eed d\u1ee5ng trong c\u00e1c ph\u00f2ng th\u00ed nghi\u1ec7m vi sinh nh\u1eb1m ki\u1ec3m so\u00e1t ch\u1ea5t l\u01b0\u1ee3ng, th\u1ea9m \u0111\u1ecbnh ph\u01b0\u01a1ng ph\u00e1p v\u00e0 nghi\u00ean c\u1ee9u khoa h\u1ecdc. S\u1ea3n ph\u1ea9m \u0111\u1ea3m b\u1ea3o \u0111\u1ed9 ch\u00ednh x\u00e1c, [&hellip;]<\/p>\n","protected":false},"featured_media":6710,"comment_status":"open","ping_status":"closed","template":"","meta":[],"pwb-brand":[644],"product_cat":[434,485,665],"product_tag":[949,947,951],"class_list":{"0":"post-6766","1":"product","2":"type-product","3":"status-publish","4":"has-post-thumbnail","6":"pwb-brand-tcs-biosciences-vi","7":"product_cat-khoa-hoc-su-song","8":"product_cat-hoa-chat-vat-tu","9":"product_cat-chung-chuan-vi-sinh","10":"product_tag-atcc","11":"product_tag-ntcc","12":"product_tag-quality-control","14":"first","15":"onbackorder","16":"shipping-taxable","17":"purchasable","18":"product-type-simple"},"yoast_head":"<!-- This site is optimized with the Yoast SEO plugin v23.6 - https:\/\/yoast.com\/wordpress\/plugins\/seo\/ -->\n<title>Ch\u1ee7ng chu\u1ea9n vi sinh \u0111\u1ecbnh t\u00ednh Candida albicans NCPF\u00ae 3179 \/ ATCC\u00ae 10231 - Biosciences<\/title>\n<meta name=\"robots\" content=\"index, follow, max-snippet:-1, max-image-preview:large, max-video-preview:-1\" \/>\n<link rel=\"canonical\" href=\"https:\/\/biosciences.vn\/index.php\/product\/chung-chuan-vi-sinh-dinh-tinh-campylobacter-jejuni-nctc-11322-atcc-29428-2\/\" \/>\n<meta property=\"og:locale\" content=\"en_US\" \/>\n<meta property=\"og:type\" content=\"article\" \/>\n<meta property=\"og:title\" content=\"Ch\u1ee7ng chu\u1ea9n vi sinh \u0111\u1ecbnh t\u00ednh Candida albicans NCPF\u00ae 3179 \/ ATCC\u00ae 10231 - Biosciences\" \/>\n<meta property=\"og:description\" content=\"Selectrol\u00ae Candida albicans NCPF\u00ae 3179 \/ ATCC\u00ae 10231 l\u00e0 ch\u1ee7ng vi sinh v\u1eadt \u0111\u1ecbnh l\u01b0\u1ee3ng \u0111\u01b0\u1ee3c cung c\u1ea5p b\u1edfi TCS Biosciences, \u0111\u01b0\u1ee3c thi\u1ebft k\u1ebf \u0111\u1ec3 s\u1eed d\u1ee5ng trong c\u00e1c ph\u00f2ng th\u00ed nghi\u1ec7m vi sinh nh\u1eb1m ki\u1ec3m so\u00e1t ch\u1ea5t l\u01b0\u1ee3ng, th\u1ea9m \u0111\u1ecbnh ph\u01b0\u01a1ng ph\u00e1p v\u00e0 nghi\u00ean c\u1ee9u khoa h\u1ecdc. S\u1ea3n ph\u1ea9m \u0111\u1ea3m b\u1ea3o \u0111\u1ed9 ch\u00ednh x\u00e1c, [&hellip;]\" \/>\n<meta property=\"og:url\" content=\"https:\/\/biosciences.vn\/index.php\/product\/chung-chuan-vi-sinh-dinh-tinh-campylobacter-jejuni-nctc-11322-atcc-29428-2\/\" \/>\n<meta property=\"og:site_name\" content=\"Biosciences\" \/>\n<meta property=\"article:modified_time\" content=\"2025-08-28T07:55:09+00:00\" \/>\n<meta property=\"og:image\" content=\"https:\/\/biosciences.vn\/wp-content\/uploads\/2025\/03\/TCS-SELECTROL_01_v1.jpg\" \/>\n\t<meta property=\"og:image:width\" content=\"600\" \/>\n\t<meta property=\"og:image:height\" content=\"449\" \/>\n\t<meta property=\"og:image:type\" content=\"image\/jpeg\" \/>\n<meta name=\"twitter:card\" content=\"summary_large_image\" \/>\n<meta name=\"twitter:label1\" content=\"Est. reading time\" \/>\n\t<meta name=\"twitter:data1\" content=\"2 minutes\" \/>\n<script type=\"application\/ld+json\" class=\"yoast-schema-graph\">{\"@context\":\"https:\/\/schema.org\",\"@graph\":[{\"@type\":\"WebPage\",\"@id\":\"https:\/\/biosciences.vn\/index.php\/product\/chung-chuan-vi-sinh-dinh-tinh-campylobacter-jejuni-nctc-11322-atcc-29428-2\/\",\"url\":\"https:\/\/biosciences.vn\/index.php\/product\/chung-chuan-vi-sinh-dinh-tinh-campylobacter-jejuni-nctc-11322-atcc-29428-2\/\",\"name\":\"Ch\u1ee7ng chu\u1ea9n vi sinh \u0111\u1ecbnh t\u00ednh Candida albicans NCPF\u00ae 3179 \/ ATCC\u00ae 10231 - Biosciences\",\"isPartOf\":{\"@id\":\"https:\/\/biosciences.vn\/#website\"},\"primaryImageOfPage\":{\"@id\":\"https:\/\/biosciences.vn\/index.php\/product\/chung-chuan-vi-sinh-dinh-tinh-campylobacter-jejuni-nctc-11322-atcc-29428-2\/#primaryimage\"},\"image\":{\"@id\":\"https:\/\/biosciences.vn\/index.php\/product\/chung-chuan-vi-sinh-dinh-tinh-campylobacter-jejuni-nctc-11322-atcc-29428-2\/#primaryimage\"},\"thumbnailUrl\":\"https:\/\/biosciences.vn\/wp-content\/uploads\/2025\/03\/TCS-SELECTROL_01_v1.jpg\",\"datePublished\":\"2025-03-26T06:57:27+00:00\",\"dateModified\":\"2025-08-28T07:55:09+00:00\",\"breadcrumb\":{\"@id\":\"https:\/\/biosciences.vn\/index.php\/product\/chung-chuan-vi-sinh-dinh-tinh-campylobacter-jejuni-nctc-11322-atcc-29428-2\/#breadcrumb\"},\"inLanguage\":\"en-US\",\"potentialAction\":[{\"@type\":\"ReadAction\",\"target\":[\"https:\/\/biosciences.vn\/index.php\/product\/chung-chuan-vi-sinh-dinh-tinh-campylobacter-jejuni-nctc-11322-atcc-29428-2\/\"]}]},{\"@type\":\"ImageObject\",\"inLanguage\":\"en-US\",\"@id\":\"https:\/\/biosciences.vn\/index.php\/product\/chung-chuan-vi-sinh-dinh-tinh-campylobacter-jejuni-nctc-11322-atcc-29428-2\/#primaryimage\",\"url\":\"https:\/\/biosciences.vn\/wp-content\/uploads\/2025\/03\/TCS-SELECTROL_01_v1.jpg\",\"contentUrl\":\"https:\/\/biosciences.vn\/wp-content\/uploads\/2025\/03\/TCS-SELECTROL_01_v1.jpg\",\"width\":600,\"height\":449},{\"@type\":\"BreadcrumbList\",\"@id\":\"https:\/\/biosciences.vn\/index.php\/product\/chung-chuan-vi-sinh-dinh-tinh-campylobacter-jejuni-nctc-11322-atcc-29428-2\/#breadcrumb\",\"itemListElement\":[{\"@type\":\"ListItem\",\"position\":1,\"name\":\"Trang ch\u1ee7\",\"item\":\"https:\/\/biosciences.vn\/index.php\/en\/home\/\"},{\"@type\":\"ListItem\",\"position\":2,\"name\":\"Shop\",\"item\":\"https:\/\/biosciences.vn\/index.php\/shop\/\"},{\"@type\":\"ListItem\",\"position\":3,\"name\":\"Ch\u1ee7ng chu\u1ea9n vi sinh \u0111\u1ecbnh t\u00ednh Candida albicans NCPF\u00ae 3179 \/ ATCC\u00ae 10231\"}]},{\"@type\":\"WebSite\",\"@id\":\"https:\/\/biosciences.vn\/#website\",\"url\":\"https:\/\/biosciences.vn\/\",\"name\":\"Biosciences\",\"description\":\"\",\"publisher\":{\"@id\":\"https:\/\/biosciences.vn\/#organization\"},\"potentialAction\":[{\"@type\":\"SearchAction\",\"target\":{\"@type\":\"EntryPoint\",\"urlTemplate\":\"https:\/\/biosciences.vn\/?s={search_term_string}\"},\"query-input\":{\"@type\":\"PropertyValueSpecification\",\"valueRequired\":true,\"valueName\":\"search_term_string\"}}],\"inLanguage\":\"en-US\"},{\"@type\":\"Organization\",\"@id\":\"https:\/\/biosciences.vn\/#organization\",\"name\":\"Biosciences\",\"url\":\"https:\/\/biosciences.vn\/\",\"logo\":{\"@type\":\"ImageObject\",\"inLanguage\":\"en-US\",\"@id\":\"https:\/\/biosciences.vn\/#\/schema\/logo\/image\/\",\"url\":\"https:\/\/biosciences.vn\/wp-content\/uploads\/2024\/04\/LOGO-BIOSCIENCES-PNG.png\",\"contentUrl\":\"https:\/\/biosciences.vn\/wp-content\/uploads\/2024\/04\/LOGO-BIOSCIENCES-PNG.png\",\"width\":2536,\"height\":638,\"caption\":\"Biosciences\"},\"image\":{\"@id\":\"https:\/\/biosciences.vn\/#\/schema\/logo\/image\/\"}}]}<\/script>\n<!-- \/ Yoast SEO plugin. -->","yoast_head_json":{"title":"Ch\u1ee7ng chu\u1ea9n vi sinh \u0111\u1ecbnh t\u00ednh Candida albicans NCPF\u00ae 3179 \/ ATCC\u00ae 10231 - Biosciences","robots":{"index":"index","follow":"follow","max-snippet":"max-snippet:-1","max-image-preview":"max-image-preview:large","max-video-preview":"max-video-preview:-1"},"canonical":"https:\/\/biosciences.vn\/index.php\/product\/chung-chuan-vi-sinh-dinh-tinh-campylobacter-jejuni-nctc-11322-atcc-29428-2\/","og_locale":"en_US","og_type":"article","og_title":"Ch\u1ee7ng chu\u1ea9n vi sinh \u0111\u1ecbnh t\u00ednh Candida albicans NCPF\u00ae 3179 \/ ATCC\u00ae 10231 - Biosciences","og_description":"Selectrol\u00ae Candida albicans NCPF\u00ae 3179 \/ ATCC\u00ae 10231 l\u00e0 ch\u1ee7ng vi sinh v\u1eadt \u0111\u1ecbnh l\u01b0\u1ee3ng \u0111\u01b0\u1ee3c cung c\u1ea5p b\u1edfi TCS Biosciences, \u0111\u01b0\u1ee3c thi\u1ebft k\u1ebf \u0111\u1ec3 s\u1eed d\u1ee5ng trong c\u00e1c ph\u00f2ng th\u00ed nghi\u1ec7m vi sinh nh\u1eb1m ki\u1ec3m so\u00e1t ch\u1ea5t l\u01b0\u1ee3ng, th\u1ea9m \u0111\u1ecbnh ph\u01b0\u01a1ng ph\u00e1p v\u00e0 nghi\u00ean c\u1ee9u khoa h\u1ecdc. S\u1ea3n ph\u1ea9m \u0111\u1ea3m b\u1ea3o \u0111\u1ed9 ch\u00ednh x\u00e1c, [&hellip;]","og_url":"https:\/\/biosciences.vn\/index.php\/product\/chung-chuan-vi-sinh-dinh-tinh-campylobacter-jejuni-nctc-11322-atcc-29428-2\/","og_site_name":"Biosciences","article_modified_time":"2025-08-28T07:55:09+00:00","og_image":[{"width":600,"height":449,"url":"https:\/\/biosciences.vn\/wp-content\/uploads\/2025\/03\/TCS-SELECTROL_01_v1.jpg","type":"image\/jpeg"}],"twitter_card":"summary_large_image","twitter_misc":{"Est. reading time":"2 minutes"},"schema":{"@context":"https:\/\/schema.org","@graph":[{"@type":"WebPage","@id":"https:\/\/biosciences.vn\/index.php\/product\/chung-chuan-vi-sinh-dinh-tinh-campylobacter-jejuni-nctc-11322-atcc-29428-2\/","url":"https:\/\/biosciences.vn\/index.php\/product\/chung-chuan-vi-sinh-dinh-tinh-campylobacter-jejuni-nctc-11322-atcc-29428-2\/","name":"Ch\u1ee7ng chu\u1ea9n vi sinh \u0111\u1ecbnh t\u00ednh Candida albicans NCPF\u00ae 3179 \/ ATCC\u00ae 10231 - Biosciences","isPartOf":{"@id":"https:\/\/biosciences.vn\/#website"},"primaryImageOfPage":{"@id":"https:\/\/biosciences.vn\/index.php\/product\/chung-chuan-vi-sinh-dinh-tinh-campylobacter-jejuni-nctc-11322-atcc-29428-2\/#primaryimage"},"image":{"@id":"https:\/\/biosciences.vn\/index.php\/product\/chung-chuan-vi-sinh-dinh-tinh-campylobacter-jejuni-nctc-11322-atcc-29428-2\/#primaryimage"},"thumbnailUrl":"https:\/\/biosciences.vn\/wp-content\/uploads\/2025\/03\/TCS-SELECTROL_01_v1.jpg","datePublished":"2025-03-26T06:57:27+00:00","dateModified":"2025-08-28T07:55:09+00:00","breadcrumb":{"@id":"https:\/\/biosciences.vn\/index.php\/product\/chung-chuan-vi-sinh-dinh-tinh-campylobacter-jejuni-nctc-11322-atcc-29428-2\/#breadcrumb"},"inLanguage":"en-US","potentialAction":[{"@type":"ReadAction","target":["https:\/\/biosciences.vn\/index.php\/product\/chung-chuan-vi-sinh-dinh-tinh-campylobacter-jejuni-nctc-11322-atcc-29428-2\/"]}]},{"@type":"ImageObject","inLanguage":"en-US","@id":"https:\/\/biosciences.vn\/index.php\/product\/chung-chuan-vi-sinh-dinh-tinh-campylobacter-jejuni-nctc-11322-atcc-29428-2\/#primaryimage","url":"https:\/\/biosciences.vn\/wp-content\/uploads\/2025\/03\/TCS-SELECTROL_01_v1.jpg","contentUrl":"https:\/\/biosciences.vn\/wp-content\/uploads\/2025\/03\/TCS-SELECTROL_01_v1.jpg","width":600,"height":449},{"@type":"BreadcrumbList","@id":"https:\/\/biosciences.vn\/index.php\/product\/chung-chuan-vi-sinh-dinh-tinh-campylobacter-jejuni-nctc-11322-atcc-29428-2\/#breadcrumb","itemListElement":[{"@type":"ListItem","position":1,"name":"Trang ch\u1ee7","item":"https:\/\/biosciences.vn\/index.php\/en\/home\/"},{"@type":"ListItem","position":2,"name":"Shop","item":"https:\/\/biosciences.vn\/index.php\/shop\/"},{"@type":"ListItem","position":3,"name":"Ch\u1ee7ng chu\u1ea9n vi sinh \u0111\u1ecbnh t\u00ednh Candida albicans NCPF\u00ae 3179 \/ ATCC\u00ae 10231"}]},{"@type":"WebSite","@id":"https:\/\/biosciences.vn\/#website","url":"https:\/\/biosciences.vn\/","name":"Biosciences","description":"","publisher":{"@id":"https:\/\/biosciences.vn\/#organization"},"potentialAction":[{"@type":"SearchAction","target":{"@type":"EntryPoint","urlTemplate":"https:\/\/biosciences.vn\/?s={search_term_string}"},"query-input":{"@type":"PropertyValueSpecification","valueRequired":true,"valueName":"search_term_string"}}],"inLanguage":"en-US"},{"@type":"Organization","@id":"https:\/\/biosciences.vn\/#organization","name":"Biosciences","url":"https:\/\/biosciences.vn\/","logo":{"@type":"ImageObject","inLanguage":"en-US","@id":"https:\/\/biosciences.vn\/#\/schema\/logo\/image\/","url":"https:\/\/biosciences.vn\/wp-content\/uploads\/2024\/04\/LOGO-BIOSCIENCES-PNG.png","contentUrl":"https:\/\/biosciences.vn\/wp-content\/uploads\/2024\/04\/LOGO-BIOSCIENCES-PNG.png","width":2536,"height":638,"caption":"Biosciences"},"image":{"@id":"https:\/\/biosciences.vn\/#\/schema\/logo\/image\/"}}]}},"brands":[{"id":644,"name":"TCS Biosciences","slug":"tcs-biosciences-vi"}],"_links":{"self":[{"href":"https:\/\/biosciences.vn\/index.php\/wp-json\/wp\/v2\/product\/6766"}],"collection":[{"href":"https:\/\/biosciences.vn\/index.php\/wp-json\/wp\/v2\/product"}],"about":[{"href":"https:\/\/biosciences.vn\/index.php\/wp-json\/wp\/v2\/types\/product"}],"replies":[{"embeddable":true,"href":"https:\/\/biosciences.vn\/index.php\/wp-json\/wp\/v2\/comments?post=6766"}],"wp:featuredmedia":[{"embeddable":true,"href":"https:\/\/biosciences.vn\/index.php\/wp-json\/wp\/v2\/media\/6710"}],"wp:attachment":[{"href":"https:\/\/biosciences.vn\/index.php\/wp-json\/wp\/v2\/media?parent=6766"}],"wp:term":[{"taxonomy":"pwb-brand","embeddable":true,"href":"https:\/\/biosciences.vn\/index.php\/wp-json\/wp\/v2\/pwb-brand?post=6766"},{"taxonomy":"product_cat","embeddable":true,"href":"https:\/\/biosciences.vn\/index.php\/wp-json\/wp\/v2\/product_cat?post=6766"},{"taxonomy":"product_tag","embeddable":true,"href":"https:\/\/biosciences.vn\/index.php\/wp-json\/wp\/v2\/product_tag?post=6766"}],"curies":[{"name":"wp","href":"https:\/\/api.w.org\/{rel}","templated":true}]}}